{"id":6539,"date":"2026-04-22T19:07:20","date_gmt":"2026-04-22T17:07:20","guid":{"rendered":"https:\/\/www.comunicacionyescuela.es\/2026\/?post_type=tribe_events&#038;p=6539"},"modified":"2026-04-22T19:07:20","modified_gmt":"2026-04-22T17:07:20","slug":"situacion-de-aprendizaje-conoce-un-monumento-de-espana-volando-la-giralda-de-sevilla","status":"publish","type":"tribe_events","link":"https:\/\/www.comunicacionyescuela.es\/2026\/evento\/situacion-de-aprendizaje-conoce-un-monumento-de-espana-volando-la-giralda-de-sevilla\/","title":{"rendered":"Situaci\u00f3n de aprendizaje: \u201cConoce un monumento de Espa\u00f1a, volando: la Giralda de Sevilla\u201d"},"content":{"rendered":"<p>Esta actividad tiene como principal objetivo que un grupo de 25 alumnos\/as que nunca hayan tenido la oportunidad de subir a un avi\u00f3n puedan vivir su primera experiencia de vuelo, conociendo adem\u00e1s un monumento de Espa\u00f1a: la Giralda de Sevilla, y gracias al patrocinio de la compa\u00f1\u00eda a\u00e9rea Volotea.<br \/>\nDirigido al alumnado de Educaci\u00f3n Secundaria<br \/>\nCOLABORA:<br \/>\nAeropuerto de Asturias<br \/>\nPARTICIPAN:<br \/>\nColegio Rural Agrupado Oscos. Santa Eulalia de Oscos<br \/>\nColegio Rural Agrupado R\u00eda del Eo. Vegadeo<br \/>\nColegio La Paloma. Castropol<br \/>\nColegio Jovellanos. Vegadeo<br \/>\nInstituto de Educaci\u00f3n Secundaria Elisa y Luis Villamil<\/p>\n","protected":false},"excerpt":{"rendered":"<p>Esta actividad tiene como principal objetivo que un grupo de 25 alumnos\/as que nunca hayan tenido la oportunidad de subir a un avi\u00f3n puedan vivir su primera experiencia de vuelo, &#8230; <a title=\"Situaci\u00f3n de aprendizaje: \u201cConoce un monumento de Espa\u00f1a, volando: la Giralda de Sevilla\u201d\" class=\"read-more\" href=\"https:\/\/www.comunicacionyescuela.es\/2026\/evento\/situacion-de-aprendizaje-conoce-un-monumento-de-espana-volando-la-giralda-de-sevilla\/\" aria-label=\"Leer m\u00e1s sobre Situaci\u00f3n de aprendizaje: \u201cConoce un monumento de Espa\u00f1a, volando: la Giralda de Sevilla\u201d\">Leer m\u00e1s<\/a><\/p>\n","protected":false},"author":2,"featured_media":0,"template":"","meta":{"ngg_post_thumbnail":0,"_tribe_events_status":"","_tribe_events_status_reason":"","footnotes":""},"tags":[],"tribe_events_cat":[58],"class_list":["post-6539","tribe_events","type-tribe_events","status-publish","hentry","tribe_events_cat-actividades-transversales","cat_actividades-transversales"],"_links":{"self":[{"href":"https:\/\/www.comunicacionyescuela.es\/2026\/wp-json\/wp\/v2\/tribe_events\/6539","targetHints":{"allow":["GET"]}}],"collection":[{"href":"https:\/\/www.comunicacionyescuela.es\/2026\/wp-json\/wp\/v2\/tribe_events"}],"about":[{"href":"https:\/\/www.comunicacionyescuela.es\/2026\/wp-json\/wp\/v2\/types\/tribe_events"}],"author":[{"embeddable":true,"href":"https:\/\/www.comunicacionyescuela.es\/2026\/wp-json\/wp\/v2\/users\/2"}],"version-history":[{"count":1,"href":"https:\/\/www.comunicacionyescuela.es\/2026\/wp-json\/wp\/v2\/tribe_events\/6539\/revisions"}],"predecessor-version":[{"id":6540,"href":"https:\/\/www.comunicacionyescuela.es\/2026\/wp-json\/wp\/v2\/tribe_events\/6539\/revisions\/6540"}],"wp:attachment":[{"href":"https:\/\/www.comunicacionyescuela.es\/2026\/wp-json\/wp\/v2\/media?parent=6539"}],"wp:term":[{"taxonomy":"post_tag","embeddable":true,"href":"https:\/\/www.comunicacionyescuela.es\/2026\/wp-json\/wp\/v2\/tags?post=6539"},{"taxonomy":"tribe_events_cat","embeddable":true,"href":"https:\/\/www.comunicacionyescuela.es\/2026\/wp-json\/wp\/v2\/tribe_events_cat?post=6539"}],"curies":[{"name":"wp","href":"https:\/\/api.w.org\/{rel}","templated":true}]}}

Situación de aprendizaje: “Conoce un monumento de España, volando: la Giralda de Sevilla”

<p>Esta actividad tiene como principal objetivo que un grupo de 25 alumnos/as que nunca hayan tenido la oportunidad de subir a un avión puedan vivir su primera experiencia de vuelo, conociendo además un monumento de España: la Giralda de Sevilla, y gracias al patrocinio de la compañía aérea Volotea.<br />
Dirigido al alumnado de Educación Secundaria<br />
COLABORA:<br />
Aeropuerto de Asturias<br />
PARTICIPAN:<br />
Colegio Rural Agrupado Oscos. Santa Eulalia de Oscos<br />
Colegio Rural Agrupado Ría del Eo. Vegadeo<br />
Colegio La Paloma. Castropol<br />
Colegio Jovellanos. Vegadeo<br />
Instituto de Educación Secundaria Elisa y Luis Villamil</p>

<p>Esta actividad tiene como principal objetivo que un grupo de 25 alumnos/as que nunca hayan tenido la oportunidad de subir a un avión puedan vivir su primera experiencia de vuelo, &#8230; <a title="Situación de aprendizaje: “Conoce un monumento de España, volando: la Giralda de Sevilla”" class="read-more" href="https://www.comunicacionyescuela.es/2026/evento/situacion-de-aprendizaje-conoce-un-monumento-de-espana-volando-la-giralda-de-sevilla/" aria-label="Leer más sobre Situación de aprendizaje: “Conoce un monumento de España, volando: la Giralda de Sevilla”">Leer más</a></p>
