{"id":6537,"date":"2026-04-22T19:06:13","date_gmt":"2026-04-22T17:06:13","guid":{"rendered":"https:\/\/www.comunicacionyescuela.es\/2026\/?post_type=tribe_events&#038;p=6537"},"modified":"2026-04-22T19:06:13","modified_gmt":"2026-04-22T17:06:13","slug":"conferencia-acciones-en-los-aeropuertos-y-transporte-aereo","status":"publish","type":"tribe_events","link":"https:\/\/www.comunicacionyescuela.es\/2026\/evento\/conferencia-acciones-en-los-aeropuertos-y-transporte-aereo\/","title":{"rendered":"Conferencia: \u201cAcciones en los aeropuertos y transporte a\u00e9reo\u201d"},"content":{"rendered":"<p>INTERVIENEN:<br \/>\n<strong>D. Pedro Cotilla Ruiz<\/strong>. Director del Aeropuerto de Asturias Asturias (Aena SME, S.A)<br \/>\n<strong>D. Jos\u00e9 Antonio Leiva Mart\u00ednez<\/strong>. Jefe del Departamento de Operaciones del Aeropuerto de Asturias<br \/>\nPRESENTA:<br \/>\n<strong>D\u00f1a. Mar\u00eda Fern\u00e1ndez Fern\u00e1ndez<\/strong>. Jefa del Departamento de tecnolog\u00eda del Elisa y Luis Villamil<br \/>\nBiblioteca del IES Elisa y Luis Villamil. 13,20 horas<br \/>\nDirigido al alumnado de Educaci\u00f3n Secundaria que vuela por<br \/>\nprimera vez a Sevilla<\/p>\n","protected":false},"excerpt":{"rendered":"<p>INTERVIENEN: D. Pedro Cotilla Ruiz. Director del Aeropuerto de Asturias Asturias (Aena SME, S.A) D. Jos\u00e9 Antonio Leiva Mart\u00ednez. Jefe del Departamento de Operaciones del Aeropuerto de Asturias PRESENTA: D\u00f1a. &#8230; <a title=\"Conferencia: \u201cAcciones en los aeropuertos y transporte a\u00e9reo\u201d\" class=\"read-more\" href=\"https:\/\/www.comunicacionyescuela.es\/2026\/evento\/conferencia-acciones-en-los-aeropuertos-y-transporte-aereo\/\" aria-label=\"Leer m\u00e1s sobre Conferencia: \u201cAcciones en los aeropuertos y transporte a\u00e9reo\u201d\">Leer m\u00e1s<\/a><\/p>\n","protected":false},"author":2,"featured_media":0,"template":"","meta":{"ngg_post_thumbnail":0,"_tribe_events_status":"","_tribe_events_status_reason":"","footnotes":""},"tags":[],"tribe_events_cat":[58],"class_list":["post-6537","tribe_events","type-tribe_events","status-publish","hentry","tribe_events_cat-actividades-transversales","cat_actividades-transversales"],"_links":{"self":[{"href":"https:\/\/www.comunicacionyescuela.es\/2026\/wp-json\/wp\/v2\/tribe_events\/6537","targetHints":{"allow":["GET"]}}],"collection":[{"href":"https:\/\/www.comunicacionyescuela.es\/2026\/wp-json\/wp\/v2\/tribe_events"}],"about":[{"href":"https:\/\/www.comunicacionyescuela.es\/2026\/wp-json\/wp\/v2\/types\/tribe_events"}],"author":[{"embeddable":true,"href":"https:\/\/www.comunicacionyescuela.es\/2026\/wp-json\/wp\/v2\/users\/2"}],"version-history":[{"count":1,"href":"https:\/\/www.comunicacionyescuela.es\/2026\/wp-json\/wp\/v2\/tribe_events\/6537\/revisions"}],"predecessor-version":[{"id":6538,"href":"https:\/\/www.comunicacionyescuela.es\/2026\/wp-json\/wp\/v2\/tribe_events\/6537\/revisions\/6538"}],"wp:attachment":[{"href":"https:\/\/www.comunicacionyescuela.es\/2026\/wp-json\/wp\/v2\/media?parent=6537"}],"wp:term":[{"taxonomy":"post_tag","embeddable":true,"href":"https:\/\/www.comunicacionyescuela.es\/2026\/wp-json\/wp\/v2\/tags?post=6537"},{"taxonomy":"tribe_events_cat","embeddable":true,"href":"https:\/\/www.comunicacionyescuela.es\/2026\/wp-json\/wp\/v2\/tribe_events_cat?post=6537"}],"curies":[{"name":"wp","href":"https:\/\/api.w.org\/{rel}","templated":true}]}}

Conferencia: “Acciones en los aeropuertos y transporte aéreo”

<p>INTERVIENEN:<br />
<strong>D. Pedro Cotilla Ruiz</strong>. Director del Aeropuerto de Asturias Asturias (Aena SME, S.A)<br />
<strong>D. José Antonio Leiva Martínez</strong>. Jefe del Departamento de Operaciones del Aeropuerto de Asturias<br />
PRESENTA:<br />
<strong>Dña. María Fernández Fernández</strong>. Jefa del Departamento de tecnología del Elisa y Luis Villamil<br />
Biblioteca del IES Elisa y Luis Villamil. 13,20 horas<br />
Dirigido al alumnado de Educación Secundaria que vuela por<br />
primera vez a Sevilla</p>

<p>INTERVIENEN: D. Pedro Cotilla Ruiz. Director del Aeropuerto de Asturias Asturias (Aena SME, S.A) D. José Antonio Leiva Martínez. Jefe del Departamento de Operaciones del Aeropuerto de Asturias PRESENTA: Dña. &#8230; <a title="Conferencia: “Acciones en los aeropuertos y transporte aéreo”" class="read-more" href="https://www.comunicacionyescuela.es/2026/evento/conferencia-acciones-en-los-aeropuertos-y-transporte-aereo/" aria-label="Leer más sobre Conferencia: “Acciones en los aeropuertos y transporte aéreo”">Leer más</a></p>
