{"id":6533,"date":"2026-04-22T18:58:04","date_gmt":"2026-04-22T16:58:04","guid":{"rendered":"https:\/\/www.comunicacionyescuela.es\/2026\/?post_type=tribe_events&#038;p=6533"},"modified":"2026-04-22T19:00:11","modified_gmt":"2026-04-22T17:00:11","slug":"situacion-de-aprendizaje-distintas-acciones-en-las-instalaciones-del-aeropuerto-de-asturias-2","status":"publish","type":"tribe_events","link":"https:\/\/www.comunicacionyescuela.es\/2026\/evento\/situacion-de-aprendizaje-distintas-acciones-en-las-instalaciones-del-aeropuerto-de-asturias-2\/","title":{"rendered":"Situaci\u00f3n de aprendizaje: \u201cDistintas acciones en las instalaciones del Aeropuerto de Asturias\u201d"},"content":{"rendered":"<p>Clase pr\u00e1ctica en el Aeropuerto de Asturias en la que el alumnado participante podr\u00e1 conocer c\u00f3mo se desarrolla la actividad en sus dos grandes \u00e1reas (lado tierra y lado aire) vinculadas al transporte a\u00e9reo.<br \/>\nDirigido a los alumnos\/as de Educaci\u00f3n Secundaria y Bachillerato<br \/>\n13 horas<br \/>\n<strong>Acto institucional de homenaje al Aeropuerto de Asturias<\/strong><br \/>\nSe realizar\u00e1 un acto de homenaje al Aeropuerto de Asturias por su contribuci\u00f3n al conocimiento del transporte a\u00e9reo a los estudiantes de Educaci\u00f3n Primaria y Educaci\u00f3n Secundaria que estudian en los centros educativos del medio rural del occidente de Asturias.<br \/>\nAeropuerto de Asturias. Castrill\u00f3n<br \/>\nDirigido a toda la comunidad<\/p>\n","protected":false},"excerpt":{"rendered":"<p>Clase pr\u00e1ctica en el Aeropuerto de Asturias en la que el alumnado participante podr\u00e1 conocer c\u00f3mo se desarrolla la actividad en sus dos grandes \u00e1reas (lado tierra y lado aire) &#8230; <a title=\"Situaci\u00f3n de aprendizaje: \u201cDistintas acciones en las instalaciones del Aeropuerto de Asturias\u201d\" class=\"read-more\" href=\"https:\/\/www.comunicacionyescuela.es\/2026\/evento\/situacion-de-aprendizaje-distintas-acciones-en-las-instalaciones-del-aeropuerto-de-asturias-2\/\" aria-label=\"Leer m\u00e1s sobre Situaci\u00f3n de aprendizaje: \u201cDistintas acciones en las instalaciones del Aeropuerto de Asturias\u201d\">Leer m\u00e1s<\/a><\/p>\n","protected":false},"author":2,"featured_media":0,"template":"","meta":{"ngg_post_thumbnail":0,"_tribe_events_status":"","_tribe_events_status_reason":"","footnotes":""},"tags":[],"tribe_events_cat":[60],"class_list":["post-6533","tribe_events","type-tribe_events","status-publish","hentry","tribe_events_cat-jornada-de-homenaje-del-foro-comunicacion-y-escuela-al-aeropuerto-de-asturias","cat_jornada-de-homenaje-del-foro-comunicacion-y-escuela-al-aeropuerto-de-asturias"],"_links":{"self":[{"href":"https:\/\/www.comunicacionyescuela.es\/2026\/wp-json\/wp\/v2\/tribe_events\/6533","targetHints":{"allow":["GET"]}}],"collection":[{"href":"https:\/\/www.comunicacionyescuela.es\/2026\/wp-json\/wp\/v2\/tribe_events"}],"about":[{"href":"https:\/\/www.comunicacionyescuela.es\/2026\/wp-json\/wp\/v2\/types\/tribe_events"}],"author":[{"embeddable":true,"href":"https:\/\/www.comunicacionyescuela.es\/2026\/wp-json\/wp\/v2\/users\/2"}],"version-history":[{"count":1,"href":"https:\/\/www.comunicacionyescuela.es\/2026\/wp-json\/wp\/v2\/tribe_events\/6533\/revisions"}],"predecessor-version":[{"id":6534,"href":"https:\/\/www.comunicacionyescuela.es\/2026\/wp-json\/wp\/v2\/tribe_events\/6533\/revisions\/6534"}],"wp:attachment":[{"href":"https:\/\/www.comunicacionyescuela.es\/2026\/wp-json\/wp\/v2\/media?parent=6533"}],"wp:term":[{"taxonomy":"post_tag","embeddable":true,"href":"https:\/\/www.comunicacionyescuela.es\/2026\/wp-json\/wp\/v2\/tags?post=6533"},{"taxonomy":"tribe_events_cat","embeddable":true,"href":"https:\/\/www.comunicacionyescuela.es\/2026\/wp-json\/wp\/v2\/tribe_events_cat?post=6533"}],"curies":[{"name":"wp","href":"https:\/\/api.w.org\/{rel}","templated":true}]}}

Situación de aprendizaje: “Distintas acciones en las instalaciones del Aeropuerto de Asturias”

<p>Clase práctica en el Aeropuerto de Asturias en la que el alumnado participante podrá conocer cómo se desarrolla la actividad en sus dos grandes áreas (lado tierra y lado aire) vinculadas al transporte aéreo.<br />
Dirigido a los alumnos/as de Educación Secundaria y Bachillerato<br />
13 horas<br />
<strong>Acto institucional de homenaje al Aeropuerto de Asturias</strong><br />
Se realizará un acto de homenaje al Aeropuerto de Asturias por su contribución al conocimiento del transporte aéreo a los estudiantes de Educación Primaria y Educación Secundaria que estudian en los centros educativos del medio rural del occidente de Asturias.<br />
Aeropuerto de Asturias. Castrillón<br />
Dirigido a toda la comunidad</p>

<p>Clase práctica en el Aeropuerto de Asturias en la que el alumnado participante podrá conocer cómo se desarrolla la actividad en sus dos grandes áreas (lado tierra y lado aire) &#8230; <a title="Situación de aprendizaje: “Distintas acciones en las instalaciones del Aeropuerto de Asturias”" class="read-more" href="https://www.comunicacionyescuela.es/2026/evento/situacion-de-aprendizaje-distintas-acciones-en-las-instalaciones-del-aeropuerto-de-asturias-2/" aria-label="Leer más sobre Situación de aprendizaje: “Distintas acciones en las instalaciones del Aeropuerto de Asturias”">Leer más</a></p>
