{"id":6531,"date":"2026-04-22T18:55:31","date_gmt":"2026-04-22T16:55:31","guid":{"rendered":"https:\/\/www.comunicacionyescuela.es\/2026\/?post_type=tribe_events&#038;p=6531"},"modified":"2026-04-22T19:00:53","modified_gmt":"2026-04-22T17:00:53","slug":"situacion-de-aprendizaje-distintas-acciones-en-las-instalaciones-del-aeropuerto-de-asturias","status":"publish","type":"tribe_events","link":"https:\/\/www.comunicacionyescuela.es\/2026\/evento\/situacion-de-aprendizaje-distintas-acciones-en-las-instalaciones-del-aeropuerto-de-asturias\/","title":{"rendered":"Situaci\u00f3n de Aprendizaje: \u201cDistintas acciones en las instalaciones del Aeropuerto de Asturias\u201d"},"content":{"rendered":"<p>Clase pr\u00e1ctica en el Aeropuerto de Asturias en la que el alumnado participante podr\u00e1 conocer c\u00f3mo se desarrolla la actividad en sus dos grandes \u00e1reas (lado tierra y lado aire) vinculadas al transporte a\u00e9reo.<br \/>\nAeropuerto de Asturias. Castrill\u00f3n<br \/>\nDirigido al alumnado de 6\u00ba de Educaci\u00f3n Primaria y 1\u00ba de<br \/>\nEducaci\u00f3n Secundaria<\/p>\n","protected":false},"excerpt":{"rendered":"<p>Clase pr\u00e1ctica en el Aeropuerto de Asturias en la que el alumnado participante podr\u00e1 conocer c\u00f3mo se desarrolla la actividad en sus dos grandes \u00e1reas (lado tierra y lado aire) &#8230; <a title=\"Situaci\u00f3n de Aprendizaje: \u201cDistintas acciones en las instalaciones del Aeropuerto de Asturias\u201d\" class=\"read-more\" href=\"https:\/\/www.comunicacionyescuela.es\/2026\/evento\/situacion-de-aprendizaje-distintas-acciones-en-las-instalaciones-del-aeropuerto-de-asturias\/\" aria-label=\"Leer m\u00e1s sobre Situaci\u00f3n de Aprendizaje: \u201cDistintas acciones en las instalaciones del Aeropuerto de Asturias\u201d\">Leer m\u00e1s<\/a><\/p>\n","protected":false},"author":2,"featured_media":0,"template":"","meta":{"ngg_post_thumbnail":0,"_tribe_events_status":"","_tribe_events_status_reason":"","footnotes":""},"tags":[],"tribe_events_cat":[59],"class_list":["post-6531","tribe_events","type-tribe_events","status-publish","hentry","tribe_events_cat-jornadas-dedicadas-al-transporte-y-navegacion-aerea-dirigidas-a-estudiantes-del-medio-rural","cat_jornadas-dedicadas-al-transporte-y-navegacion-aerea-dirigidas-a-estudiantes-del-medio-rural"],"_links":{"self":[{"href":"https:\/\/www.comunicacionyescuela.es\/2026\/wp-json\/wp\/v2\/tribe_events\/6531","targetHints":{"allow":["GET"]}}],"collection":[{"href":"https:\/\/www.comunicacionyescuela.es\/2026\/wp-json\/wp\/v2\/tribe_events"}],"about":[{"href":"https:\/\/www.comunicacionyescuela.es\/2026\/wp-json\/wp\/v2\/types\/tribe_events"}],"author":[{"embeddable":true,"href":"https:\/\/www.comunicacionyescuela.es\/2026\/wp-json\/wp\/v2\/users\/2"}],"version-history":[{"count":1,"href":"https:\/\/www.comunicacionyescuela.es\/2026\/wp-json\/wp\/v2\/tribe_events\/6531\/revisions"}],"predecessor-version":[{"id":6532,"href":"https:\/\/www.comunicacionyescuela.es\/2026\/wp-json\/wp\/v2\/tribe_events\/6531\/revisions\/6532"}],"wp:attachment":[{"href":"https:\/\/www.comunicacionyescuela.es\/2026\/wp-json\/wp\/v2\/media?parent=6531"}],"wp:term":[{"taxonomy":"post_tag","embeddable":true,"href":"https:\/\/www.comunicacionyescuela.es\/2026\/wp-json\/wp\/v2\/tags?post=6531"},{"taxonomy":"tribe_events_cat","embeddable":true,"href":"https:\/\/www.comunicacionyescuela.es\/2026\/wp-json\/wp\/v2\/tribe_events_cat?post=6531"}],"curies":[{"name":"wp","href":"https:\/\/api.w.org\/{rel}","templated":true}]}}

Situación de Aprendizaje: “Distintas acciones en las instalaciones del Aeropuerto de Asturias”

<p>Clase práctica en el Aeropuerto de Asturias en la que el alumnado participante podrá conocer cómo se desarrolla la actividad en sus dos grandes áreas (lado tierra y lado aire) vinculadas al transporte aéreo.<br />
Aeropuerto de Asturias. Castrillón<br />
Dirigido al alumnado de 6º de Educación Primaria y 1º de<br />
Educación Secundaria</p>

<p>Clase práctica en el Aeropuerto de Asturias en la que el alumnado participante podrá conocer cómo se desarrolla la actividad en sus dos grandes áreas (lado tierra y lado aire) &#8230; <a title="Situación de Aprendizaje: “Distintas acciones en las instalaciones del Aeropuerto de Asturias”" class="read-more" href="https://www.comunicacionyescuela.es/2026/evento/situacion-de-aprendizaje-distintas-acciones-en-las-instalaciones-del-aeropuerto-de-asturias/" aria-label="Leer más sobre Situación de Aprendizaje: “Distintas acciones en las instalaciones del Aeropuerto de Asturias”">Leer más</a></p>
