{"id":6528,"date":"2026-04-22T18:52:04","date_gmt":"2026-04-22T16:52:04","guid":{"rendered":"https:\/\/www.comunicacionyescuela.es\/2026\/?post_type=tribe_events&#038;p=6528"},"modified":"2026-04-22T18:59:18","modified_gmt":"2026-04-22T16:59:18","slug":"situacion-de-aprendizaje-las-comunicaciones-y-la-vigilancia-como-soporte-al-desarrollo-de-la-navegacion-aerea-en-la-practica","status":"publish","type":"tribe_events","link":"https:\/\/www.comunicacionyescuela.es\/2026\/evento\/situacion-de-aprendizaje-las-comunicaciones-y-la-vigilancia-como-soporte-al-desarrollo-de-la-navegacion-aerea-en-la-practica\/","title":{"rendered":"Situaci\u00f3n de Aprendizaje: \u201cLas comunicaciones y la vigilancia como soporte al desarrollo de la navegaci\u00f3n a\u00e9rea en la pr\u00e1ctica\u201d"},"content":{"rendered":"<p>Terminada la conferencia, los estudiantes asistir\u00e1n a una clase pr\u00e1ctica en la que podr\u00e1n conocer, en las propias instalaciones de la torre de control del Aeropuerto de Asturias, c\u00f3mo se lleva a cabo el seguimiento y vigilancia de la navegaci\u00f3n a\u00e9rea.<br \/>\nAeropuerto de Asturias. Castrill\u00f3n<br \/>\nDirigido al alumnado de 1\u00ba y 2\u00ba de Bachillerato que cursan la asignatura optativas de Tecnolog\u00edas Digitales Aplicadas y Tecnolog\u00eda e Ingenier\u00eda<\/p>\n","protected":false},"excerpt":{"rendered":"<p>Terminada la conferencia, los estudiantes asistir\u00e1n a una clase pr\u00e1ctica en la que podr\u00e1n conocer, en las propias instalaciones de la torre de control del Aeropuerto de Asturias, c\u00f3mo se &#8230; <a title=\"Situaci\u00f3n de Aprendizaje: \u201cLas comunicaciones y la vigilancia como soporte al desarrollo de la navegaci\u00f3n a\u00e9rea en la pr\u00e1ctica\u201d\" class=\"read-more\" href=\"https:\/\/www.comunicacionyescuela.es\/2026\/evento\/situacion-de-aprendizaje-las-comunicaciones-y-la-vigilancia-como-soporte-al-desarrollo-de-la-navegacion-aerea-en-la-practica\/\" aria-label=\"Leer m\u00e1s sobre Situaci\u00f3n de Aprendizaje: \u201cLas comunicaciones y la vigilancia como soporte al desarrollo de la navegaci\u00f3n a\u00e9rea en la pr\u00e1ctica\u201d\">Leer m\u00e1s<\/a><\/p>\n","protected":false},"author":2,"featured_media":0,"template":"","meta":{"ngg_post_thumbnail":0,"_tribe_events_status":"","_tribe_events_status_reason":"","footnotes":""},"tags":[],"tribe_events_cat":[59],"class_list":["post-6528","tribe_events","type-tribe_events","status-publish","hentry","tribe_events_cat-jornadas-dedicadas-al-transporte-y-navegacion-aerea-dirigidas-a-estudiantes-del-medio-rural","cat_jornadas-dedicadas-al-transporte-y-navegacion-aerea-dirigidas-a-estudiantes-del-medio-rural"],"_links":{"self":[{"href":"https:\/\/www.comunicacionyescuela.es\/2026\/wp-json\/wp\/v2\/tribe_events\/6528","targetHints":{"allow":["GET"]}}],"collection":[{"href":"https:\/\/www.comunicacionyescuela.es\/2026\/wp-json\/wp\/v2\/tribe_events"}],"about":[{"href":"https:\/\/www.comunicacionyescuela.es\/2026\/wp-json\/wp\/v2\/types\/tribe_events"}],"author":[{"embeddable":true,"href":"https:\/\/www.comunicacionyescuela.es\/2026\/wp-json\/wp\/v2\/users\/2"}],"version-history":[{"count":1,"href":"https:\/\/www.comunicacionyescuela.es\/2026\/wp-json\/wp\/v2\/tribe_events\/6528\/revisions"}],"predecessor-version":[{"id":6529,"href":"https:\/\/www.comunicacionyescuela.es\/2026\/wp-json\/wp\/v2\/tribe_events\/6528\/revisions\/6529"}],"wp:attachment":[{"href":"https:\/\/www.comunicacionyescuela.es\/2026\/wp-json\/wp\/v2\/media?parent=6528"}],"wp:term":[{"taxonomy":"post_tag","embeddable":true,"href":"https:\/\/www.comunicacionyescuela.es\/2026\/wp-json\/wp\/v2\/tags?post=6528"},{"taxonomy":"tribe_events_cat","embeddable":true,"href":"https:\/\/www.comunicacionyescuela.es\/2026\/wp-json\/wp\/v2\/tribe_events_cat?post=6528"}],"curies":[{"name":"wp","href":"https:\/\/api.w.org\/{rel}","templated":true}]}}

Situación de Aprendizaje: “Las comunicaciones y la vigilancia como soporte al desarrollo de la navegación aérea en la práctica”

<p>Terminada la conferencia, los estudiantes asistirán a una clase práctica en la que podrán conocer, en las propias instalaciones de la torre de control del Aeropuerto de Asturias, cómo se lleva a cabo el seguimiento y vigilancia de la navegación aérea.<br />
Aeropuerto de Asturias. Castrillón<br />
Dirigido al alumnado de 1º y 2º de Bachillerato que cursan la asignatura optativas de Tecnologías Digitales Aplicadas y Tecnología e Ingeniería</p>

<p>Terminada la conferencia, los estudiantes asistirán a una clase práctica en la que podrán conocer, en las propias instalaciones de la torre de control del Aeropuerto de Asturias, cómo se &#8230; <a title="Situación de Aprendizaje: “Las comunicaciones y la vigilancia como soporte al desarrollo de la navegación aérea en la práctica”" class="read-more" href="https://www.comunicacionyescuela.es/2026/evento/situacion-de-aprendizaje-las-comunicaciones-y-la-vigilancia-como-soporte-al-desarrollo-de-la-navegacion-aerea-en-la-practica/" aria-label="Leer más sobre Situación de Aprendizaje: “Las comunicaciones y la vigilancia como soporte al desarrollo de la navegación aérea en la práctica”">Leer más</a></p>
