{"id":6525,"date":"2026-04-22T18:49:11","date_gmt":"2026-04-22T16:49:11","guid":{"rendered":"https:\/\/www.comunicacionyescuela.es\/2026\/?post_type=tribe_events&#038;p=6525"},"modified":"2026-04-22T18:58:54","modified_gmt":"2026-04-22T16:58:54","slug":"conferencia-como-funciona-el-aeropuerto-de-asturias","status":"publish","type":"tribe_events","link":"https:\/\/www.comunicacionyescuela.es\/2026\/evento\/conferencia-como-funciona-el-aeropuerto-de-asturias\/","title":{"rendered":"Conferencia: \u201cC\u00f3mo funciona el Aeropuerto de Asturias\u201d"},"content":{"rendered":"<p>INTERVIENEN:<br \/>\n<strong>D. Pedro Cotilla Ruiz<\/strong>. Director del Aeropuerto de Asturias (Aena SME, S.A)<br \/>\nPRESENTA:<br \/>\n<strong>D\u00f1a. Mar\u00eda Fern\u00e1ndez Fern\u00e1ndez<\/strong>. Jefa del Departamento de Tecnolog\u00eda del Elisa y Luis Villamil<\/p>\n","protected":false},"excerpt":{"rendered":"<p>INTERVIENEN: D. Pedro Cotilla Ruiz. Director del Aeropuerto de Asturias (Aena SME, S.A) PRESENTA: D\u00f1a. Mar\u00eda Fern\u00e1ndez Fern\u00e1ndez. Jefa del Departamento de Tecnolog\u00eda del Elisa y Luis Villamil<\/p>\n","protected":false},"author":2,"featured_media":0,"template":"","meta":{"ngg_post_thumbnail":0,"_tribe_events_status":"","_tribe_events_status_reason":"","footnotes":""},"tags":[],"tribe_events_cat":[59],"class_list":["post-6525","tribe_events","type-tribe_events","status-publish","hentry","tribe_events_cat-jornadas-dedicadas-al-transporte-y-navegacion-aerea-dirigidas-a-estudiantes-del-medio-rural","cat_jornadas-dedicadas-al-transporte-y-navegacion-aerea-dirigidas-a-estudiantes-del-medio-rural"],"_links":{"self":[{"href":"https:\/\/www.comunicacionyescuela.es\/2026\/wp-json\/wp\/v2\/tribe_events\/6525","targetHints":{"allow":["GET"]}}],"collection":[{"href":"https:\/\/www.comunicacionyescuela.es\/2026\/wp-json\/wp\/v2\/tribe_events"}],"about":[{"href":"https:\/\/www.comunicacionyescuela.es\/2026\/wp-json\/wp\/v2\/types\/tribe_events"}],"author":[{"embeddable":true,"href":"https:\/\/www.comunicacionyescuela.es\/2026\/wp-json\/wp\/v2\/users\/2"}],"version-history":[{"count":1,"href":"https:\/\/www.comunicacionyescuela.es\/2026\/wp-json\/wp\/v2\/tribe_events\/6525\/revisions"}],"predecessor-version":[{"id":6526,"href":"https:\/\/www.comunicacionyescuela.es\/2026\/wp-json\/wp\/v2\/tribe_events\/6525\/revisions\/6526"}],"wp:attachment":[{"href":"https:\/\/www.comunicacionyescuela.es\/2026\/wp-json\/wp\/v2\/media?parent=6525"}],"wp:term":[{"taxonomy":"post_tag","embeddable":true,"href":"https:\/\/www.comunicacionyescuela.es\/2026\/wp-json\/wp\/v2\/tags?post=6525"},{"taxonomy":"tribe_events_cat","embeddable":true,"href":"https:\/\/www.comunicacionyescuela.es\/2026\/wp-json\/wp\/v2\/tribe_events_cat?post=6525"}],"curies":[{"name":"wp","href":"https:\/\/api.w.org\/{rel}","templated":true}]}}

Conferencia: “Cómo funciona el Aeropuerto de Asturias”

<p>INTERVIENEN:<br />
<strong>D. Pedro Cotilla Ruiz</strong>. Director del Aeropuerto de Asturias (Aena SME, S.A)<br />
PRESENTA:<br />
<strong>Dña. María Fernández Fernández</strong>. Jefa del Departamento de Tecnología del Elisa y Luis Villamil</p>

<p>INTERVIENEN: D. Pedro Cotilla Ruiz. Director del Aeropuerto de Asturias (Aena SME, S.A) PRESENTA: Dña. María Fernández Fernández. Jefa del Departamento de Tecnología del Elisa y Luis Villamil</p>
