{"id":6515,"date":"2026-04-22T18:34:37","date_gmt":"2026-04-22T16:34:37","guid":{"rendered":"https:\/\/www.comunicacionyescuela.es\/2026\/?post_type=tribe_events&#038;p=6515"},"modified":"2026-04-22T18:40:05","modified_gmt":"2026-04-22T16:40:05","slug":"situacion-de-aprendizaje-la-plataforma-solar-de-almeria-y-la-integracion-cultural-en-ceuta-modelos-de-desarrollo-sostenible-e-inclusivo","status":"publish","type":"tribe_events","link":"https:\/\/www.comunicacionyescuela.es\/2026\/evento\/situacion-de-aprendizaje-la-plataforma-solar-de-almeria-y-la-integracion-cultural-en-ceuta-modelos-de-desarrollo-sostenible-e-inclusivo\/","title":{"rendered":"Situaci\u00f3n de aprendizaje: \u201cLa Plataforma Solar de Almer\u00eda y la integraci\u00f3n cultural en Ceuta: modelos de desarrollo sostenible e inclusivo\u201d"},"content":{"rendered":"<p>Itinerario did\u00e1ctico, de cinco d\u00edas de duraci\u00f3n, en los que se visitar\u00e1 la Plataforma Solar de Almer\u00eda ubicada en el desierto de Las Tabernas (Almer\u00eda), y que ha sido declarada como gran<br \/>\ninstalaci\u00f3n cient\u00edfica europea. Es, adem\u00e1s, un centro de referencia mundial para la investigaci\u00f3n, desarrollo y aplicaci\u00f3n, tanto medioambiental como para producci\u00f3n de energ\u00eda, de las energ\u00edas solares de concentraci\u00f3n. Por su parte, la Ciudad Aut\u00f3noma de Ceuta es reconocida como un modelo de integraci\u00f3n cultural y convivencia intercultural, donde conviven en armon\u00eda cuatro comunidades religiosas principales: cristianos, musulmanes, hebreos e hind\u00faes. En la visita a Ceuta contamos con la colaboraci\u00f3n del Gobierno de la Ciudad Aut\u00f3noma de Ceuta<br \/>\nDirigido a alumnado de 2\u00ba de Bachillerato del IES Marqu\u00e9s de<br \/>\nCasariego, IES Galileo Galilei, CPEB Carlos Bouso\u00f1o, IES<br \/>\nCarmen y Severo Ochoa, IES Elisa y Luis Villamil<br \/>\nCOLABORAN:<br \/>\nGobierno de la Ciudad Aut\u00f3noma de Ceuta, Plataforma Solar<br \/>\nde Almer\u00eda<br \/>\nNota: Oportunamente, se dar\u00e1 a conocer a trav\u00e9s de la p\u00e1gina<br \/>\nweb y de las redes sociales del Foro Comunicaci\u00f3n y Escuela la<br \/>\nprogramaci\u00f3n \u00edntegra de este itinerario did\u00e1ctico.<br \/>\nPARTICIPAN:<br \/>\nCEPEB Carlos Bouso\u00f1o. Boal<br \/>\nColegio Rural Agrupado R\u00eda del Eo. Vegadeo<br \/>\nColegio Rural Agrupado Oscos. Santa Eulalia de Oscos<br \/>\nColegio Jovellanos. Vegadeo<br \/>\nColegio La Paloma. Castropol<br \/>\nIES Carmen y Severo Ochoa. Luarca<br \/>\nIES Galileo Galilei. Navia<br \/>\nIES Marqu\u00e9s de Casariego. Tapia de Casariego<br \/>\nIES Elisa y Luis Villamil. Vegadeo<br \/>\nFundaci\u00f3n EDES. Tapia de Casariego<\/p>\n","protected":false},"excerpt":{"rendered":"<p>Itinerario did\u00e1ctico, de cinco d\u00edas de duraci\u00f3n, en los que se visitar\u00e1 la Plataforma Solar de Almer\u00eda ubicada en el desierto de Las Tabernas (Almer\u00eda), y que ha sido declarada &#8230; <a title=\"Situaci\u00f3n de aprendizaje: \u201cLa Plataforma Solar de Almer\u00eda y la integraci\u00f3n cultural en Ceuta: modelos de desarrollo sostenible e inclusivo\u201d\" class=\"read-more\" href=\"https:\/\/www.comunicacionyescuela.es\/2026\/evento\/situacion-de-aprendizaje-la-plataforma-solar-de-almeria-y-la-integracion-cultural-en-ceuta-modelos-de-desarrollo-sostenible-e-inclusivo\/\" aria-label=\"Leer m\u00e1s sobre Situaci\u00f3n de aprendizaje: \u201cLa Plataforma Solar de Almer\u00eda y la integraci\u00f3n cultural en Ceuta: modelos de desarrollo sostenible e inclusivo\u201d\">Leer m\u00e1s<\/a><\/p>\n","protected":false},"author":2,"featured_media":0,"template":"","meta":{"ngg_post_thumbnail":0,"_tribe_events_status":"","_tribe_events_status_reason":"","footnotes":""},"tags":[],"tribe_events_cat":[57],"class_list":["post-6515","tribe_events","type-tribe_events","status-publish","hentry","tribe_events_cat-situacion-de-aprendizaje-proyecto-de-norte-a-sur-desarrollo-sostenible-e-integracion-cultural","cat_situacion-de-aprendizaje-proyecto-de-norte-a-sur-desarrollo-sostenible-e-integracion-cultural"],"_links":{"self":[{"href":"https:\/\/www.comunicacionyescuela.es\/2026\/wp-json\/wp\/v2\/tribe_events\/6515","targetHints":{"allow":["GET"]}}],"collection":[{"href":"https:\/\/www.comunicacionyescuela.es\/2026\/wp-json\/wp\/v2\/tribe_events"}],"about":[{"href":"https:\/\/www.comunicacionyescuela.es\/2026\/wp-json\/wp\/v2\/types\/tribe_events"}],"author":[{"embeddable":true,"href":"https:\/\/www.comunicacionyescuela.es\/2026\/wp-json\/wp\/v2\/users\/2"}],"version-history":[{"count":1,"href":"https:\/\/www.comunicacionyescuela.es\/2026\/wp-json\/wp\/v2\/tribe_events\/6515\/revisions"}],"predecessor-version":[{"id":6516,"href":"https:\/\/www.comunicacionyescuela.es\/2026\/wp-json\/wp\/v2\/tribe_events\/6515\/revisions\/6516"}],"wp:attachment":[{"href":"https:\/\/www.comunicacionyescuela.es\/2026\/wp-json\/wp\/v2\/media?parent=6515"}],"wp:term":[{"taxonomy":"post_tag","embeddable":true,"href":"https:\/\/www.comunicacionyescuela.es\/2026\/wp-json\/wp\/v2\/tags?post=6515"},{"taxonomy":"tribe_events_cat","embeddable":true,"href":"https:\/\/www.comunicacionyescuela.es\/2026\/wp-json\/wp\/v2\/tribe_events_cat?post=6515"}],"curies":[{"name":"wp","href":"https:\/\/api.w.org\/{rel}","templated":true}]}}

Situación de aprendizaje: “La Plataforma Solar de Almería y la integración cultural en Ceuta: modelos de desarrollo sostenible e inclusivo”

<p>Itinerario didáctico, de cinco días de duración, en los que se visitará la Plataforma Solar de Almería ubicada en el desierto de Las Tabernas (Almería), y que ha sido declarada como gran<br />
instalación científica europea. Es, además, un centro de referencia mundial para la investigación, desarrollo y aplicación, tanto medioambiental como para producción de energía, de las energías solares de concentración. Por su parte, la Ciudad Autónoma de Ceuta es reconocida como un modelo de integración cultural y convivencia intercultural, donde conviven en armonía cuatro comunidades religiosas principales: cristianos, musulmanes, hebreos e hindúes. En la visita a Ceuta contamos con la colaboración del Gobierno de la Ciudad Autónoma de Ceuta<br />
Dirigido a alumnado de 2º de Bachillerato del IES Marqués de<br />
Casariego, IES Galileo Galilei, CPEB Carlos Bousoño, IES<br />
Carmen y Severo Ochoa, IES Elisa y Luis Villamil<br />
COLABORAN:<br />
Gobierno de la Ciudad Autónoma de Ceuta, Plataforma Solar<br />
de Almería<br />
Nota: Oportunamente, se dará a conocer a través de la página<br />
web y de las redes sociales del Foro Comunicación y Escuela la<br />
programación íntegra de este itinerario didáctico.<br />
PARTICIPAN:<br />
CEPEB Carlos Bousoño. Boal<br />
Colegio Rural Agrupado Ría del Eo. Vegadeo<br />
Colegio Rural Agrupado Oscos. Santa Eulalia de Oscos<br />
Colegio Jovellanos. Vegadeo<br />
Colegio La Paloma. Castropol<br />
IES Carmen y Severo Ochoa. Luarca<br />
IES Galileo Galilei. Navia<br />
IES Marqués de Casariego. Tapia de Casariego<br />
IES Elisa y Luis Villamil. Vegadeo<br />
Fundación EDES. Tapia de Casariego</p>

<p>Itinerario didáctico, de cinco días de duración, en los que se visitará la Plataforma Solar de Almería ubicada en el desierto de Las Tabernas (Almería), y que ha sido declarada &#8230; <a title="Situación de aprendizaje: “La Plataforma Solar de Almería y la integración cultural en Ceuta: modelos de desarrollo sostenible e inclusivo”" class="read-more" href="https://www.comunicacionyescuela.es/2026/evento/situacion-de-aprendizaje-la-plataforma-solar-de-almeria-y-la-integracion-cultural-en-ceuta-modelos-de-desarrollo-sostenible-e-inclusivo/" aria-label="Leer más sobre Situación de aprendizaje: “La Plataforma Solar de Almería y la integración cultural en Ceuta: modelos de desarrollo sostenible e inclusivo”">Leer más</a></p>
