{"id":6509,"date":"2026-04-22T18:28:25","date_gmt":"2026-04-22T16:28:25","guid":{"rendered":"https:\/\/www.comunicacionyescuela.es\/2026\/?post_type=tribe_events&#038;p=6509"},"modified":"2026-04-22T18:36:35","modified_gmt":"2026-04-22T16:36:35","slug":"encuentro-con-expertos-aulas-en-la-orilla-marea-escolar-por-el-medio-ambiente","status":"publish","type":"tribe_events","link":"https:\/\/www.comunicacionyescuela.es\/2026\/evento\/encuentro-con-expertos-aulas-en-la-orilla-marea-escolar-por-el-medio-ambiente\/","title":{"rendered":"Encuentro con expertos: \u201cAulas en la orilla: marea escolar por el medio ambiente\u201d"},"content":{"rendered":"<p>Taller: \u201cGuardianes de la playa: qu\u00e9 contamina nuestro litoral y c\u00f3mo evitarlo\u201d<br \/>\nINTERVIENE:<br \/>\n<strong>D\u00f1a. Patricia P\u00e9rez Leal<\/strong>. Bi\u00f3loga Marina<br \/>\nPRESENTAN:<br \/>\n<strong>D. Aleixo Guti\u00e9rrez Mon<\/strong>. Profesor del Colegio Jovellanos y coordinador del programa PROA<br \/>\n<strong>D. Sergio Prieto Ya\u00f1ez<\/strong>. Profesor de la Fundaci\u00f3n EDES<br \/>\nAula Taller del Colegio Jovellanos<br \/>\nDirigido a alumnado del Colegio Jovellanos, Fundaci\u00f3n EDES<\/p>\n","protected":false},"excerpt":{"rendered":"<p>Taller: \u201cGuardianes de la playa: qu\u00e9 contamina nuestro litoral y c\u00f3mo evitarlo\u201d INTERVIENE: D\u00f1a. Patricia P\u00e9rez Leal. Bi\u00f3loga Marina PRESENTAN: D. Aleixo Guti\u00e9rrez Mon. Profesor del Colegio Jovellanos y coordinador &#8230; <a title=\"Encuentro con expertos: \u201cAulas en la orilla: marea escolar por el medio ambiente\u201d\" class=\"read-more\" href=\"https:\/\/www.comunicacionyescuela.es\/2026\/evento\/encuentro-con-expertos-aulas-en-la-orilla-marea-escolar-por-el-medio-ambiente\/\" aria-label=\"Leer m\u00e1s sobre Encuentro con expertos: \u201cAulas en la orilla: marea escolar por el medio ambiente\u201d\">Leer m\u00e1s<\/a><\/p>\n","protected":false},"author":2,"featured_media":0,"template":"","meta":{"ngg_post_thumbnail":0,"_tribe_events_status":"","_tribe_events_status_reason":"","footnotes":""},"tags":[],"tribe_events_cat":[54],"class_list":["post-6509","tribe_events","type-tribe_events","status-publish","hentry","tribe_events_cat-situacion-de-aprendizaje-proyecto-la-apicultura-en-el-occidente-de-asturias","cat_situacion-de-aprendizaje-proyecto-la-apicultura-en-el-occidente-de-asturias"],"_links":{"self":[{"href":"https:\/\/www.comunicacionyescuela.es\/2026\/wp-json\/wp\/v2\/tribe_events\/6509","targetHints":{"allow":["GET"]}}],"collection":[{"href":"https:\/\/www.comunicacionyescuela.es\/2026\/wp-json\/wp\/v2\/tribe_events"}],"about":[{"href":"https:\/\/www.comunicacionyescuela.es\/2026\/wp-json\/wp\/v2\/types\/tribe_events"}],"author":[{"embeddable":true,"href":"https:\/\/www.comunicacionyescuela.es\/2026\/wp-json\/wp\/v2\/users\/2"}],"version-history":[{"count":1,"href":"https:\/\/www.comunicacionyescuela.es\/2026\/wp-json\/wp\/v2\/tribe_events\/6509\/revisions"}],"predecessor-version":[{"id":6510,"href":"https:\/\/www.comunicacionyescuela.es\/2026\/wp-json\/wp\/v2\/tribe_events\/6509\/revisions\/6510"}],"wp:attachment":[{"href":"https:\/\/www.comunicacionyescuela.es\/2026\/wp-json\/wp\/v2\/media?parent=6509"}],"wp:term":[{"taxonomy":"post_tag","embeddable":true,"href":"https:\/\/www.comunicacionyescuela.es\/2026\/wp-json\/wp\/v2\/tags?post=6509"},{"taxonomy":"tribe_events_cat","embeddable":true,"href":"https:\/\/www.comunicacionyescuela.es\/2026\/wp-json\/wp\/v2\/tribe_events_cat?post=6509"}],"curies":[{"name":"wp","href":"https:\/\/api.w.org\/{rel}","templated":true}]}}

<p>Taller: “Guardianes de la playa: qué contamina nuestro litoral y cómo evitarlo”<br />
INTERVIENE:<br />
<strong>Dña. Patricia Pérez Leal</strong>. Bióloga Marina<br />
PRESENTAN:<br />
<strong>D. Aleixo Gutiérrez Mon</strong>. Profesor del Colegio Jovellanos y coordinador del programa PROA<br />
<strong>D. Sergio Prieto Yañez</strong>. Profesor de la Fundación EDES<br />
Aula Taller del Colegio Jovellanos<br />
Dirigido a alumnado del Colegio Jovellanos, Fundación EDES</p>

<p>Taller: “Guardianes de la playa: qué contamina nuestro litoral y cómo evitarlo” INTERVIENE: Dña. Patricia Pérez Leal. Bióloga Marina PRESENTAN: D. Aleixo Gutiérrez Mon. Profesor del Colegio Jovellanos y coordinador &#8230; <a title="Encuentro con expertos: “Aulas en la orilla: marea escolar por el medio ambiente”" class="read-more" href="https://www.comunicacionyescuela.es/2026/evento/encuentro-con-expertos-aulas-en-la-orilla-marea-escolar-por-el-medio-ambiente/" aria-label="Leer más sobre Encuentro con expertos: “Aulas en la orilla: marea escolar por el medio ambiente”">Leer más</a></p>
