{"id":6505,"date":"2026-04-22T18:24:18","date_gmt":"2026-04-22T16:24:18","guid":{"rendered":"https:\/\/www.comunicacionyescuela.es\/2026\/?post_type=tribe_events&#038;p=6505"},"modified":"2026-04-22T18:24:18","modified_gmt":"2026-04-22T16:24:18","slug":"encuentro-con-expertos-proyecto-de-norte-a-sur-desarrollo-sostenible-e-integracion-cultural-2","status":"publish","type":"tribe_events","link":"https:\/\/www.comunicacionyescuela.es\/2026\/evento\/encuentro-con-expertos-proyecto-de-norte-a-sur-desarrollo-sostenible-e-integracion-cultural-2\/","title":{"rendered":"Encuentro con expertos: \u201cProyecto de norte a sur: desarrollo sostenible e integraci\u00f3n cultural\u201d"},"content":{"rendered":"<p>INTERVIENEN:<br \/>\n<strong>D. Sixto Malato Rodr\u00edguez<\/strong>. Profesor investigador del CIEMAT. Investigador de la Plataforma Solar de Almer\u00eda (PSA)<br \/>\n<strong>D. V\u00edctor de la Pe\u00f1a O\u2019Shea<\/strong>. Jefe de la Unidad de Procesos Fotoactivados de IMDEA Energ\u00eda<br \/>\nPRESENTAN:<br \/>\n<strong>D\u00f1a. Mercedes Mart\u00ednez \u00c1lvarez<\/strong>. Directora del IES Elisa y Luis Villamil<br \/>\n<strong>D. Javier E. Candela Hidalgo<\/strong>. Jefe del Departamento de Tecnolog\u00eda del IES Marqu\u00e9s de Casariego<br \/>\nBiblioteca del IES Elisa y Luis Villamil<br \/>\nDirigido a alumnado de 1\u00ba de Bachillerato del IES Marqu\u00e9s de<br \/>\nCasariego, IES Elisa y Luis Villamil<\/p>\n","protected":false},"excerpt":{"rendered":"<p>INTERVIENEN: D. Sixto Malato Rodr\u00edguez. Profesor investigador del CIEMAT. Investigador de la Plataforma Solar de Almer\u00eda (PSA) D. V\u00edctor de la Pe\u00f1a O\u2019Shea. Jefe de la Unidad de Procesos Fotoactivados &#8230; <a title=\"Encuentro con expertos: \u201cProyecto de norte a sur: desarrollo sostenible e integraci\u00f3n cultural\u201d\" class=\"read-more\" href=\"https:\/\/www.comunicacionyescuela.es\/2026\/evento\/encuentro-con-expertos-proyecto-de-norte-a-sur-desarrollo-sostenible-e-integracion-cultural-2\/\" aria-label=\"Leer m\u00e1s sobre Encuentro con expertos: \u201cProyecto de norte a sur: desarrollo sostenible e integraci\u00f3n cultural\u201d\">Leer m\u00e1s<\/a><\/p>\n","protected":false},"author":2,"featured_media":0,"template":"","meta":{"ngg_post_thumbnail":0,"_tribe_events_status":"","_tribe_events_status_reason":"","footnotes":""},"tags":[],"tribe_events_cat":[53],"class_list":["post-6505","tribe_events","type-tribe_events","status-publish","hentry","tribe_events_cat-encuentro-con-expertos","cat_encuentro-con-expertos"],"_links":{"self":[{"href":"https:\/\/www.comunicacionyescuela.es\/2026\/wp-json\/wp\/v2\/tribe_events\/6505","targetHints":{"allow":["GET"]}}],"collection":[{"href":"https:\/\/www.comunicacionyescuela.es\/2026\/wp-json\/wp\/v2\/tribe_events"}],"about":[{"href":"https:\/\/www.comunicacionyescuela.es\/2026\/wp-json\/wp\/v2\/types\/tribe_events"}],"author":[{"embeddable":true,"href":"https:\/\/www.comunicacionyescuela.es\/2026\/wp-json\/wp\/v2\/users\/2"}],"version-history":[{"count":1,"href":"https:\/\/www.comunicacionyescuela.es\/2026\/wp-json\/wp\/v2\/tribe_events\/6505\/revisions"}],"predecessor-version":[{"id":6506,"href":"https:\/\/www.comunicacionyescuela.es\/2026\/wp-json\/wp\/v2\/tribe_events\/6505\/revisions\/6506"}],"wp:attachment":[{"href":"https:\/\/www.comunicacionyescuela.es\/2026\/wp-json\/wp\/v2\/media?parent=6505"}],"wp:term":[{"taxonomy":"post_tag","embeddable":true,"href":"https:\/\/www.comunicacionyescuela.es\/2026\/wp-json\/wp\/v2\/tags?post=6505"},{"taxonomy":"tribe_events_cat","embeddable":true,"href":"https:\/\/www.comunicacionyescuela.es\/2026\/wp-json\/wp\/v2\/tribe_events_cat?post=6505"}],"curies":[{"name":"wp","href":"https:\/\/api.w.org\/{rel}","templated":true}]}}

Encuentro con expertos: “Proyecto de norte a sur: desarrollo sostenible e integración cultural”

<p>INTERVIENEN:<br />
<strong>D. Sixto Malato Rodríguez</strong>. Profesor investigador del CIEMAT. Investigador de la Plataforma Solar de Almería (PSA)<br />
<strong>D. Víctor de la Peña O’Shea</strong>. Jefe de la Unidad de Procesos Fotoactivados de IMDEA Energía<br />
PRESENTAN:<br />
<strong>Dña. Mercedes Martínez Álvarez</strong>. Directora del IES Elisa y Luis Villamil<br />
<strong>D. Javier E. Candela Hidalgo</strong>. Jefe del Departamento de Tecnología del IES Marqués de Casariego<br />
Biblioteca del IES Elisa y Luis Villamil<br />
Dirigido a alumnado de 1º de Bachillerato del IES Marqués de<br />
Casariego, IES Elisa y Luis Villamil</p>

<p>INTERVIENEN: D. Sixto Malato Rodríguez. Profesor investigador del CIEMAT. Investigador de la Plataforma Solar de Almería (PSA) D. Víctor de la Peña O’Shea. Jefe de la Unidad de Procesos Fotoactivados &#8230; <a title="Encuentro con expertos: “Proyecto de norte a sur: desarrollo sostenible e integración cultural”" class="read-more" href="https://www.comunicacionyescuela.es/2026/evento/encuentro-con-expertos-proyecto-de-norte-a-sur-desarrollo-sostenible-e-integracion-cultural-2/" aria-label="Leer más sobre Encuentro con expertos: “Proyecto de norte a sur: desarrollo sostenible e integración cultural”">Leer más</a></p>
