{"id":6503,"date":"2026-04-22T18:21:45","date_gmt":"2026-04-22T16:21:45","guid":{"rendered":"https:\/\/www.comunicacionyescuela.es\/2026\/?post_type=tribe_events&#038;p=6503"},"modified":"2026-04-22T18:21:45","modified_gmt":"2026-04-22T16:21:45","slug":"encuentro-con-expertos-proyecto-de-norte-a-sur-desarrollo-sostenible-e-integracion-cultural","status":"publish","type":"tribe_events","link":"https:\/\/www.comunicacionyescuela.es\/2026\/evento\/encuentro-con-expertos-proyecto-de-norte-a-sur-desarrollo-sostenible-e-integracion-cultural\/","title":{"rendered":"Encuentro con expertos: \u201cProyecto de norte a sur: desarrollo sostenible e integraci\u00f3n cultural\u201d"},"content":{"rendered":"<p>INTERVIENEN:<br \/>\n<strong>D\u00f1a. Pilar Orozco Valverde<\/strong>. Consejera de Educaci\u00f3n, Cultura, Deporte y Juventud del Gobierno de la Ciudad Aut\u00f3noma de Ceuta<br \/>\n<strong>D. Jos\u00e9 Manuel Prieto Fern\u00e1ndez del Viso<\/strong>. Profesor de la Universidad de Oviedo<br \/>\nPRESENTAN:<br \/>\n<strong>D. Rodrigo Carlos Garc\u00eda Maturana<\/strong>. Jefe del Departamento de Geograf\u00eda e Historia del IES Galileo Galilei<br \/>\n<strong>D. Jes\u00fas Manuel Fern\u00e1ndez Fern\u00e1ndez<\/strong>. Director del IES Carmen y Severo Ochoa<br \/>\n<strong>D. Pablo P\u00e9rez Garc\u00eda<\/strong>. Jefe del Departamento del \u00c1mbito Socioling\u00fc\u00edstico del CEPEB Carlos Bouso\u00f1o<br \/>\nAula V16. Edificio de Bachillerato<br \/>\nDirigido a alumnado de 1\u00ba de Bachillerato del IES Galileo Galilei,<br \/>\nIES Carmen y Severo Ochoa, CPEB Carlos Bouso\u00f1o<\/p>\n","protected":false},"excerpt":{"rendered":"<p>INTERVIENEN: D\u00f1a. Pilar Orozco Valverde. Consejera de Educaci\u00f3n, Cultura, Deporte y Juventud del Gobierno de la Ciudad Aut\u00f3noma de Ceuta D. Jos\u00e9 Manuel Prieto Fern\u00e1ndez del Viso. Profesor de la &#8230; <a title=\"Encuentro con expertos: \u201cProyecto de norte a sur: desarrollo sostenible e integraci\u00f3n cultural\u201d\" class=\"read-more\" href=\"https:\/\/www.comunicacionyescuela.es\/2026\/evento\/encuentro-con-expertos-proyecto-de-norte-a-sur-desarrollo-sostenible-e-integracion-cultural\/\" aria-label=\"Leer m\u00e1s sobre Encuentro con expertos: \u201cProyecto de norte a sur: desarrollo sostenible e integraci\u00f3n cultural\u201d\">Leer m\u00e1s<\/a><\/p>\n","protected":false},"author":2,"featured_media":0,"template":"","meta":{"ngg_post_thumbnail":0,"_tribe_events_status":"","_tribe_events_status_reason":"","footnotes":""},"tags":[],"tribe_events_cat":[53],"class_list":["post-6503","tribe_events","type-tribe_events","status-publish","hentry","tribe_events_cat-encuentro-con-expertos","cat_encuentro-con-expertos"],"_links":{"self":[{"href":"https:\/\/www.comunicacionyescuela.es\/2026\/wp-json\/wp\/v2\/tribe_events\/6503","targetHints":{"allow":["GET"]}}],"collection":[{"href":"https:\/\/www.comunicacionyescuela.es\/2026\/wp-json\/wp\/v2\/tribe_events"}],"about":[{"href":"https:\/\/www.comunicacionyescuela.es\/2026\/wp-json\/wp\/v2\/types\/tribe_events"}],"author":[{"embeddable":true,"href":"https:\/\/www.comunicacionyescuela.es\/2026\/wp-json\/wp\/v2\/users\/2"}],"version-history":[{"count":1,"href":"https:\/\/www.comunicacionyescuela.es\/2026\/wp-json\/wp\/v2\/tribe_events\/6503\/revisions"}],"predecessor-version":[{"id":6504,"href":"https:\/\/www.comunicacionyescuela.es\/2026\/wp-json\/wp\/v2\/tribe_events\/6503\/revisions\/6504"}],"wp:attachment":[{"href":"https:\/\/www.comunicacionyescuela.es\/2026\/wp-json\/wp\/v2\/media?parent=6503"}],"wp:term":[{"taxonomy":"post_tag","embeddable":true,"href":"https:\/\/www.comunicacionyescuela.es\/2026\/wp-json\/wp\/v2\/tags?post=6503"},{"taxonomy":"tribe_events_cat","embeddable":true,"href":"https:\/\/www.comunicacionyescuela.es\/2026\/wp-json\/wp\/v2\/tribe_events_cat?post=6503"}],"curies":[{"name":"wp","href":"https:\/\/api.w.org\/{rel}","templated":true}]}}

Encuentro con expertos: “Proyecto de norte a sur: desarrollo sostenible e integración cultural”

<p>INTERVIENEN:<br />
<strong>Dña. Pilar Orozco Valverde</strong>. Consejera de Educación, Cultura, Deporte y Juventud del Gobierno de la Ciudad Autónoma de Ceuta<br />
<strong>D. José Manuel Prieto Fernández del Viso</strong>. Profesor de la Universidad de Oviedo<br />
PRESENTAN:<br />
<strong>D. Rodrigo Carlos García Maturana</strong>. Jefe del Departamento de Geografía e Historia del IES Galileo Galilei<br />
<strong>D. Jesús Manuel Fernández Fernández</strong>. Director del IES Carmen y Severo Ochoa<br />
<strong>D. Pablo Pérez García</strong>. Jefe del Departamento del Ámbito Sociolingüístico del CEPEB Carlos Bousoño<br />
Aula V16. Edificio de Bachillerato<br />
Dirigido a alumnado de 1º de Bachillerato del IES Galileo Galilei,<br />
IES Carmen y Severo Ochoa, CPEB Carlos Bousoño</p>

<p>INTERVIENEN: Dña. Pilar Orozco Valverde. Consejera de Educación, Cultura, Deporte y Juventud del Gobierno de la Ciudad Autónoma de Ceuta D. José Manuel Prieto Fernández del Viso. Profesor de la &#8230; <a title="Encuentro con expertos: “Proyecto de norte a sur: desarrollo sostenible e integración cultural”" class="read-more" href="https://www.comunicacionyescuela.es/2026/evento/encuentro-con-expertos-proyecto-de-norte-a-sur-desarrollo-sostenible-e-integracion-cultural/" aria-label="Leer más sobre Encuentro con expertos: “Proyecto de norte a sur: desarrollo sostenible e integración cultural”">Leer más</a></p>
