{"id":6501,"date":"2026-04-22T18:19:45","date_gmt":"2026-04-22T16:19:45","guid":{"rendered":"https:\/\/www.comunicacionyescuela.es\/2026\/?post_type=tribe_events&#038;p=6501"},"modified":"2026-04-22T18:19:45","modified_gmt":"2026-04-22T16:19:45","slug":"encuentro-con-expertos-la-apicultura-en-el-occidente-de-asturias","status":"publish","type":"tribe_events","link":"https:\/\/www.comunicacionyescuela.es\/2026\/evento\/encuentro-con-expertos-la-apicultura-en-el-occidente-de-asturias\/","title":{"rendered":"Encuentro con expertos: \u201cLa apicultura en el occidente de Asturias\u201d"},"content":{"rendered":"<p>INTERVIENEN:<br \/>\n<strong>D. Adri\u00e1n Fl\u00f3rez Collar<\/strong>. Apicultor de Floreziendo Miel y patrimonio Muniellos<br \/>\n<strong>D. Alberto Ur\u00eda Moreno<\/strong>. Apicultor. Investigador y creador del Ecomuseo El Pa\u00eds del Abeyeiro<br \/>\n<strong>D. Jos\u00e9 Manuel Pardo M\u00e9ndez<\/strong>. Apicultor de Miel el Siar\u00edn<br \/>\nPRESENTAN:<br \/>\n<strong>D. Alejandro Sanjurjo Gonz\u00e1lez<\/strong>. Profesor del Colegio La Paloma<br \/>\n<strong>D\u00f1a. Noelia Sanjurjo Gonz\u00e1lez<\/strong>. Profesora del CRA Oscos<br \/>\n<strong>D. Pablo<\/strong>. Profesor del CPEB Carlos Bouso\u00f1o<br \/>\nAula de Educaci\u00f3n F\u00edsica<br \/>\nDirigido al alumnado de 6\u00ba de Educaci\u00f3n Primaria del Colegio La<br \/>\nPaloma, CRA Oscos y CPEB Carlos Bouso\u00f1o<\/p>\n","protected":false},"excerpt":{"rendered":"<p>INTERVIENEN: D. Adri\u00e1n Fl\u00f3rez Collar. Apicultor de Floreziendo Miel y patrimonio Muniellos D. Alberto Ur\u00eda Moreno. Apicultor. Investigador y creador del Ecomuseo El Pa\u00eds del Abeyeiro D. Jos\u00e9 Manuel Pardo &#8230; <a title=\"Encuentro con expertos: \u201cLa apicultura en el occidente de Asturias\u201d\" class=\"read-more\" href=\"https:\/\/www.comunicacionyescuela.es\/2026\/evento\/encuentro-con-expertos-la-apicultura-en-el-occidente-de-asturias\/\" aria-label=\"Leer m\u00e1s sobre Encuentro con expertos: \u201cLa apicultura en el occidente de Asturias\u201d\">Leer m\u00e1s<\/a><\/p>\n","protected":false},"author":2,"featured_media":0,"template":"","meta":{"ngg_post_thumbnail":0,"_tribe_events_status":"","_tribe_events_status_reason":"","footnotes":""},"tags":[],"tribe_events_cat":[52],"class_list":["post-6501","tribe_events","type-tribe_events","status-publish","hentry","tribe_events_cat-proyecto-del-aula-al-territorio-aprender-investigando","cat_proyecto-del-aula-al-territorio-aprender-investigando"],"_links":{"self":[{"href":"https:\/\/www.comunicacionyescuela.es\/2026\/wp-json\/wp\/v2\/tribe_events\/6501","targetHints":{"allow":["GET"]}}],"collection":[{"href":"https:\/\/www.comunicacionyescuela.es\/2026\/wp-json\/wp\/v2\/tribe_events"}],"about":[{"href":"https:\/\/www.comunicacionyescuela.es\/2026\/wp-json\/wp\/v2\/types\/tribe_events"}],"author":[{"embeddable":true,"href":"https:\/\/www.comunicacionyescuela.es\/2026\/wp-json\/wp\/v2\/users\/2"}],"version-history":[{"count":1,"href":"https:\/\/www.comunicacionyescuela.es\/2026\/wp-json\/wp\/v2\/tribe_events\/6501\/revisions"}],"predecessor-version":[{"id":6502,"href":"https:\/\/www.comunicacionyescuela.es\/2026\/wp-json\/wp\/v2\/tribe_events\/6501\/revisions\/6502"}],"wp:attachment":[{"href":"https:\/\/www.comunicacionyescuela.es\/2026\/wp-json\/wp\/v2\/media?parent=6501"}],"wp:term":[{"taxonomy":"post_tag","embeddable":true,"href":"https:\/\/www.comunicacionyescuela.es\/2026\/wp-json\/wp\/v2\/tags?post=6501"},{"taxonomy":"tribe_events_cat","embeddable":true,"href":"https:\/\/www.comunicacionyescuela.es\/2026\/wp-json\/wp\/v2\/tribe_events_cat?post=6501"}],"curies":[{"name":"wp","href":"https:\/\/api.w.org\/{rel}","templated":true}]}}

<p>INTERVIENEN:<br />
<strong>D. Adrián Flórez Collar</strong>. Apicultor de Floreziendo Miel y patrimonio Muniellos<br />
<strong>D. Alberto Uría Moreno</strong>. Apicultor. Investigador y creador del Ecomuseo El País del Abeyeiro<br />
<strong>D. José Manuel Pardo Méndez</strong>. Apicultor de Miel el Siarín<br />
PRESENTAN:<br />
<strong>D. Alejandro Sanjurjo González</strong>. Profesor del Colegio La Paloma<br />
<strong>Dña. Noelia Sanjurjo González</strong>. Profesora del CRA Oscos<br />
<strong>D. Pablo</strong>. Profesor del CPEB Carlos Bousoño<br />
Aula de Educación Física<br />
Dirigido al alumnado de 6º de Educación Primaria del Colegio La<br />
Paloma, CRA Oscos y CPEB Carlos Bousoño</p>

<p>INTERVIENEN: D. Adrián Flórez Collar. Apicultor de Floreziendo Miel y patrimonio Muniellos D. Alberto Uría Moreno. Apicultor. Investigador y creador del Ecomuseo El País del Abeyeiro D. José Manuel Pardo &#8230; <a title="Encuentro con expertos: “La apicultura en el occidente de Asturias”" class="read-more" href="https://www.comunicacionyescuela.es/2026/evento/encuentro-con-expertos-la-apicultura-en-el-occidente-de-asturias/" aria-label="Leer más sobre Encuentro con expertos: “La apicultura en el occidente de Asturias”">Leer más</a></p>
