{"id":6498,"date":"2026-04-22T17:57:22","date_gmt":"2026-04-22T15:57:22","guid":{"rendered":"https:\/\/www.comunicacionyescuela.es\/2026\/?post_type=tribe_events&#038;p=6498"},"modified":"2026-04-22T18:20:08","modified_gmt":"2026-04-22T16:20:08","slug":"encuentro-con-expertos-proyecto-exploradores-del-camino","status":"publish","type":"tribe_events","link":"https:\/\/www.comunicacionyescuela.es\/2026\/evento\/encuentro-con-expertos-proyecto-exploradores-del-camino\/","title":{"rendered":"Encuentro con expertos: \u201cProyecto exploradores del Camino\u201d"},"content":{"rendered":"<p>INTERVIENE:<br \/>\n<strong>D. Luis Casteleiro Oliveros<\/strong>. Cronista Oficial de Vegadeo<br \/>\nPRESENTA:<br \/>\n<strong>D\u00f1a. Manuela \u00c1lvarez Gonz\u00e1lez<\/strong>. Profesora del Colegio Jovellanos<br \/>\nSal\u00f3n de Actos del IES Elisa y Luis Villamil<br \/>\nDirigido al alumnado de 6\u00ba de Educaci\u00f3n Primaria del Colegio<br \/>\nJovellanos<\/p>\n","protected":false},"excerpt":{"rendered":"<p>INTERVIENE: D. Luis Casteleiro Oliveros. Cronista Oficial de Vegadeo PRESENTA: D\u00f1a. Manuela \u00c1lvarez Gonz\u00e1lez. Profesora del Colegio Jovellanos Sal\u00f3n de Actos del IES Elisa y Luis Villamil Dirigido al alumnado &#8230; <a title=\"Encuentro con expertos: \u201cProyecto exploradores del Camino\u201d\" class=\"read-more\" href=\"https:\/\/www.comunicacionyescuela.es\/2026\/evento\/encuentro-con-expertos-proyecto-exploradores-del-camino\/\" aria-label=\"Leer m\u00e1s sobre Encuentro con expertos: \u201cProyecto exploradores del Camino\u201d\">Leer m\u00e1s<\/a><\/p>\n","protected":false},"author":2,"featured_media":0,"template":"","meta":{"ngg_post_thumbnail":0,"_tribe_events_status":"","_tribe_events_status_reason":"","footnotes":""},"tags":[],"tribe_events_cat":[53],"class_list":["post-6498","tribe_events","type-tribe_events","status-publish","hentry","tribe_events_cat-encuentro-con-expertos","cat_encuentro-con-expertos"],"_links":{"self":[{"href":"https:\/\/www.comunicacionyescuela.es\/2026\/wp-json\/wp\/v2\/tribe_events\/6498","targetHints":{"allow":["GET"]}}],"collection":[{"href":"https:\/\/www.comunicacionyescuela.es\/2026\/wp-json\/wp\/v2\/tribe_events"}],"about":[{"href":"https:\/\/www.comunicacionyescuela.es\/2026\/wp-json\/wp\/v2\/types\/tribe_events"}],"author":[{"embeddable":true,"href":"https:\/\/www.comunicacionyescuela.es\/2026\/wp-json\/wp\/v2\/users\/2"}],"version-history":[{"count":1,"href":"https:\/\/www.comunicacionyescuela.es\/2026\/wp-json\/wp\/v2\/tribe_events\/6498\/revisions"}],"predecessor-version":[{"id":6499,"href":"https:\/\/www.comunicacionyescuela.es\/2026\/wp-json\/wp\/v2\/tribe_events\/6498\/revisions\/6499"}],"wp:attachment":[{"href":"https:\/\/www.comunicacionyescuela.es\/2026\/wp-json\/wp\/v2\/media?parent=6498"}],"wp:term":[{"taxonomy":"post_tag","embeddable":true,"href":"https:\/\/www.comunicacionyescuela.es\/2026\/wp-json\/wp\/v2\/tags?post=6498"},{"taxonomy":"tribe_events_cat","embeddable":true,"href":"https:\/\/www.comunicacionyescuela.es\/2026\/wp-json\/wp\/v2\/tribe_events_cat?post=6498"}],"curies":[{"name":"wp","href":"https:\/\/api.w.org\/{rel}","templated":true}]}}

<p>INTERVIENE:<br />
<strong>D. Luis Casteleiro Oliveros</strong>. Cronista Oficial de Vegadeo<br />
PRESENTA:<br />
<strong>Dña. Manuela Álvarez González</strong>. Profesora del Colegio Jovellanos<br />
Salón de Actos del IES Elisa y Luis Villamil<br />
Dirigido al alumnado de 6º de Educación Primaria del Colegio<br />
Jovellanos</p>

<p>INTERVIENE: D. Luis Casteleiro Oliveros. Cronista Oficial de Vegadeo PRESENTA: Dña. Manuela Álvarez González. Profesora del Colegio Jovellanos Salón de Actos del IES Elisa y Luis Villamil Dirigido al alumnado &#8230; <a title="Encuentro con expertos: “Proyecto exploradores del Camino”" class="read-more" href="https://www.comunicacionyescuela.es/2026/evento/encuentro-con-expertos-proyecto-exploradores-del-camino/" aria-label="Leer más sobre Encuentro con expertos: “Proyecto exploradores del Camino”">Leer más</a></p>
