{"id":6496,"date":"2026-04-22T17:54:47","date_gmt":"2026-04-22T15:54:47","guid":{"rendered":"https:\/\/www.comunicacionyescuela.es\/2026\/?post_type=tribe_events&#038;p=6496"},"modified":"2026-04-22T17:54:47","modified_gmt":"2026-04-22T15:54:47","slug":"aulas-en-la-orilla-marea-escolar-por-el-medio-ambiente","status":"publish","type":"tribe_events","link":"https:\/\/www.comunicacionyescuela.es\/2026\/evento\/aulas-en-la-orilla-marea-escolar-por-el-medio-ambiente\/","title":{"rendered":"Aulas en la orilla: marea escolar por el medio ambiente"},"content":{"rendered":"<p>COORDINAN:<br \/>\n<strong>D. Aleixo Guti\u00e9rrez Mon<\/strong>. Profesor del Colegio Jovellanos y coordinador del programa PROA<br \/>\n<strong>D. Sergio Prieto Ya\u00f1ez<\/strong>. Profesor de la Fundaci\u00f3n EDES<br \/>\nPARTICIPAN:<br \/>\nColegio Jovellanos, Fundaci\u00f3n EDES<\/p>\n","protected":false},"excerpt":{"rendered":"<p>COORDINAN: D. Aleixo Guti\u00e9rrez Mon. Profesor del Colegio Jovellanos y coordinador del programa PROA D. Sergio Prieto Ya\u00f1ez. Profesor de la Fundaci\u00f3n EDES PARTICIPAN: Colegio Jovellanos, Fundaci\u00f3n EDES<\/p>\n","protected":false},"author":2,"featured_media":0,"template":"","meta":{"ngg_post_thumbnail":0,"_tribe_events_status":"","_tribe_events_status_reason":"","footnotes":""},"tags":[],"tribe_events_cat":[52],"class_list":["post-6496","tribe_events","type-tribe_events","status-publish","hentry","tribe_events_cat-proyecto-del-aula-al-territorio-aprender-investigando","cat_proyecto-del-aula-al-territorio-aprender-investigando"],"_links":{"self":[{"href":"https:\/\/www.comunicacionyescuela.es\/2026\/wp-json\/wp\/v2\/tribe_events\/6496","targetHints":{"allow":["GET"]}}],"collection":[{"href":"https:\/\/www.comunicacionyescuela.es\/2026\/wp-json\/wp\/v2\/tribe_events"}],"about":[{"href":"https:\/\/www.comunicacionyescuela.es\/2026\/wp-json\/wp\/v2\/types\/tribe_events"}],"author":[{"embeddable":true,"href":"https:\/\/www.comunicacionyescuela.es\/2026\/wp-json\/wp\/v2\/users\/2"}],"version-history":[{"count":1,"href":"https:\/\/www.comunicacionyescuela.es\/2026\/wp-json\/wp\/v2\/tribe_events\/6496\/revisions"}],"predecessor-version":[{"id":6497,"href":"https:\/\/www.comunicacionyescuela.es\/2026\/wp-json\/wp\/v2\/tribe_events\/6496\/revisions\/6497"}],"wp:attachment":[{"href":"https:\/\/www.comunicacionyescuela.es\/2026\/wp-json\/wp\/v2\/media?parent=6496"}],"wp:term":[{"taxonomy":"post_tag","embeddable":true,"href":"https:\/\/www.comunicacionyescuela.es\/2026\/wp-json\/wp\/v2\/tags?post=6496"},{"taxonomy":"tribe_events_cat","embeddable":true,"href":"https:\/\/www.comunicacionyescuela.es\/2026\/wp-json\/wp\/v2\/tribe_events_cat?post=6496"}],"curies":[{"name":"wp","href":"https:\/\/api.w.org\/{rel}","templated":true}]}}

<p>COORDINAN:<br />
<strong>D. Aleixo Gutiérrez Mon</strong>. Profesor del Colegio Jovellanos y coordinador del programa PROA<br />
<strong>D. Sergio Prieto Yañez</strong>. Profesor de la Fundación EDES<br />
PARTICIPAN:<br />
Colegio Jovellanos, Fundación EDES</p>

<p>COORDINAN: D. Aleixo Gutiérrez Mon. Profesor del Colegio Jovellanos y coordinador del programa PROA D. Sergio Prieto Yañez. Profesor de la Fundación EDES PARTICIPAN: Colegio Jovellanos, Fundación EDES</p>
