{"id":6494,"date":"2026-04-22T17:53:54","date_gmt":"2026-04-22T15:53:54","guid":{"rendered":"https:\/\/www.comunicacionyescuela.es\/2026\/?post_type=tribe_events&#038;p=6494"},"modified":"2026-04-22T17:53:54","modified_gmt":"2026-04-22T15:53:54","slug":"de-norte-a-sur-desarrollo-tecnologico-sostenible-e-integracion-cultural","status":"publish","type":"tribe_events","link":"https:\/\/www.comunicacionyescuela.es\/2026\/evento\/de-norte-a-sur-desarrollo-tecnologico-sostenible-e-integracion-cultural\/","title":{"rendered":"De norte a sur: desarrollo tecnol\u00f3gico sostenible e integraci\u00f3n cultural"},"content":{"rendered":"<p>COORDINAN:<br \/>\n<strong>D\u00f1a. Mercedes Mart\u00ednez \u00c1lvarez<\/strong>. Directora del IES Elisa y Luis Villamil<br \/>\n<strong>D. Rodrigo Carlos Garc\u00eda Maturana<\/strong>. Jefe del Departamento de Geograf\u00eda e Historia del IES Galileo Galilei<br \/>\n<strong>D. Javier E. Candela Hidalgo<\/strong>. Jefe del Departamento de Tecnolog\u00eda del IES Marqu\u00e9s de Casariego<br \/>\n<strong>D. Jes\u00fas Manuel Fern\u00e1ndez Fern\u00e1ndez<\/strong>. Director del IES Carmen y Severo Ochoa<br \/>\nPARTICIPAN:<br \/>\nIES Marqu\u00e9s de Casariego, IES Galileo Galilei, IES Carmen y<br \/>\nSevero Ochoa, CPEB Carlos Bouso\u00f1o, IES Elisa y Luis Villamil.<\/p>\n","protected":false},"excerpt":{"rendered":"<p>COORDINAN: D\u00f1a. Mercedes Mart\u00ednez \u00c1lvarez. Directora del IES Elisa y Luis Villamil D. Rodrigo Carlos Garc\u00eda Maturana. Jefe del Departamento de Geograf\u00eda e Historia del IES Galileo Galilei D. Javier &#8230; <a title=\"De norte a sur: desarrollo tecnol\u00f3gico sostenible e integraci\u00f3n cultural\" class=\"read-more\" href=\"https:\/\/www.comunicacionyescuela.es\/2026\/evento\/de-norte-a-sur-desarrollo-tecnologico-sostenible-e-integracion-cultural\/\" aria-label=\"Leer m\u00e1s sobre De norte a sur: desarrollo tecnol\u00f3gico sostenible e integraci\u00f3n cultural\">Leer m\u00e1s<\/a><\/p>\n","protected":false},"author":2,"featured_media":0,"template":"","meta":{"ngg_post_thumbnail":0,"_tribe_events_status":"","_tribe_events_status_reason":"","footnotes":""},"tags":[],"tribe_events_cat":[52],"class_list":["post-6494","tribe_events","type-tribe_events","status-publish","hentry","tribe_events_cat-proyecto-del-aula-al-territorio-aprender-investigando","cat_proyecto-del-aula-al-territorio-aprender-investigando"],"_links":{"self":[{"href":"https:\/\/www.comunicacionyescuela.es\/2026\/wp-json\/wp\/v2\/tribe_events\/6494","targetHints":{"allow":["GET"]}}],"collection":[{"href":"https:\/\/www.comunicacionyescuela.es\/2026\/wp-json\/wp\/v2\/tribe_events"}],"about":[{"href":"https:\/\/www.comunicacionyescuela.es\/2026\/wp-json\/wp\/v2\/types\/tribe_events"}],"author":[{"embeddable":true,"href":"https:\/\/www.comunicacionyescuela.es\/2026\/wp-json\/wp\/v2\/users\/2"}],"version-history":[{"count":1,"href":"https:\/\/www.comunicacionyescuela.es\/2026\/wp-json\/wp\/v2\/tribe_events\/6494\/revisions"}],"predecessor-version":[{"id":6495,"href":"https:\/\/www.comunicacionyescuela.es\/2026\/wp-json\/wp\/v2\/tribe_events\/6494\/revisions\/6495"}],"wp:attachment":[{"href":"https:\/\/www.comunicacionyescuela.es\/2026\/wp-json\/wp\/v2\/media?parent=6494"}],"wp:term":[{"taxonomy":"post_tag","embeddable":true,"href":"https:\/\/www.comunicacionyescuela.es\/2026\/wp-json\/wp\/v2\/tags?post=6494"},{"taxonomy":"tribe_events_cat","embeddable":true,"href":"https:\/\/www.comunicacionyescuela.es\/2026\/wp-json\/wp\/v2\/tribe_events_cat?post=6494"}],"curies":[{"name":"wp","href":"https:\/\/api.w.org\/{rel}","templated":true}]}}

De norte a sur: desarrollo tecnológico sostenible e integración cultural

<p>COORDINAN:<br />
<strong>Dña. Mercedes Martínez Álvarez</strong>. Directora del IES Elisa y Luis Villamil<br />
<strong>D. Rodrigo Carlos García Maturana</strong>. Jefe del Departamento de Geografía e Historia del IES Galileo Galilei<br />
<strong>D. Javier E. Candela Hidalgo</strong>. Jefe del Departamento de Tecnología del IES Marqués de Casariego<br />
<strong>D. Jesús Manuel Fernández Fernández</strong>. Director del IES Carmen y Severo Ochoa<br />
PARTICIPAN:<br />
IES Marqués de Casariego, IES Galileo Galilei, IES Carmen y<br />
Severo Ochoa, CPEB Carlos Bousoño, IES Elisa y Luis Villamil.</p>

<p>COORDINAN: Dña. Mercedes Martínez Álvarez. Directora del IES Elisa y Luis Villamil D. Rodrigo Carlos García Maturana. Jefe del Departamento de Geografía e Historia del IES Galileo Galilei D. Javier &#8230; <a title="De norte a sur: desarrollo tecnológico sostenible e integración cultural" class="read-more" href="https://www.comunicacionyescuela.es/2026/evento/de-norte-a-sur-desarrollo-tecnologico-sostenible-e-integracion-cultural/" aria-label="Leer más sobre De norte a sur: desarrollo tecnológico sostenible e integración cultural">Leer más</a></p>
