{"id":6492,"date":"2026-04-22T17:37:01","date_gmt":"2026-04-22T15:37:01","guid":{"rendered":"https:\/\/www.comunicacionyescuela.es\/2026\/?post_type=tribe_events&#038;p=6492"},"modified":"2026-04-22T17:37:01","modified_gmt":"2026-04-22T15:37:01","slug":"la-apicultura-en-el-occidente-de-asturias","status":"publish","type":"tribe_events","link":"https:\/\/www.comunicacionyescuela.es\/2026\/evento\/la-apicultura-en-el-occidente-de-asturias\/","title":{"rendered":"La apicultura en el occidente de Asturias"},"content":{"rendered":"<p>COORDINAN:<br \/>\n<strong>D. Alejandro Sanjurjo Gonz\u00e1lez<\/strong>. Profesor del Colegio La Paloma<br \/>\n<strong>D\u00f1a. Noelia Sanjurjo Gonz\u00e1lez<\/strong>. Profesora del CRA Oscos<br \/>\nPARTICIPAN:<br \/>\nColegio Jovellanos, CRA R\u00eda del Eo<\/p>\n","protected":false},"excerpt":{"rendered":"<p>COORDINAN: D. Alejandro Sanjurjo Gonz\u00e1lez. Profesor del Colegio La Paloma D\u00f1a. Noelia Sanjurjo Gonz\u00e1lez. Profesora del CRA Oscos PARTICIPAN: Colegio Jovellanos, CRA R\u00eda del Eo<\/p>\n","protected":false},"author":2,"featured_media":0,"template":"","meta":{"ngg_post_thumbnail":0,"_tribe_events_status":"","_tribe_events_status_reason":"","footnotes":""},"tags":[],"tribe_events_cat":[52],"class_list":["post-6492","tribe_events","type-tribe_events","status-publish","hentry","tribe_events_cat-proyecto-del-aula-al-territorio-aprender-investigando","cat_proyecto-del-aula-al-territorio-aprender-investigando"],"_links":{"self":[{"href":"https:\/\/www.comunicacionyescuela.es\/2026\/wp-json\/wp\/v2\/tribe_events\/6492","targetHints":{"allow":["GET"]}}],"collection":[{"href":"https:\/\/www.comunicacionyescuela.es\/2026\/wp-json\/wp\/v2\/tribe_events"}],"about":[{"href":"https:\/\/www.comunicacionyescuela.es\/2026\/wp-json\/wp\/v2\/types\/tribe_events"}],"author":[{"embeddable":true,"href":"https:\/\/www.comunicacionyescuela.es\/2026\/wp-json\/wp\/v2\/users\/2"}],"version-history":[{"count":1,"href":"https:\/\/www.comunicacionyescuela.es\/2026\/wp-json\/wp\/v2\/tribe_events\/6492\/revisions"}],"predecessor-version":[{"id":6493,"href":"https:\/\/www.comunicacionyescuela.es\/2026\/wp-json\/wp\/v2\/tribe_events\/6492\/revisions\/6493"}],"wp:attachment":[{"href":"https:\/\/www.comunicacionyescuela.es\/2026\/wp-json\/wp\/v2\/media?parent=6492"}],"wp:term":[{"taxonomy":"post_tag","embeddable":true,"href":"https:\/\/www.comunicacionyescuela.es\/2026\/wp-json\/wp\/v2\/tags?post=6492"},{"taxonomy":"tribe_events_cat","embeddable":true,"href":"https:\/\/www.comunicacionyescuela.es\/2026\/wp-json\/wp\/v2\/tribe_events_cat?post=6492"}],"curies":[{"name":"wp","href":"https:\/\/api.w.org\/{rel}","templated":true}]}}

<p>COORDINAN:<br />
<strong>D. Alejandro Sanjurjo González</strong>. Profesor del Colegio La Paloma<br />
<strong>Dña. Noelia Sanjurjo González</strong>. Profesora del CRA Oscos<br />
PARTICIPAN:<br />
Colegio Jovellanos, CRA Ría del Eo</p>

<p>COORDINAN: D. Alejandro Sanjurjo González. Profesor del Colegio La Paloma Dña. Noelia Sanjurjo González. Profesora del CRA Oscos PARTICIPAN: Colegio Jovellanos, CRA Ría del Eo</p>
