{"id":6489,"date":"2026-04-22T17:34:25","date_gmt":"2026-04-22T15:34:25","guid":{"rendered":"https:\/\/www.comunicacionyescuela.es\/2026\/?post_type=tribe_events&#038;p=6489"},"modified":"2026-04-22T17:34:25","modified_gmt":"2026-04-22T15:34:25","slug":"exploradores-del-camino","status":"publish","type":"tribe_events","link":"https:\/\/www.comunicacionyescuela.es\/2026\/evento\/exploradores-del-camino\/","title":{"rendered":"Exploradores del Camino"},"content":{"rendered":"<p>PARTICIPAN:<br \/>\n<strong>Colegio Jovellanos, CRA R\u00eda del Eo<\/strong>.<br \/>\nCOORDINAN:<br \/>\n<strong>D\u00f1a. Mar\u00eda Visitaci\u00f3n Docobo L\u00f3pez<\/strong>. Profesora del Colegio Jovellanos<br \/>\n<strong>D\u00f1a. Cristina Fern\u00e1ndez Garc\u00eda<\/strong>. Profesora del CRA R\u00eda del Eo<\/p>\n","protected":false},"excerpt":{"rendered":"<p>PARTICIPAN: Colegio Jovellanos, CRA R\u00eda del Eo. COORDINAN: D\u00f1a. Mar\u00eda Visitaci\u00f3n Docobo L\u00f3pez. Profesora del Colegio Jovellanos D\u00f1a. Cristina Fern\u00e1ndez Garc\u00eda. Profesora del CRA R\u00eda del Eo<\/p>\n","protected":false},"author":2,"featured_media":0,"template":"","meta":{"ngg_post_thumbnail":0,"_tribe_events_status":"","_tribe_events_status_reason":"","footnotes":""},"tags":[],"tribe_events_cat":[52],"class_list":["post-6489","tribe_events","type-tribe_events","status-publish","hentry","tribe_events_cat-proyecto-del-aula-al-territorio-aprender-investigando","cat_proyecto-del-aula-al-territorio-aprender-investigando"],"_links":{"self":[{"href":"https:\/\/www.comunicacionyescuela.es\/2026\/wp-json\/wp\/v2\/tribe_events\/6489","targetHints":{"allow":["GET"]}}],"collection":[{"href":"https:\/\/www.comunicacionyescuela.es\/2026\/wp-json\/wp\/v2\/tribe_events"}],"about":[{"href":"https:\/\/www.comunicacionyescuela.es\/2026\/wp-json\/wp\/v2\/types\/tribe_events"}],"author":[{"embeddable":true,"href":"https:\/\/www.comunicacionyescuela.es\/2026\/wp-json\/wp\/v2\/users\/2"}],"version-history":[{"count":1,"href":"https:\/\/www.comunicacionyescuela.es\/2026\/wp-json\/wp\/v2\/tribe_events\/6489\/revisions"}],"predecessor-version":[{"id":6490,"href":"https:\/\/www.comunicacionyescuela.es\/2026\/wp-json\/wp\/v2\/tribe_events\/6489\/revisions\/6490"}],"wp:attachment":[{"href":"https:\/\/www.comunicacionyescuela.es\/2026\/wp-json\/wp\/v2\/media?parent=6489"}],"wp:term":[{"taxonomy":"post_tag","embeddable":true,"href":"https:\/\/www.comunicacionyescuela.es\/2026\/wp-json\/wp\/v2\/tags?post=6489"},{"taxonomy":"tribe_events_cat","embeddable":true,"href":"https:\/\/www.comunicacionyescuela.es\/2026\/wp-json\/wp\/v2\/tribe_events_cat?post=6489"}],"curies":[{"name":"wp","href":"https:\/\/api.w.org\/{rel}","templated":true}]}}

<p>PARTICIPAN:<br />
<strong>Colegio Jovellanos, CRA Ría del Eo</strong>.<br />
COORDINAN:<br />
<strong>Dña. María Visitación Docobo López</strong>. Profesora del Colegio Jovellanos<br />
<strong>Dña. Cristina Fernández García</strong>. Profesora del CRA Ría del Eo</p>

<p>PARTICIPAN: Colegio Jovellanos, CRA Ría del Eo. COORDINAN: Dña. María Visitación Docobo López. Profesora del Colegio Jovellanos Dña. Cristina Fernández García. Profesora del CRA Ría del Eo</p>
