{"id":6484,"date":"2026-04-22T17:26:52","date_gmt":"2026-04-22T15:26:52","guid":{"rendered":"https:\/\/www.comunicacionyescuela.es\/2026\/?post_type=tribe_events&#038;p=6484"},"modified":"2026-04-22T17:26:52","modified_gmt":"2026-04-22T15:26:52","slug":"primera-conferencia-del-18-foro-comunicacion-y-escuela-el-papel-del-parlamento-en-el-sistema-democratico-actual","status":"publish","type":"tribe_events","link":"https:\/\/www.comunicacionyescuela.es\/2026\/evento\/primera-conferencia-del-18-foro-comunicacion-y-escuela-el-papel-del-parlamento-en-el-sistema-democratico-actual\/","title":{"rendered":"Primera conferencia del 18 Foro Comunicaci\u00f3n y Escuela: \u201cEl papel del Parlamento en el sistema democr\u00e1tico actual\u201d"},"content":{"rendered":"<p>INTERVIENE:<br \/>\n<strong>D\u00f1a. Francina Armengol Soc\u00edas<\/strong>. Presidenta del Congreso de los Diputados<br \/>\nPresentan:<br \/>\n<strong>D\u00f1a. Beatriz Redondo Viado<\/strong>. Jefa del Departamento de Filosof\u00eda del IES Elisa y Luis Villamil<br \/>\n<strong>D\u00f1a. Aida Fern\u00e1ndez Garc\u00eda<\/strong>. Jefa del Departamento de Historia del IES Elisa y Luis Villamil<br \/>\n<strong>D. Luis Felipe Fern\u00e1ndez Garc\u00eda<\/strong>. Coordinador del Foro Comunicaci\u00f3n y Escuela<br \/>\nSal\u00f3n de Actos del IES Elisa y Luis Villamil. 12 horas<br \/>\nDirigido al alumnado de 1\u00ba y 2\u00ba de Bachillerato<br \/>\n12 DE MAYO, 4-10-11 DE JUNIO,<br \/>\n25 AL 29 DE SEPTIEMBRE<\/p>\n","protected":false},"excerpt":{"rendered":"<p>INTERVIENE: D\u00f1a. Francina Armengol Soc\u00edas. Presidenta del Congreso de los Diputados Presentan: D\u00f1a. Beatriz Redondo Viado. Jefa del Departamento de Filosof\u00eda del IES Elisa y Luis Villamil D\u00f1a. Aida Fern\u00e1ndez &#8230; <a title=\"Primera conferencia del 18 Foro Comunicaci\u00f3n y Escuela: \u201cEl papel del Parlamento en el sistema democr\u00e1tico actual\u201d\" class=\"read-more\" href=\"https:\/\/www.comunicacionyescuela.es\/2026\/evento\/primera-conferencia-del-18-foro-comunicacion-y-escuela-el-papel-del-parlamento-en-el-sistema-democratico-actual\/\" aria-label=\"Leer m\u00e1s sobre Primera conferencia del 18 Foro Comunicaci\u00f3n y Escuela: \u201cEl papel del Parlamento en el sistema democr\u00e1tico actual\u201d\">Leer m\u00e1s<\/a><\/p>\n","protected":false},"author":2,"featured_media":0,"template":"","meta":{"ngg_post_thumbnail":0,"_tribe_events_status":"","_tribe_events_status_reason":"","footnotes":""},"tags":[],"tribe_events_cat":[51],"class_list":["post-6484","tribe_events","type-tribe_events","status-publish","hentry","tribe_events_cat-los-valores-del-medio-rural","cat_los-valores-del-medio-rural"],"_links":{"self":[{"href":"https:\/\/www.comunicacionyescuela.es\/2026\/wp-json\/wp\/v2\/tribe_events\/6484","targetHints":{"allow":["GET"]}}],"collection":[{"href":"https:\/\/www.comunicacionyescuela.es\/2026\/wp-json\/wp\/v2\/tribe_events"}],"about":[{"href":"https:\/\/www.comunicacionyescuela.es\/2026\/wp-json\/wp\/v2\/types\/tribe_events"}],"author":[{"embeddable":true,"href":"https:\/\/www.comunicacionyescuela.es\/2026\/wp-json\/wp\/v2\/users\/2"}],"version-history":[{"count":1,"href":"https:\/\/www.comunicacionyescuela.es\/2026\/wp-json\/wp\/v2\/tribe_events\/6484\/revisions"}],"predecessor-version":[{"id":6485,"href":"https:\/\/www.comunicacionyescuela.es\/2026\/wp-json\/wp\/v2\/tribe_events\/6484\/revisions\/6485"}],"wp:attachment":[{"href":"https:\/\/www.comunicacionyescuela.es\/2026\/wp-json\/wp\/v2\/media?parent=6484"}],"wp:term":[{"taxonomy":"post_tag","embeddable":true,"href":"https:\/\/www.comunicacionyescuela.es\/2026\/wp-json\/wp\/v2\/tags?post=6484"},{"taxonomy":"tribe_events_cat","embeddable":true,"href":"https:\/\/www.comunicacionyescuela.es\/2026\/wp-json\/wp\/v2\/tribe_events_cat?post=6484"}],"curies":[{"name":"wp","href":"https:\/\/api.w.org\/{rel}","templated":true}]}}

Primera conferencia del 18 Foro Comunicación y Escuela: “El papel del Parlamento en el sistema democrático actual”

<p>INTERVIENE:<br />
<strong>Dña. Francina Armengol Socías</strong>. Presidenta del Congreso de los Diputados<br />
Presentan:<br />
<strong>Dña. Beatriz Redondo Viado</strong>. Jefa del Departamento de Filosofía del IES Elisa y Luis Villamil<br />
<strong>Dña. Aida Fernández García</strong>. Jefa del Departamento de Historia del IES Elisa y Luis Villamil<br />
<strong>D. Luis Felipe Fernández García</strong>. Coordinador del Foro Comunicación y Escuela<br />
Salón de Actos del IES Elisa y Luis Villamil. 12 horas<br />
Dirigido al alumnado de 1º y 2º de Bachillerato<br />
12 DE MAYO, 4-10-11 DE JUNIO,<br />
25 AL 29 DE SEPTIEMBRE</p>

<p>INTERVIENE: Dña. Francina Armengol Socías. Presidenta del Congreso de los Diputados Presentan: Dña. Beatriz Redondo Viado. Jefa del Departamento de Filosofía del IES Elisa y Luis Villamil Dña. Aida Fernández &#8230; <a title="Primera conferencia del 18 Foro Comunicación y Escuela: “El papel del Parlamento en el sistema democrático actual”" class="read-more" href="https://www.comunicacionyescuela.es/2026/evento/primera-conferencia-del-18-foro-comunicacion-y-escuela-el-papel-del-parlamento-en-el-sistema-democratico-actual/" aria-label="Leer más sobre Primera conferencia del 18 Foro Comunicación y Escuela: “El papel del Parlamento en el sistema democrático actual”">Leer más</a></p>
