{"id":6423,"date":"2025-04-10T19:28:19","date_gmt":"2025-04-10T17:28:19","guid":{"rendered":"https:\/\/www.comunicacionyescuela.es\/2025\/?post_type=tribe_events&#038;p=6423"},"modified":"2025-04-10T19:28:19","modified_gmt":"2025-04-10T17:28:19","slug":"acto-de-clausura","status":"publish","type":"tribe_events","link":"https:\/\/www.comunicacionyescuela.es\/2026\/evento\/acto-de-clausura\/","title":{"rendered":"Acto de clausura"},"content":{"rendered":"<p>Oportunamente, se dar\u00e1 detallada informaci\u00f3n de la planificaci\u00f3n y horarios de la jornada de clausura. No obstante, incluir\u00e1 un programa en directo de Onda Cero Radio desde la Biblioteca del Instituto Elisa y Luis Villamil.<\/p>\n","protected":false},"excerpt":{"rendered":"<p>Oportunamente, se dar\u00e1 detallada informaci\u00f3n de la planificaci\u00f3n y horarios de la jornada de clausura. No obstante, incluir\u00e1 un programa en directo de Onda Cero Radio desde la Biblioteca del &#8230; <a title=\"Acto de clausura\" class=\"read-more\" href=\"https:\/\/www.comunicacionyescuela.es\/2026\/evento\/acto-de-clausura\/\" aria-label=\"Leer m\u00e1s sobre Acto de clausura\">Leer m\u00e1s<\/a><\/p>\n","protected":false},"author":2,"featured_media":0,"template":"","meta":{"ngg_post_thumbnail":0,"_tribe_events_status":"","_tribe_events_status_reason":"","footnotes":""},"tags":[],"tribe_events_cat":[],"class_list":["post-6423","tribe_events","type-tribe_events","status-publish","hentry"],"_links":{"self":[{"href":"https:\/\/www.comunicacionyescuela.es\/2026\/wp-json\/wp\/v2\/tribe_events\/6423","targetHints":{"allow":["GET"]}}],"collection":[{"href":"https:\/\/www.comunicacionyescuela.es\/2026\/wp-json\/wp\/v2\/tribe_events"}],"about":[{"href":"https:\/\/www.comunicacionyescuela.es\/2026\/wp-json\/wp\/v2\/types\/tribe_events"}],"author":[{"embeddable":true,"href":"https:\/\/www.comunicacionyescuela.es\/2026\/wp-json\/wp\/v2\/users\/2"}],"version-history":[{"count":1,"href":"https:\/\/www.comunicacionyescuela.es\/2026\/wp-json\/wp\/v2\/tribe_events\/6423\/revisions"}],"predecessor-version":[{"id":6424,"href":"https:\/\/www.comunicacionyescuela.es\/2026\/wp-json\/wp\/v2\/tribe_events\/6423\/revisions\/6424"}],"wp:attachment":[{"href":"https:\/\/www.comunicacionyescuela.es\/2026\/wp-json\/wp\/v2\/media?parent=6423"}],"wp:term":[{"taxonomy":"post_tag","embeddable":true,"href":"https:\/\/www.comunicacionyescuela.es\/2026\/wp-json\/wp\/v2\/tags?post=6423"},{"taxonomy":"tribe_events_cat","embeddable":true,"href":"https:\/\/www.comunicacionyescuela.es\/2026\/wp-json\/wp\/v2\/tribe_events_cat?post=6423"}],"curies":[{"name":"wp","href":"https:\/\/api.w.org\/{rel}","templated":true}]}}

<p>Oportunamente, se dará detallada información de la planificación y horarios de la jornada de clausura. No obstante, incluirá un programa en directo de Onda Cero Radio desde la Biblioteca del Instituto Elisa y Luis Villamil.</p>

<p>Oportunamente, se dará detallada información de la planificación y horarios de la jornada de clausura. No obstante, incluirá un programa en directo de Onda Cero Radio desde la Biblioteca del &#8230; <a title="Acto de clausura" class="read-more" href="https://www.comunicacionyescuela.es/2026/evento/acto-de-clausura/" aria-label="Leer más sobre Acto de clausura">Leer más</a></p>
