{"id":6220,"date":"2025-04-08T14:23:55","date_gmt":"2025-04-08T12:23:55","guid":{"rendered":"https:\/\/www.comunicacionyescuela.es\/2025\/?post_type=tribe_events&#038;p=6220"},"modified":"2026-04-22T17:21:04","modified_gmt":"2026-04-22T15:21:04","slug":"presentacion-del-foro","status":"publish","type":"tribe_events","link":"https:\/\/www.comunicacionyescuela.es\/2026\/evento\/presentacion-del-foro\/","title":{"rendered":"Presentaci\u00f3n del Foro"},"content":{"rendered":"<p>PARTICIPAN:<\/p>\n<p><strong>D\u00f1a. Vanessa Guti\u00e9rrez Gonz\u00e1lez<\/strong>. Consejera de Cultura, Pol\u00edtica Ling\u00fc\u00edstica y Turismo del Gobierno de Asturias<br \/>\n<strong>D\u00f1a. Mercedes Mart\u00ednez \u00c1lvarez<\/strong>. Directora del IES Elisa y Luis Villamil<br \/>\n<strong>D. Pablo Fern\u00e1ndez Abuin<\/strong>. Teniente de alcalde de Vegadeo<br \/>\n<strong>D\u00f1a Miriam Moya Villar<\/strong>. Teniente de alcalde de Castropol<br \/>\n<strong>D. Celestino Rodr\u00edguez P\u00e9rez<\/strong>. Catedr\u00e1tico de la Universidad de Oviedo. Decano de la Facultad de Formaci\u00f3n del Profesorado y Educaci\u00f3n de la Universidad de Oviedo<br \/>\n<strong>D. Fernando Sierra<\/strong>. Director general del Telecable Hockey Club<br \/>\n<strong>D. Luis Felipe Fern\u00e1ndez Garc\u00eda<\/strong>. Coordinador del Foro Comunicaci\u00f3n y Escuela<\/p>\n<p>Este acto incluye un homenaje a una representaci\u00f3n del alumnado de diferentes generaciones de la Escuela de San Juan de Moldes.<br \/>\nPRESENTA:<br \/>\n<strong>D\u00f1a. Mar\u00eda Meit\u00edn Buj\u00e1n<\/strong>. Profesora del Departamento de Lengua Castellana y Literatura del IES Elisa y Luis Villamil<br \/>\nEscuela de San Juan de Moldes (Castropol). 12,15 horas<br \/>\nDirigido a toda la comunidad<\/p>\n","protected":false},"excerpt":{"rendered":"<p>PARTICIPAN: D\u00f1a. Vanessa Guti\u00e9rrez Gonz\u00e1lez. Consejera de Cultura, Pol\u00edtica Ling\u00fc\u00edstica y Turismo del Gobierno de Asturias D\u00f1a. Mercedes Mart\u00ednez \u00c1lvarez. Directora del IES Elisa y Luis Villamil D. Pablo Fern\u00e1ndez &#8230; <a title=\"Presentaci\u00f3n del Foro\" class=\"read-more\" href=\"https:\/\/www.comunicacionyescuela.es\/2026\/evento\/presentacion-del-foro\/\" aria-label=\"Leer m\u00e1s sobre Presentaci\u00f3n del Foro\">Leer m\u00e1s<\/a><\/p>\n","protected":false},"author":2,"featured_media":0,"template":"","meta":{"ngg_post_thumbnail":0,"_tribe_events_status":"","_tribe_events_status_reason":"","footnotes":""},"tags":[],"tribe_events_cat":[10],"class_list":["post-6220","tribe_events","type-tribe_events","status-publish","hentry","tribe_events_cat-presentacion-del-foro","cat_presentacion-del-foro"],"_links":{"self":[{"href":"https:\/\/www.comunicacionyescuela.es\/2026\/wp-json\/wp\/v2\/tribe_events\/6220","targetHints":{"allow":["GET"]}}],"collection":[{"href":"https:\/\/www.comunicacionyescuela.es\/2026\/wp-json\/wp\/v2\/tribe_events"}],"about":[{"href":"https:\/\/www.comunicacionyescuela.es\/2026\/wp-json\/wp\/v2\/types\/tribe_events"}],"author":[{"embeddable":true,"href":"https:\/\/www.comunicacionyescuela.es\/2026\/wp-json\/wp\/v2\/users\/2"}],"version-history":[{"count":3,"href":"https:\/\/www.comunicacionyescuela.es\/2026\/wp-json\/wp\/v2\/tribe_events\/6220\/revisions"}],"predecessor-version":[{"id":6482,"href":"https:\/\/www.comunicacionyescuela.es\/2026\/wp-json\/wp\/v2\/tribe_events\/6220\/revisions\/6482"}],"wp:attachment":[{"href":"https:\/\/www.comunicacionyescuela.es\/2026\/wp-json\/wp\/v2\/media?parent=6220"}],"wp:term":[{"taxonomy":"post_tag","embeddable":true,"href":"https:\/\/www.comunicacionyescuela.es\/2026\/wp-json\/wp\/v2\/tags?post=6220"},{"taxonomy":"tribe_events_cat","embeddable":true,"href":"https:\/\/www.comunicacionyescuela.es\/2026\/wp-json\/wp\/v2\/tribe_events_cat?post=6220"}],"curies":[{"name":"wp","href":"https:\/\/api.w.org\/{rel}","templated":true}]}}

Presentación del Foro

<p>PARTICIPAN:</p>
<p><strong>Dña. Vanessa Gutiérrez González</strong>. Consejera de Cultura, Política Lingüística y Turismo del Gobierno de Asturias<br />
<strong>Dña. Mercedes Martínez Álvarez</strong>. Directora del IES Elisa y Luis Villamil<br />
<strong>D. Pablo Fernández Abuin</strong>. Teniente de alcalde de Vegadeo<br />
<strong>Dña Miriam Moya Villar</strong>. Teniente de alcalde de Castropol<br />
<strong>D. Celestino Rodríguez Pérez</strong>. Catedrático de la Universidad de Oviedo. Decano de la Facultad de Formación del Profesorado y Educación de la Universidad de Oviedo<br />
<strong>D. Fernando Sierra</strong>. Director general del Telecable Hockey Club<br />
<strong>D. Luis Felipe Fernández García</strong>. Coordinador del Foro Comunicación y Escuela</p>
<p>Este acto incluye un homenaje a una representación del alumnado de diferentes generaciones de la Escuela de San Juan de Moldes.<br />
PRESENTA:<br />
<strong>Dña. María Meitín Buján</strong>. Profesora del Departamento de Lengua Castellana y Literatura del IES Elisa y Luis Villamil<br />
Escuela de San Juan de Moldes (Castropol). 12,15 horas<br />
Dirigido a toda la comunidad</p>

<p>PARTICIPAN: Dña. Vanessa Gutiérrez González. Consejera de Cultura, Política Lingüística y Turismo del Gobierno de Asturias Dña. Mercedes Martínez Álvarez. Directora del IES Elisa y Luis Villamil D. Pablo Fernández &#8230; <a title="Presentación del Foro" class="read-more" href="https://www.comunicacionyescuela.es/2026/evento/presentacion-del-foro/" aria-label="Leer más sobre Presentación del Foro">Leer más</a></p>
