{"id":223,"date":"2024-03-25T19:42:00","date_gmt":"2024-03-25T18:42:00","guid":{"rendered":"https:\/\/www.comunicacionyescuela.es\/2024\/?post_type=tribe_events&#038;p=223"},"modified":"2024-03-25T19:42:00","modified_gmt":"2024-03-25T18:42:00","slug":"conferencia-vegadeo-nombres-de-su-historia-historia-de-sus-nombres","status":"publish","type":"tribe_events","link":"https:\/\/www.comunicacionyescuela.es\/2024\/evento\/conferencia-vegadeo-nombres-de-su-historia-historia-de-sus-nombres\/","title":{"rendered":"Conferencia: \u201cVegadeo: nombres de su historia, historia de sus nombres\u201d"},"content":{"rendered":"<p>INTERVIENE:<br \/>\n<strong>D. Luis Casteleiro Oliveros<\/strong>. Miembro del RIDEA y cronista oficial de Vegadeo<br \/>\nPRESENTAN:<br \/>\n<strong>D. Ram\u00f3n Rodr\u00edguez \u00c1lvarez<\/strong>. Director del RIDEA<br \/>\n<strong>D\u00f1a. D\u00e1cil Nuez Reyes<\/strong>. Jefa del Departamento de Lengua Castellana y Literatura del IES Elisa y Luis Villamil.<br \/>\n<strong>D. Luis Felipe Fern\u00e1ndez Garc\u00eda<\/strong>. Coordinador del Foro Comunicaci\u00f3n y Escuela<br \/>\nSal\u00f3n de Actos del Real Instituto de Estudios Asturianos. Oviedo<br \/>\nDirigido a los alumnos\/as de 4\u00ba de Educaci\u00f3n Secundaria<br \/>\n<strong>Actividad complementaria<\/strong><br \/>\nFinalizados los actos en el RIDEA, al alumnado le recibir\u00e1, en el Sal\u00f3n de Plenos del Ayuntamiento Oviedo, el alcalde, D. Alfredo Canteli, y posteriormente, ser\u00e1n invitados<br \/>\na un almuerzo y a una visita guiada a la ciudad, por el Ayuntamiento.<br \/>\nPARTICIPA:<br \/>\nInstituto de Educaci\u00f3n Secundaria Elisa y Luis Villamil. Vegadeo<br \/>\nCOLABORAN:<br \/>\nReal Instituto de Estudios Asturianos (RIDEA)<br \/>\nAyuntamiento de Oviedo<\/p>\n","protected":false},"excerpt":{"rendered":"<p>INTERVIENE: D. Luis Casteleiro Oliveros. Miembro del RIDEA y cronista oficial de Vegadeo PRESENTAN: D. Ram\u00f3n Rodr\u00edguez \u00c1lvarez. Director del RIDEA D\u00f1a. D\u00e1cil Nuez Reyes. Jefa del Departamento de Lengua &#8230; <a title=\"Conferencia: \u201cVegadeo: nombres de su historia, historia de sus nombres\u201d\" class=\"read-more\" href=\"https:\/\/www.comunicacionyescuela.es\/2024\/evento\/conferencia-vegadeo-nombres-de-su-historia-historia-de-sus-nombres\/\" aria-label=\"Leer m\u00e1s sobre Conferencia: \u201cVegadeo: nombres de su historia, historia de sus nombres\u201d\">Leer m\u00e1s<\/a><\/p>\n","protected":false},"author":2,"featured_media":0,"template":"","meta":{"ngg_post_thumbnail":0,"_tribe_events_status":"","_tribe_events_status_reason":"","footnotes":""},"tags":[],"tribe_events_cat":[21],"class_list":["post-223","tribe_events","type-tribe_events","status-publish","hentry","tribe_events_cat-jornadas-dedicadas-al-real-instituto-de-estudios-asturianos-ridea","cat_jornadas-dedicadas-al-real-instituto-de-estudios-asturianos-ridea"],"_EventStartDate":"2024-10-04 11:30:00","_EventEndDate":"2024-10-04 11:30:00","_EventAllDay":"","metadatos":{"_EventOrigin":["events-calendar"],"_tribe_modified_fields":["a:22:{s:12:\"_EventOrigin\";i:1711395426;s:10:\"_edit_last\";i:1711395441;s:10:\"post_title\";i:1711395441;s:11:\"post_status\";i:1711395720;s:12:\"post_content\";i:1711395720;s:16:\"tribe_events_cat\";i:1711392120;s:23:\"cmplz_hide_cookiebanner\";i:1711395721;s:17:\"_EventShowMapLink\";i:1711395721;s:13:\"_EventShowMap\";i:1711395721;s:13:\"_EventVenueID\";i:1711395721;s:15:\"_EventStartDate\";i:1711395721;s:13:\"_EventEndDate\";i:1711395721;s:18:\"_EventStartDateUTC\";i:1711395721;s:16:\"_EventEndDateUTC\";i:1711395721;s:14:\"_EventDuration\";i:1711395721;s:20:\"_EventCurrencySymbol\";i:1711395721;s:18:\"_EventCurrencyCode\";i:1711395721;s:22:\"_EventCurrencyPosition\";i:1711395721;s:10:\"_EventCost\";i:1711395721;s:9:\"_EventURL\";i:1711395721;s:14:\"_EventTimezone\";i:1711395721;s:18:\"_EventTimezoneAbbr\";i:1711395721;}"],"_edit_lock":["1711391999:2"],"_edit_last":["2"],"cmplz_hide_cookiebanner":[""],"_EventShowMapLink":["1"],"_EventShowMap":["1"],"_EventVenueID":["143"],"_EventStartDate":["2024-10-04 11:30:00"],"_EventEndDate":["2024-10-04 11:30:00"],"_EventStartDateUTC":["2024-10-04 09:30:00"],"_EventEndDateUTC":["2024-10-04 09:30:00"],"_EventDuration":["0"],"_EventCurrencySymbol":[""],"_EventCurrencyCode":[""],"_EventCurrencyPosition":["prefix"],"_EventCost":[""],"_EventURL":[""],"_EventTimezone":["Europe\/Madrid"],"_EventTimezoneAbbr":["CEST"]},"_links":{"self":[{"href":"https:\/\/www.comunicacionyescuela.es\/2024\/wp-json\/wp\/v2\/tribe_events\/223","targetHints":{"allow":["GET"]}}],"collection":[{"href":"https:\/\/www.comunicacionyescuela.es\/2024\/wp-json\/wp\/v2\/tribe_events"}],"about":[{"href":"https:\/\/www.comunicacionyescuela.es\/2024\/wp-json\/wp\/v2\/types\/tribe_events"}],"author":[{"embeddable":true,"href":"https:\/\/www.comunicacionyescuela.es\/2024\/wp-json\/wp\/v2\/users\/2"}],"version-history":[{"count":1,"href":"https:\/\/www.comunicacionyescuela.es\/2024\/wp-json\/wp\/v2\/tribe_events\/223\/revisions"}],"predecessor-version":[{"id":224,"href":"https:\/\/www.comunicacionyescuela.es\/2024\/wp-json\/wp\/v2\/tribe_events\/223\/revisions\/224"}],"wp:attachment":[{"href":"https:\/\/www.comunicacionyescuela.es\/2024\/wp-json\/wp\/v2\/media?parent=223"}],"wp:term":[{"taxonomy":"post_tag","embeddable":true,"href":"https:\/\/www.comunicacionyescuela.es\/2024\/wp-json\/wp\/v2\/tags?post=223"},{"taxonomy":"tribe_events_cat","embeddable":true,"href":"https:\/\/www.comunicacionyescuela.es\/2024\/wp-json\/wp\/v2\/tribe_events_cat?post=223"}],"curies":[{"name":"wp","href":"https:\/\/api.w.org\/{rel}","templated":true}]}}

<p>INTERVIENE:<br />
<strong>D. Luis Casteleiro Oliveros</strong>. Miembro del RIDEA y cronista oficial de Vegadeo<br />
PRESENTAN:<br />
<strong>D. Ramón Rodríguez Álvarez</strong>. Director del RIDEA<br />
<strong>Dña. Dácil Nuez Reyes</strong>. Jefa del Departamento de Lengua Castellana y Literatura del IES Elisa y Luis Villamil.<br />
<strong>D. Luis Felipe Fernández García</strong>. Coordinador del Foro Comunicación y Escuela<br />
Salón de Actos del Real Instituto de Estudios Asturianos. Oviedo<br />
Dirigido a los alumnos/as de 4º de Educación Secundaria<br />
<strong>Actividad complementaria</strong><br />
Finalizados los actos en el RIDEA, al alumnado le recibirá, en el Salón de Plenos del Ayuntamiento Oviedo, el alcalde, D. Alfredo Canteli, y posteriormente, serán invitados<br />
a un almuerzo y a una visita guiada a la ciudad, por el Ayuntamiento.<br />
PARTICIPA:<br />
Instituto de Educación Secundaria Elisa y Luis Villamil. Vegadeo<br />
COLABORAN:<br />
Real Instituto de Estudios Asturianos (RIDEA)<br />
Ayuntamiento de Oviedo</p>

<p>INTERVIENE: D. Luis Casteleiro Oliveros. Miembro del RIDEA y cronista oficial de Vegadeo PRESENTAN: D. Ramón Rodríguez Álvarez. Director del RIDEA Dña. Dácil Nuez Reyes. Jefa del Departamento de Lengua &#8230; <a title="Conferencia: “Vegadeo: nombres de su historia, historia de sus nombres”" class="read-more" href="https://www.comunicacionyescuela.es/2024/evento/conferencia-vegadeo-nombres-de-su-historia-historia-de-sus-nombres/" aria-label="Leer más sobre Conferencia: “Vegadeo: nombres de su historia, historia de sus nombres”">Leer más</a></p>
