{"id":173,"date":"2024-03-25T17:32:12","date_gmt":"2024-03-25T16:32:12","guid":{"rendered":"https:\/\/www.comunicacionyescuela.es\/2024\/?post_type=tribe_events&#038;p=173"},"modified":"2024-03-25T18:13:59","modified_gmt":"2024-03-25T17:13:59","slug":"situacion-de-aprendizaje-como-se-desarrolla-una-competicion-ciclista","status":"publish","type":"tribe_events","link":"https:\/\/www.comunicacionyescuela.es\/2024\/evento\/situacion-de-aprendizaje-como-se-desarrolla-una-competicion-ciclista\/","title":{"rendered":"Situaci\u00f3n de Aprendizaje: \u201c\u00bfC\u00f3mo se desarrolla una competici\u00f3n ciclista?\u201d"},"content":{"rendered":"<p>Asistencia del alumnado, en la localidad de Luanco (Asturias), a la salida oficial de la etapa 16 de la Vuelta Ciclista a Espa\u00f1a de 2024, Luanco-Lagos de Covadonga, invitados por la organizaci\u00f3n de la Vuelta Ciclista a Espa\u00f1a.<br \/>\nDirigido a alumnos\/as de 1\u00ba de Bachillerato<br \/>\nCOLABORA:<br \/>\nVuelta Ciclista a Espa\u00f1a<\/p>\n","protected":false},"excerpt":{"rendered":"<p>Asistencia del alumnado, en la localidad de Luanco (Asturias), a la salida oficial de la etapa 16 de la Vuelta Ciclista a Espa\u00f1a de 2024, Luanco-Lagos de Covadonga, invitados por &#8230; <a title=\"Situaci\u00f3n de Aprendizaje: \u201c\u00bfC\u00f3mo se desarrolla una competici\u00f3n ciclista?\u201d\" class=\"read-more\" href=\"https:\/\/www.comunicacionyescuela.es\/2024\/evento\/situacion-de-aprendizaje-como-se-desarrolla-una-competicion-ciclista\/\" aria-label=\"Leer m\u00e1s sobre Situaci\u00f3n de Aprendizaje: \u201c\u00bfC\u00f3mo se desarrolla una competici\u00f3n ciclista?\u201d\">Leer m\u00e1s<\/a><\/p>\n","protected":false},"author":2,"featured_media":0,"template":"","meta":{"ngg_post_thumbnail":0,"_tribe_events_status":"","_tribe_events_status_reason":"","footnotes":""},"tags":[],"tribe_events_cat":[17],"class_list":["post-173","tribe_events","type-tribe_events","status-publish","hentry","tribe_events_cat-jornadas-de-promocion-del-deporte-en-estudiantes-del-ambito-rural","cat_jornadas-de-promocion-del-deporte-en-estudiantes-del-ambito-rural"],"_EventStartDate":"2024-09-03 00:00:00","_EventEndDate":"2024-09-03 23:59:59","_EventAllDay":"yes","metadatos":{"_EventOrigin":["events-calendar"],"_tribe_modified_fields":["a:21:{s:12:\"_EventOrigin\";i:1711387845;s:10:\"_edit_last\";i:1711387858;s:10:\"post_title\";i:1711387858;s:11:\"post_status\";i:1711387932;s:16:\"tribe_events_cat\";i:1711386839;s:12:\"post_content\";i:1711387932;s:23:\"cmplz_hide_cookiebanner\";i:1711387932;s:17:\"_EventShowMapLink\";i:1711387932;s:13:\"_EventShowMap\";i:1711387932;s:12:\"_EventAllDay\";i:1711387932;s:15:\"_EventStartDate\";i:1711387932;s:13:\"_EventEndDate\";i:1711387932;s:18:\"_EventStartDateUTC\";i:1711387932;s:16:\"_EventEndDateUTC\";i:1711387932;s:20:\"_EventCurrencySymbol\";i:1711387932;s:18:\"_EventCurrencyCode\";i:1711387932;s:22:\"_EventCurrencyPosition\";i:1711387932;s:10:\"_EventCost\";i:1711387932;s:9:\"_EventURL\";i:1711387932;s:14:\"_EventTimezone\";i:1711387932;s:18:\"_EventTimezoneAbbr\";i:1711387932;}"],"_edit_lock":["1711386839:2"],"_edit_last":["2"],"cmplz_hide_cookiebanner":[""],"_EventShowMapLink":["1"],"_EventShowMap":["1"],"_EventAllDay":["yes"],"_EventStartDate":["2024-09-03 00:00:00"],"_EventEndDate":["2024-09-03 23:59:59"],"_EventStartDateUTC":["2024-09-02 22:00:00"],"_EventEndDateUTC":["2024-09-03 21:59:59"],"_EventCurrencySymbol":[""],"_EventCurrencyCode":[""],"_EventCurrencyPosition":["prefix"],"_EventCost":[""],"_EventURL":[""],"_EventTimezone":["Europe\/Madrid"],"_EventTimezoneAbbr":["CEST"]},"_links":{"self":[{"href":"https:\/\/www.comunicacionyescuela.es\/2024\/wp-json\/wp\/v2\/tribe_events\/173","targetHints":{"allow":["GET"]}}],"collection":[{"href":"https:\/\/www.comunicacionyescuela.es\/2024\/wp-json\/wp\/v2\/tribe_events"}],"about":[{"href":"https:\/\/www.comunicacionyescuela.es\/2024\/wp-json\/wp\/v2\/types\/tribe_events"}],"author":[{"embeddable":true,"href":"https:\/\/www.comunicacionyescuela.es\/2024\/wp-json\/wp\/v2\/users\/2"}],"version-history":[{"count":1,"href":"https:\/\/www.comunicacionyescuela.es\/2024\/wp-json\/wp\/v2\/tribe_events\/173\/revisions"}],"predecessor-version":[{"id":174,"href":"https:\/\/www.comunicacionyescuela.es\/2024\/wp-json\/wp\/v2\/tribe_events\/173\/revisions\/174"}],"wp:attachment":[{"href":"https:\/\/www.comunicacionyescuela.es\/2024\/wp-json\/wp\/v2\/media?parent=173"}],"wp:term":[{"taxonomy":"post_tag","embeddable":true,"href":"https:\/\/www.comunicacionyescuela.es\/2024\/wp-json\/wp\/v2\/tags?post=173"},{"taxonomy":"tribe_events_cat","embeddable":true,"href":"https:\/\/www.comunicacionyescuela.es\/2024\/wp-json\/wp\/v2\/tribe_events_cat?post=173"}],"curies":[{"name":"wp","href":"https:\/\/api.w.org\/{rel}","templated":true}]}}

Situación de Aprendizaje: “¿Cómo se desarrolla una competición ciclista?”

<p>Asistencia del alumnado, en la localidad de Luanco (Asturias), a la salida oficial de la etapa 16 de la Vuelta Ciclista a España de 2024, Luanco-Lagos de Covadonga, invitados por la organización de la Vuelta Ciclista a España.<br />
Dirigido a alumnos/as de 1º de Bachillerato<br />
COLABORA:<br />
Vuelta Ciclista a España</p>

<p>Asistencia del alumnado, en la localidad de Luanco (Asturias), a la salida oficial de la etapa 16 de la Vuelta Ciclista a España de 2024, Luanco-Lagos de Covadonga, invitados por &#8230; <a title="Situación de Aprendizaje: “¿Cómo se desarrolla una competición ciclista?”" class="read-more" href="https://www.comunicacionyescuela.es/2024/evento/situacion-de-aprendizaje-como-se-desarrolla-una-competicion-ciclista/" aria-label="Leer más sobre Situación de Aprendizaje: “¿Cómo se desarrolla una competición ciclista?”">Leer más</a></p>
