{"id":81,"date":"2020-03-28T11:31:56","date_gmt":"2020-03-28T10:31:56","guid":{"rendered":"https:\/\/comunicacionyescuela.es\/2020\/?post_type=tribe_events&#038;p=81"},"modified":"2021-04-01T18:21:08","modified_gmt":"2021-04-01T16:21:08","slug":"presentacion-online","status":"publish","type":"tribe_events","link":"https:\/\/www.comunicacionyescuela.es\/2021\/event\/presentacion-online\/","title":{"rendered":"Presentaci\u00f3n Online"},"content":{"rendered":"<p>PARTICIPAN:<br \/>\n<strong>D. Javier Santos Iglesias<\/strong>. Director del IES Elisa y Luis Villamil.<br \/>\n<strong>D. C\u00e9sar \u00c1lvarez Fern\u00e1ndez<\/strong>. Alcalde de Vegadeo<br \/>\n<strong>D. Francisco Javier Vinjoy Vale<\/strong>. Alcalde de Castropol<br \/>\n<strong>D. Marco Antonio Prieto<\/strong>. Director T\u00e9cnico de ASAC<br \/>\nComunicaciones<br \/>\n<strong>D\u00f1a. Eva P\u00e9rez Coto<\/strong>. Jefa del Departamento de Lengua IES<br \/>\nElisa y Luis Villamil<br \/>\n<strong>D. Luis Felipe Fern\u00e1ndez Garc\u00eda<\/strong>. Coordinador del Foro<br \/>\nComunicaci\u00f3n y Escuela.<\/p>\n","protected":false},"excerpt":{"rendered":"<p>PARTICIPAN: D. Javier Santos Iglesias. Director del IES Elisa y Luis Villamil. D. C\u00e9sar \u00c1lvarez Fern\u00e1ndez. Alcalde de Vegadeo D. Francisco Javier Vinjoy Vale. Alcalde de Castropol D. Marco Antonio &#8230; <a title=\"Presentaci\u00f3n Online\" class=\"read-more\" href=\"https:\/\/www.comunicacionyescuela.es\/2021\/event\/presentacion-online\/\" aria-label=\"Leer m\u00e1s sobre Presentaci\u00f3n Online\">Leer m\u00e1s<\/a><\/p>\n","protected":false},"author":2,"featured_media":0,"comment_status":"open","ping_status":"closed","template":"","meta":{"ngg_post_thumbnail":0,"_tribe_events_status":"","_tribe_events_status_reason":"","footnotes":""},"tags":[],"tribe_events_cat":[27],"_EventStartDate":"2021-04-08 10:00:00","_EventEndDate":"2021-04-08 10:00:00","_EventAllDay":"","metadatos":{"_EventOrigin":["events-calendar"],"_edit_lock":["1617293932:2"],"_edit_last":["2"],"_EventShowMapLink":[""],"_EventShowMap":[""],"_EventStartDate":["2021-04-08 10:00:00"],"_EventEndDate":["2021-04-08 10:00:00"],"_EventStartDateUTC":["2021-04-08 08:00:00"],"_EventEndDateUTC":["2021-04-08 08:00:00"],"_EventDuration":["0"],"_EventCurrencySymbol":[""],"_EventCurrencyPosition":["prefix"],"_EventCost":[""],"_EventURL":[""],"_EventTimezone":["Europe\/Madrid"],"_EventTimezoneAbbr":["CEST"],"_tribe_modified_fields":["a:12:{s:12:\"post_content\";i:1617294080;s:17:\"_EventShowMapLink\";i:1617294080;s:13:\"_EventShowMap\";i:1617294080;s:13:\"_EventVenueID\";i:1617294080;s:15:\"_EventStartDate\";i:1617294080;s:13:\"_EventEndDate\";i:1617294080;s:18:\"_EventStartDateUTC\";i:1617294080;s:16:\"_EventEndDateUTC\";i:1617294080;s:18:\"_EventTimezoneAbbr\";i:1617294080;s:16:\"tribe_events_cat\";i:1617294068;s:10:\"post_title\";i:1617301268;s:12:\"_wp_old_slug\";i:1617301268;}"],"_wp_old_slug":["presentacion"]},"_links":{"self":[{"href":"https:\/\/www.comunicacionyescuela.es\/2021\/wp-json\/wp\/v2\/tribe_events\/81"}],"collection":[{"href":"https:\/\/www.comunicacionyescuela.es\/2021\/wp-json\/wp\/v2\/tribe_events"}],"about":[{"href":"https:\/\/www.comunicacionyescuela.es\/2021\/wp-json\/wp\/v2\/types\/tribe_events"}],"author":[{"embeddable":true,"href":"https:\/\/www.comunicacionyescuela.es\/2021\/wp-json\/wp\/v2\/users\/2"}],"replies":[{"embeddable":true,"href":"https:\/\/www.comunicacionyescuela.es\/2021\/wp-json\/wp\/v2\/comments?post=81"}],"version-history":[{"count":4,"href":"https:\/\/www.comunicacionyescuela.es\/2021\/wp-json\/wp\/v2\/tribe_events\/81\/revisions"}],"predecessor-version":[{"id":393,"href":"https:\/\/www.comunicacionyescuela.es\/2021\/wp-json\/wp\/v2\/tribe_events\/81\/revisions\/393"}],"wp:attachment":[{"href":"https:\/\/www.comunicacionyescuela.es\/2021\/wp-json\/wp\/v2\/media?parent=81"}],"wp:term":[{"taxonomy":"post_tag","embeddable":true,"href":"https:\/\/www.comunicacionyescuela.es\/2021\/wp-json\/wp\/v2\/tags?post=81"},{"taxonomy":"tribe_events_cat","embeddable":true,"href":"https:\/\/www.comunicacionyescuela.es\/2021\/wp-json\/wp\/v2\/tribe_events_cat?post=81"}],"curies":[{"name":"wp","href":"https:\/\/api.w.org\/{rel}","templated":true}]}}

Presentación Online

<p>PARTICIPAN:<br />
<strong>D. Javier Santos Iglesias</strong>. Director del IES Elisa y Luis Villamil.<br />
<strong>D. César Álvarez Fernández</strong>. Alcalde de Vegadeo<br />
<strong>D. Francisco Javier Vinjoy Vale</strong>. Alcalde de Castropol<br />
<strong>D. Marco Antonio Prieto</strong>. Director Técnico de ASAC<br />
Comunicaciones<br />
<strong>Dña. Eva Pérez Coto</strong>. Jefa del Departamento de Lengua IES<br />
Elisa y Luis Villamil<br />
<strong>D. Luis Felipe Fernández García</strong>. Coordinador del Foro<br />
Comunicación y Escuela.</p>

<p>PARTICIPAN: D. Javier Santos Iglesias. Director del IES Elisa y Luis Villamil. D. César Álvarez Fernández. Alcalde de Vegadeo D. Francisco Javier Vinjoy Vale. Alcalde de Castropol D. Marco Antonio &#8230; <a title="Presentación Online" class="read-more" href="https://www.comunicacionyescuela.es/2021/event/presentacion-online/" aria-label="Leer más sobre Presentación Online">Leer más</a></p>
