{"id":439,"date":"2021-04-02T17:05:08","date_gmt":"2021-04-02T15:05:08","guid":{"rendered":"https:\/\/comunicacionyescuela.es\/2021\/?post_type=tribe_events&#038;p=439"},"modified":"2021-04-02T17:05:08","modified_gmt":"2021-04-02T15:05:08","slug":"conferencia-presente-y-futuro-del-medio-rural-en-asturias-2","status":"publish","type":"tribe_events","link":"https:\/\/www.comunicacionyescuela.es\/2021\/event\/conferencia-presente-y-futuro-del-medio-rural-en-asturias-2\/","title":{"rendered":"Conferencia: \u201cPresente y futuro del medio rural en Asturias\u201d"},"content":{"rendered":"<p>INTERVIENE:<br \/>\n<strong>D. Adri\u00e1n Barb\u00f3n Rodr\u00edguez<\/strong>. Presidente del Principado de<br \/>\nAsturias<br \/>\nMODERA:<br \/>\n<strong>D. Alberto Men\u00e9ndez<\/strong>. Periodista<br \/>\nPRESENTAN:<br \/>\n<strong>D\u00f1a. Manuela Busto Fidalgo<\/strong>. Biblioteca de Castropol<br \/>\n<strong>D. Luis Felipe Fern\u00e1ndez Garc\u00eda<\/strong>. Coordinador del Foro<br \/>\nComunicaci\u00f3n y Escuela.<br \/>\nCasa de Cultura de Castropol. 19,30 horas<br \/>\nDirigida al p\u00fablico en general<br \/>\nCOLABORA:<br \/>\nBiblioteca Men\u00e9ndez Pelayo. Castropol<br \/>\nNota: esta actividad se programa como presencial. En caso de que<br \/>\nno fuera posible la conferencia presencial por motivos sanitarios, se<br \/>\nllevar\u00eda a cabo en la modalidad online.<\/p>\n","protected":false},"excerpt":{"rendered":"<p>INTERVIENE: D. Adri\u00e1n Barb\u00f3n Rodr\u00edguez. Presidente del Principado de Asturias MODERA: D. Alberto Men\u00e9ndez. Periodista PRESENTAN: D\u00f1a. Manuela Busto Fidalgo. Biblioteca de Castropol D. Luis Felipe Fern\u00e1ndez Garc\u00eda. Coordinador del &#8230; <a title=\"Conferencia: \u201cPresente y futuro del medio rural en Asturias\u201d\" class=\"read-more\" href=\"https:\/\/www.comunicacionyescuela.es\/2021\/event\/conferencia-presente-y-futuro-del-medio-rural-en-asturias-2\/\" aria-label=\"Leer m\u00e1s sobre Conferencia: \u201cPresente y futuro del medio rural en Asturias\u201d\">Leer m\u00e1s<\/a><\/p>\n","protected":false},"author":2,"featured_media":0,"comment_status":"open","ping_status":"closed","template":"","meta":{"ngg_post_thumbnail":0,"_tribe_events_status":"","_tribe_events_status_reason":"","footnotes":""},"tags":[],"tribe_events_cat":[34],"_EventStartDate":"2021-10-07 19:30:00","_EventEndDate":"2021-10-07 19:30:00","_EventAllDay":"","metadatos":{"_EventOrigin":["events-calendar"],"_tribe_modified_fields":["a:19:{s:12:\"_EventOrigin\";i:1617382941;s:10:\"_edit_last\";i:1617382953;s:10:\"post_title\";i:1617382953;s:11:\"post_status\";i:1617383108;s:12:\"post_content\";i:1617383108;s:16:\"tribe_events_cat\";i:1617375908;s:17:\"_EventShowMapLink\";i:1617383108;s:13:\"_EventShowMap\";i:1617383108;s:15:\"_EventStartDate\";i:1617383108;s:13:\"_EventEndDate\";i:1617383108;s:18:\"_EventStartDateUTC\";i:1617383108;s:16:\"_EventEndDateUTC\";i:1617383108;s:14:\"_EventDuration\";i:1617383108;s:20:\"_EventCurrencySymbol\";i:1617383108;s:22:\"_EventCurrencyPosition\";i:1617383108;s:10:\"_EventCost\";i:1617383108;s:9:\"_EventURL\";i:1617383108;s:14:\"_EventTimezone\";i:1617383108;s:18:\"_EventTimezoneAbbr\";i:1617383108;}"],"_edit_lock":["1617375788:2"],"_edit_last":["2"],"_EventShowMapLink":[""],"_EventShowMap":[""],"_EventStartDate":["2021-10-07 19:30:00"],"_EventEndDate":["2021-10-07 19:30:00"],"_EventStartDateUTC":["2021-10-07 17:30:00"],"_EventEndDateUTC":["2021-10-07 17:30:00"],"_EventDuration":["0"],"_EventCurrencySymbol":[""],"_EventCurrencyPosition":["prefix"],"_EventCost":[""],"_EventURL":[""],"_EventTimezone":["Europe\/Madrid"],"_EventTimezoneAbbr":["CEST"]},"_links":{"self":[{"href":"https:\/\/www.comunicacionyescuela.es\/2021\/wp-json\/wp\/v2\/tribe_events\/439"}],"collection":[{"href":"https:\/\/www.comunicacionyescuela.es\/2021\/wp-json\/wp\/v2\/tribe_events"}],"about":[{"href":"https:\/\/www.comunicacionyescuela.es\/2021\/wp-json\/wp\/v2\/types\/tribe_events"}],"author":[{"embeddable":true,"href":"https:\/\/www.comunicacionyescuela.es\/2021\/wp-json\/wp\/v2\/users\/2"}],"replies":[{"embeddable":true,"href":"https:\/\/www.comunicacionyescuela.es\/2021\/wp-json\/wp\/v2\/comments?post=439"}],"version-history":[{"count":1,"href":"https:\/\/www.comunicacionyescuela.es\/2021\/wp-json\/wp\/v2\/tribe_events\/439\/revisions"}],"predecessor-version":[{"id":440,"href":"https:\/\/www.comunicacionyescuela.es\/2021\/wp-json\/wp\/v2\/tribe_events\/439\/revisions\/440"}],"wp:attachment":[{"href":"https:\/\/www.comunicacionyescuela.es\/2021\/wp-json\/wp\/v2\/media?parent=439"}],"wp:term":[{"taxonomy":"post_tag","embeddable":true,"href":"https:\/\/www.comunicacionyescuela.es\/2021\/wp-json\/wp\/v2\/tags?post=439"},{"taxonomy":"tribe_events_cat","embeddable":true,"href":"https:\/\/www.comunicacionyescuela.es\/2021\/wp-json\/wp\/v2\/tribe_events_cat?post=439"}],"curies":[{"name":"wp","href":"https:\/\/api.w.org\/{rel}","templated":true}]}}

<p>INTERVIENE:<br />
<strong>D. Adrián Barbón Rodríguez</strong>. Presidente del Principado de<br />
Asturias<br />
MODERA:<br />
<strong>D. Alberto Menéndez</strong>. Periodista<br />
PRESENTAN:<br />
<strong>Dña. Manuela Busto Fidalgo</strong>. Biblioteca de Castropol<br />
<strong>D. Luis Felipe Fernández García</strong>. Coordinador del Foro<br />
Comunicación y Escuela.<br />
Casa de Cultura de Castropol. 19,30 horas<br />
Dirigida al público en general<br />
COLABORA:<br />
Biblioteca Menéndez Pelayo. Castropol<br />
Nota: esta actividad se programa como presencial. En caso de que<br />
no fuera posible la conferencia presencial por motivos sanitarios, se<br />
llevaría a cabo en la modalidad online.</p>

<p>INTERVIENE: D. Adrián Barbón Rodríguez. Presidente del Principado de Asturias MODERA: D. Alberto Menéndez. Periodista PRESENTAN: Dña. Manuela Busto Fidalgo. Biblioteca de Castropol D. Luis Felipe Fernández García. Coordinador del &#8230; <a title="Conferencia: “Presente y futuro del medio rural en Asturias”" class="read-more" href="https://www.comunicacionyescuela.es/2021/event/conferencia-presente-y-futuro-del-medio-rural-en-asturias-2/" aria-label="Leer más sobre Conferencia: “Presente y futuro del medio rural en Asturias”">Leer más</a></p>
