{"id":437,"date":"2021-04-02T17:02:13","date_gmt":"2021-04-02T15:02:13","guid":{"rendered":"https:\/\/comunicacionyescuela.es\/2021\/?post_type=tribe_events&#038;p=437"},"modified":"2021-04-02T17:02:13","modified_gmt":"2021-04-02T15:02:13","slug":"escritura-y-publicacion-del-libro-las-aventuras-de-nube","status":"publish","type":"tribe_events","link":"https:\/\/www.comunicacionyescuela.es\/2021\/event\/escritura-y-publicacion-del-libro-las-aventuras-de-nube\/","title":{"rendered":"Escritura y publicaci\u00f3n del libro: Las aventuras de Nube"},"content":{"rendered":"<p>Escritura y publicaci\u00f3n del libro: Las<br \/>\naventuras de Nube<br \/>\nEn el marco de este XIII Foro Comunicaci\u00f3n y Escuela el<br \/>\nalumnado de 2\u00ba de Educaci\u00f3n Secundaria del IES Elisa y Luis<br \/>\nVillamil participar\u00e1 en la publicaci\u00f3n de un libro de relatos<br \/>\nescrito por los propios estudiantes.<br \/>\nREQUISITOS<br \/>\nLa participaci\u00f3n consistir\u00e1 en la realizaci\u00f3n de un relato<br \/>\ncuya extensi\u00f3n y normas se dar\u00e1n a conocer en su momento.<br \/>\nUn jurado, cuya composici\u00f3n se facilitar\u00e1 oportunamente,<br \/>\nseleccionar\u00e1 los relatos, que ser\u00e1n publicados en un libro. Podr\u00e1n<br \/>\nparticipar todos los alumnos matriculados en 2\u00ba de Educaci\u00f3n<br \/>\nSecundaria del IES Elisa y Luis Villamil.<br \/>\nPRESENTACI\u00d3N Y PLAZO<br \/>\nLos alumnos escribir\u00e1n los relatos entre abril y mayo de 2021<br \/>\nFALLO DEL JURADO<br \/>\nEl jurado estar\u00e1 compuesto por profesores del Departamento<br \/>\nde Lengua que no impartan clase en los cursos de 2\u00ba de ESO,<br \/>\nel propietario del poni Nube y otras personas de reconocido<br \/>\nprestigio. El fallo del jurado se dar\u00e1 a conocer en el mes de junio<br \/>\nde 2021.<br \/>\nPREMIO<br \/>\nLos alumnos cuyos trabajos sean seleccionados tendr\u00e1n como<br \/>\npremio la publicaci\u00f3n de estos en un libro de relatos que ser\u00e1<br \/>\nprologado por la escritora Ana Alcolea, Premio Anaya de Literatura<br \/>\nInfantil y Juvenil y Premio Cervantes Chico. El libro incluir\u00e1<br \/>\nilustraciones realizadas por la profesora del IES Elisa y Luis Villamil,<br \/>\nLulas Somoza.<br \/>\nLa presentaci\u00f3n del libro tendr\u00e1 lugar el d\u00eda 19 de noviembre de<br \/>\n2021 coincidiendo con la clausura del XIII Foro Comunicaci\u00f3n y<br \/>\nEscuela.<br \/>\nDirigido a los alumnos de 2\u00ba de Educaci\u00f3n Secundaria<br \/>\nPARTICIPA:<br \/>\nInstituto de Educaci\u00f3n Secundaria \u201cElisa y Luis Villamil\u201d. Vegadeo<\/p>\n","protected":false},"excerpt":{"rendered":"<p>Escritura y publicaci\u00f3n del libro: Las aventuras de Nube En el marco de este XIII Foro Comunicaci\u00f3n y Escuela el alumnado de 2\u00ba de Educaci\u00f3n Secundaria del IES Elisa y &#8230; <a title=\"Escritura y publicaci\u00f3n del libro: Las aventuras de Nube\" class=\"read-more\" href=\"https:\/\/www.comunicacionyescuela.es\/2021\/event\/escritura-y-publicacion-del-libro-las-aventuras-de-nube\/\" aria-label=\"Leer m\u00e1s sobre Escritura y publicaci\u00f3n del libro: Las aventuras de Nube\">Leer m\u00e1s<\/a><\/p>\n","protected":false},"author":2,"featured_media":0,"comment_status":"open","ping_status":"closed","template":"","meta":{"ngg_post_thumbnail":0,"_tribe_events_status":"","_tribe_events_status_reason":"","footnotes":""},"tags":[],"tribe_events_cat":[38],"_EventStartDate":"2021-04-01 00:00:00","_EventEndDate":"2021-11-30 23:59:59","_EventAllDay":"yes","metadatos":{"_EventOrigin":["events-calendar"],"_tribe_modified_fields":["a:19:{s:12:\"_EventOrigin\";i:1617382648;s:10:\"_edit_last\";i:1617382687;s:10:\"post_title\";i:1617382687;s:11:\"post_status\";i:1617382933;s:12:\"post_content\";i:1617382933;s:16:\"tribe_events_cat\";i:1617375733;s:17:\"_EventShowMapLink\";i:1617382933;s:13:\"_EventShowMap\";i:1617382933;s:12:\"_EventAllDay\";i:1617382933;s:15:\"_EventStartDate\";i:1617382933;s:13:\"_EventEndDate\";i:1617382933;s:18:\"_EventStartDateUTC\";i:1617382933;s:16:\"_EventEndDateUTC\";i:1617382933;s:20:\"_EventCurrencySymbol\";i:1617382933;s:22:\"_EventCurrencyPosition\";i:1617382933;s:10:\"_EventCost\";i:1617382933;s:9:\"_EventURL\";i:1617382933;s:14:\"_EventTimezone\";i:1617382933;s:18:\"_EventTimezoneAbbr\";i:1617382933;}"],"_edit_lock":["1617375597:2"],"_edit_last":["2"],"_EventShowMapLink":[""],"_EventShowMap":[""],"_EventAllDay":["yes"],"_EventStartDate":["2021-04-01 00:00:00"],"_EventEndDate":["2021-11-30 23:59:59"],"_EventStartDateUTC":["2021-03-31 22:00:00"],"_EventEndDateUTC":["2021-11-30 22:59:59"],"_EventCurrencySymbol":[""],"_EventCurrencyPosition":["prefix"],"_EventCost":[""],"_EventURL":[""],"_EventTimezone":["Europe\/Madrid"],"_EventTimezoneAbbr":["CEST"]},"_links":{"self":[{"href":"https:\/\/www.comunicacionyescuela.es\/2021\/wp-json\/wp\/v2\/tribe_events\/437"}],"collection":[{"href":"https:\/\/www.comunicacionyescuela.es\/2021\/wp-json\/wp\/v2\/tribe_events"}],"about":[{"href":"https:\/\/www.comunicacionyescuela.es\/2021\/wp-json\/wp\/v2\/types\/tribe_events"}],"author":[{"embeddable":true,"href":"https:\/\/www.comunicacionyescuela.es\/2021\/wp-json\/wp\/v2\/users\/2"}],"replies":[{"embeddable":true,"href":"https:\/\/www.comunicacionyescuela.es\/2021\/wp-json\/wp\/v2\/comments?post=437"}],"version-history":[{"count":1,"href":"https:\/\/www.comunicacionyescuela.es\/2021\/wp-json\/wp\/v2\/tribe_events\/437\/revisions"}],"predecessor-version":[{"id":438,"href":"https:\/\/www.comunicacionyescuela.es\/2021\/wp-json\/wp\/v2\/tribe_events\/437\/revisions\/438"}],"wp:attachment":[{"href":"https:\/\/www.comunicacionyescuela.es\/2021\/wp-json\/wp\/v2\/media?parent=437"}],"wp:term":[{"taxonomy":"post_tag","embeddable":true,"href":"https:\/\/www.comunicacionyescuela.es\/2021\/wp-json\/wp\/v2\/tags?post=437"},{"taxonomy":"tribe_events_cat","embeddable":true,"href":"https:\/\/www.comunicacionyescuela.es\/2021\/wp-json\/wp\/v2\/tribe_events_cat?post=437"}],"curies":[{"name":"wp","href":"https:\/\/api.w.org\/{rel}","templated":true}]}}

Escritura y publicación del libro: Las aventuras de Nube

<p>Escritura y publicación del libro: Las<br />
aventuras de Nube<br />
En el marco de este XIII Foro Comunicación y Escuela el<br />
alumnado de 2º de Educación Secundaria del IES Elisa y Luis<br />
Villamil participará en la publicación de un libro de relatos<br />
escrito por los propios estudiantes.<br />
REQUISITOS<br />
La participación consistirá en la realización de un relato<br />
cuya extensión y normas se darán a conocer en su momento.<br />
Un jurado, cuya composición se facilitará oportunamente,<br />
seleccionará los relatos, que serán publicados en un libro. Podrán<br />
participar todos los alumnos matriculados en 2º de Educación<br />
Secundaria del IES Elisa y Luis Villamil.<br />
PRESENTACIÓN Y PLAZO<br />
Los alumnos escribirán los relatos entre abril y mayo de 2021<br />
FALLO DEL JURADO<br />
El jurado estará compuesto por profesores del Departamento<br />
de Lengua que no impartan clase en los cursos de 2º de ESO,<br />
el propietario del poni Nube y otras personas de reconocido<br />
prestigio. El fallo del jurado se dará a conocer en el mes de junio<br />
de 2021.<br />
PREMIO<br />
Los alumnos cuyos trabajos sean seleccionados tendrán como<br />
premio la publicación de estos en un libro de relatos que será<br />
prologado por la escritora Ana Alcolea, Premio Anaya de Literatura<br />
Infantil y Juvenil y Premio Cervantes Chico. El libro incluirá<br />
ilustraciones realizadas por la profesora del IES Elisa y Luis Villamil,<br />
Lulas Somoza.<br />
La presentación del libro tendrá lugar el día 19 de noviembre de<br />
2021 coincidiendo con la clausura del XIII Foro Comunicación y<br />
Escuela.<br />
Dirigido a los alumnos de 2º de Educación Secundaria<br />
PARTICIPA:<br />
Instituto de Educación Secundaria “Elisa y Luis Villamil”. Vegadeo</p>

<p>Escritura y publicación del libro: Las aventuras de Nube En el marco de este XIII Foro Comunicación y Escuela el alumnado de 2º de Educación Secundaria del IES Elisa y &#8230; <a title="Escritura y publicación del libro: Las aventuras de Nube" class="read-more" href="https://www.comunicacionyescuela.es/2021/event/escritura-y-publicacion-del-libro-las-aventuras-de-nube/" aria-label="Leer más sobre Escritura y publicación del libro: Las aventuras de Nube">Leer más</a></p>
