{"id":409,"date":"2021-04-02T16:07:45","date_gmt":"2021-04-02T14:07:45","guid":{"rendered":"https:\/\/comunicacionyescuela.es\/2021\/?post_type=tribe_events&#038;p=409"},"modified":"2021-04-02T16:07:45","modified_gmt":"2021-04-02T14:07:45","slug":"resucitacion-en-tiempos-de-pandemia","status":"publish","type":"tribe_events","link":"https:\/\/www.comunicacionyescuela.es\/2021\/event\/resucitacion-en-tiempos-de-pandemia\/","title":{"rendered":"Resucitaci\u00f3n en tiempos de pandemia"},"content":{"rendered":"<p>INTERVIENE:<br \/>\n<strong>Dra. Carmen Pascual Gonz\u00e1lez<\/strong>. M\u00e9dico adjunta al Servicio<br \/>\nde Medicina Intensiva del Hospital Universitario Central de<br \/>\nAsturias (HUCA).<br \/>\n<strong>Dr. Jos\u00e9 Antonio Gonzalo Guerra<\/strong>. Presidente de la Comisi\u00f3n de<br \/>\nRCP del \u00c1rea Sanitaria IV y m\u00e9dico adjunto al Servicio de Medicina<br \/>\nIntensiva del Hospital Universitario Central de Asturias (HUCA).<br \/>\nPRESENTA:<br \/>\n<strong>D\u00f1a Cristina Fern\u00e1ndez \u00c1lvarez<\/strong>. Jefa del Departamento de<br \/>\nEducaci\u00f3n F\u00edsica del IES Elisa y Luis Villamil.<br \/>\n<strong>D. Luis Felipe Fern\u00e1ndez Garc\u00eda<\/strong>. Coordinador del Foro<br \/>\nComunicaci\u00f3n y Escuela<br \/>\nConferencia online. 12 horas.<br \/>\nDirigida a los alumnos de 3\u00ba y 4\u00ba de Educaci\u00f3n Secundaria<br \/>\nPARTICIPA:<br \/>\nInstituto de Educaci\u00f3n Secundaria \u201cElisa y Luis Villamil\u201d. Vegadeo<\/p>\n","protected":false},"excerpt":{"rendered":"<p>INTERVIENE: Dra. Carmen Pascual Gonz\u00e1lez. M\u00e9dico adjunta al Servicio de Medicina Intensiva del Hospital Universitario Central de Asturias (HUCA). Dr. Jos\u00e9 Antonio Gonzalo Guerra. Presidente de la Comisi\u00f3n de RCP &#8230; <a title=\"Resucitaci\u00f3n en tiempos de pandemia\" class=\"read-more\" href=\"https:\/\/www.comunicacionyescuela.es\/2021\/event\/resucitacion-en-tiempos-de-pandemia\/\" aria-label=\"Leer m\u00e1s sobre Resucitaci\u00f3n en tiempos de pandemia\">Leer m\u00e1s<\/a><\/p>\n","protected":false},"author":2,"featured_media":0,"comment_status":"open","ping_status":"closed","template":"","meta":{"ngg_post_thumbnail":0,"_tribe_events_status":"","_tribe_events_status_reason":"","footnotes":""},"tags":[],"tribe_events_cat":[23],"_EventStartDate":"2021-10-27 12:00:00","_EventEndDate":"2021-10-27 12:00:00","_EventAllDay":"","metadatos":{"_EventOrigin":["events-calendar"],"_tribe_modified_fields":["a:19:{s:12:\"_EventOrigin\";i:1617379526;s:10:\"_edit_last\";i:1617379535;s:10:\"post_title\";i:1617379535;s:11:\"post_status\";i:1617379665;s:12:\"post_content\";i:1617379665;s:16:\"tribe_events_cat\";i:1617372465;s:17:\"_EventShowMapLink\";i:1617379665;s:13:\"_EventShowMap\";i:1617379665;s:15:\"_EventStartDate\";i:1617379665;s:13:\"_EventEndDate\";i:1617379665;s:18:\"_EventStartDateUTC\";i:1617379665;s:16:\"_EventEndDateUTC\";i:1617379665;s:14:\"_EventDuration\";i:1617379665;s:20:\"_EventCurrencySymbol\";i:1617379665;s:22:\"_EventCurrencyPosition\";i:1617379665;s:10:\"_EventCost\";i:1617379665;s:9:\"_EventURL\";i:1617379665;s:14:\"_EventTimezone\";i:1617379665;s:18:\"_EventTimezoneAbbr\";i:1617379665;}"],"_edit_lock":["1617372440:2"],"_edit_last":["2"],"_EventShowMapLink":[""],"_EventShowMap":[""],"_EventStartDate":["2021-10-27 12:00:00"],"_EventEndDate":["2021-10-27 12:00:00"],"_EventStartDateUTC":["2021-10-27 10:00:00"],"_EventEndDateUTC":["2021-10-27 10:00:00"],"_EventDuration":["0"],"_EventCurrencySymbol":[""],"_EventCurrencyPosition":["prefix"],"_EventCost":[""],"_EventURL":[""],"_EventTimezone":["Europe\/Madrid"],"_EventTimezoneAbbr":["CEST"]},"_links":{"self":[{"href":"https:\/\/www.comunicacionyescuela.es\/2021\/wp-json\/wp\/v2\/tribe_events\/409"}],"collection":[{"href":"https:\/\/www.comunicacionyescuela.es\/2021\/wp-json\/wp\/v2\/tribe_events"}],"about":[{"href":"https:\/\/www.comunicacionyescuela.es\/2021\/wp-json\/wp\/v2\/types\/tribe_events"}],"author":[{"embeddable":true,"href":"https:\/\/www.comunicacionyescuela.es\/2021\/wp-json\/wp\/v2\/users\/2"}],"replies":[{"embeddable":true,"href":"https:\/\/www.comunicacionyescuela.es\/2021\/wp-json\/wp\/v2\/comments?post=409"}],"version-history":[{"count":1,"href":"https:\/\/www.comunicacionyescuela.es\/2021\/wp-json\/wp\/v2\/tribe_events\/409\/revisions"}],"predecessor-version":[{"id":410,"href":"https:\/\/www.comunicacionyescuela.es\/2021\/wp-json\/wp\/v2\/tribe_events\/409\/revisions\/410"}],"wp:attachment":[{"href":"https:\/\/www.comunicacionyescuela.es\/2021\/wp-json\/wp\/v2\/media?parent=409"}],"wp:term":[{"taxonomy":"post_tag","embeddable":true,"href":"https:\/\/www.comunicacionyescuela.es\/2021\/wp-json\/wp\/v2\/tags?post=409"},{"taxonomy":"tribe_events_cat","embeddable":true,"href":"https:\/\/www.comunicacionyescuela.es\/2021\/wp-json\/wp\/v2\/tribe_events_cat?post=409"}],"curies":[{"name":"wp","href":"https:\/\/api.w.org\/{rel}","templated":true}]}}

Resucitación en tiempos de pandemia

<p>INTERVIENE:<br />
<strong>Dra. Carmen Pascual González</strong>. Médico adjunta al Servicio<br />
de Medicina Intensiva del Hospital Universitario Central de<br />
Asturias (HUCA).<br />
<strong>Dr. José Antonio Gonzalo Guerra</strong>. Presidente de la Comisión de<br />
RCP del Área Sanitaria IV y médico adjunto al Servicio de Medicina<br />
Intensiva del Hospital Universitario Central de Asturias (HUCA).<br />
PRESENTA:<br />
<strong>Dña Cristina Fernández Álvarez</strong>. Jefa del Departamento de<br />
Educación Física del IES Elisa y Luis Villamil.<br />
<strong>D. Luis Felipe Fernández García</strong>. Coordinador del Foro<br />
Comunicación y Escuela<br />
Conferencia online. 12 horas.<br />
Dirigida a los alumnos de 3º y 4º de Educación Secundaria<br />
PARTICIPA:<br />
Instituto de Educación Secundaria “Elisa y Luis Villamil”. Vegadeo</p>

<p>INTERVIENE: Dra. Carmen Pascual González. Médico adjunta al Servicio de Medicina Intensiva del Hospital Universitario Central de Asturias (HUCA). Dr. José Antonio Gonzalo Guerra. Presidente de la Comisión de RCP &#8230; <a title="Resucitación en tiempos de pandemia" class="read-more" href="https://www.comunicacionyescuela.es/2021/event/resucitacion-en-tiempos-de-pandemia/" aria-label="Leer más sobre Resucitación en tiempos de pandemia">Leer más</a></p>
