{"id":407,"date":"2021-04-02T16:05:06","date_gmt":"2021-04-02T14:05:06","guid":{"rendered":"https:\/\/comunicacionyescuela.es\/2021\/?post_type=tribe_events&#038;p=407"},"modified":"2021-04-02T16:05:06","modified_gmt":"2021-04-02T14:05:06","slug":"como-ayudar-a-que-tu-corazon-viva-mas-y-mejor","status":"publish","type":"tribe_events","link":"https:\/\/www.comunicacionyescuela.es\/2021\/event\/como-ayudar-a-que-tu-corazon-viva-mas-y-mejor\/","title":{"rendered":"C\u00f3mo ayudar a que tu coraz\u00f3n viva m\u00e1s y mejor"},"content":{"rendered":"<p>INTERVIENE:<br \/>\n<strong>Dra. Beatriz D\u00edaz Molina<\/strong>. Secretaria de la Fundaci\u00f3n Espa\u00f1ola<br \/>\ndel Coraz\u00f3n. Cardi\u00f3loga del Hospital Universitario Central de<br \/>\nAsturias (HUCA).<br \/>\nPRESENTA:<br \/>\n<strong>D. Ceferino Fern\u00e1ndez Fern\u00e1ndez<\/strong>. Profesor del Departamento de<br \/>\nBiolog\u00eda del IES Elisa y Luis Villamil.<br \/>\n<strong>D. Luis Felipe Fern\u00e1ndez Garc\u00eda<\/strong>. Coordinador del Foro<br \/>\nComunicaci\u00f3n y Escuela<br \/>\nConferencia online. 12 horas.<br \/>\nDirigida a los alumnos de 3\u00ba y 4\u00ba de Educaci\u00f3n Secundaria<br \/>\nPARTICIPA:<br \/>\nInstituto de Educaci\u00f3n Secundaria \u201cElisa y Luis Villamil\u201d. Vegadeo<\/p>\n","protected":false},"excerpt":{"rendered":"<p>INTERVIENE: Dra. Beatriz D\u00edaz Molina. Secretaria de la Fundaci\u00f3n Espa\u00f1ola del Coraz\u00f3n. Cardi\u00f3loga del Hospital Universitario Central de Asturias (HUCA). PRESENTA: D. Ceferino Fern\u00e1ndez Fern\u00e1ndez. Profesor del Departamento de Biolog\u00eda &#8230; <a title=\"C\u00f3mo ayudar a que tu coraz\u00f3n viva m\u00e1s y mejor\" class=\"read-more\" href=\"https:\/\/www.comunicacionyescuela.es\/2021\/event\/como-ayudar-a-que-tu-corazon-viva-mas-y-mejor\/\" aria-label=\"Leer m\u00e1s sobre C\u00f3mo ayudar a que tu coraz\u00f3n viva m\u00e1s y mejor\">Leer m\u00e1s<\/a><\/p>\n","protected":false},"author":2,"featured_media":0,"comment_status":"open","ping_status":"closed","template":"","meta":{"ngg_post_thumbnail":0,"_tribe_events_status":"","_tribe_events_status_reason":"","footnotes":""},"tags":[],"tribe_events_cat":[23],"_EventStartDate":"2021-10-19 12:00:00","_EventEndDate":"2021-10-19 12:00:00","_EventAllDay":"","metadatos":{"_EventOrigin":["events-calendar"],"_tribe_modified_fields":["a:19:{s:12:\"_EventOrigin\";i:1617379372;s:10:\"_edit_last\";i:1617379383;s:10:\"post_title\";i:1617379383;s:11:\"post_status\";i:1617379506;s:12:\"post_content\";i:1617379506;s:16:\"tribe_events_cat\";i:1617372306;s:17:\"_EventShowMapLink\";i:1617379506;s:13:\"_EventShowMap\";i:1617379506;s:15:\"_EventStartDate\";i:1617379506;s:13:\"_EventEndDate\";i:1617379506;s:18:\"_EventStartDateUTC\";i:1617379506;s:16:\"_EventEndDateUTC\";i:1617379506;s:14:\"_EventDuration\";i:1617379506;s:20:\"_EventCurrencySymbol\";i:1617379506;s:22:\"_EventCurrencyPosition\";i:1617379506;s:10:\"_EventCost\";i:1617379506;s:9:\"_EventURL\";i:1617379506;s:14:\"_EventTimezone\";i:1617379506;s:18:\"_EventTimezoneAbbr\";i:1617379506;}"],"_edit_lock":["1617372183:2"],"_edit_last":["2"],"_EventShowMapLink":[""],"_EventShowMap":[""],"_EventStartDate":["2021-10-19 12:00:00"],"_EventEndDate":["2021-10-19 12:00:00"],"_EventStartDateUTC":["2021-10-19 10:00:00"],"_EventEndDateUTC":["2021-10-19 10:00:00"],"_EventDuration":["0"],"_EventCurrencySymbol":[""],"_EventCurrencyPosition":["prefix"],"_EventCost":[""],"_EventURL":[""],"_EventTimezone":["Europe\/Madrid"],"_EventTimezoneAbbr":["CEST"]},"_links":{"self":[{"href":"https:\/\/www.comunicacionyescuela.es\/2021\/wp-json\/wp\/v2\/tribe_events\/407"}],"collection":[{"href":"https:\/\/www.comunicacionyescuela.es\/2021\/wp-json\/wp\/v2\/tribe_events"}],"about":[{"href":"https:\/\/www.comunicacionyescuela.es\/2021\/wp-json\/wp\/v2\/types\/tribe_events"}],"author":[{"embeddable":true,"href":"https:\/\/www.comunicacionyescuela.es\/2021\/wp-json\/wp\/v2\/users\/2"}],"replies":[{"embeddable":true,"href":"https:\/\/www.comunicacionyescuela.es\/2021\/wp-json\/wp\/v2\/comments?post=407"}],"version-history":[{"count":1,"href":"https:\/\/www.comunicacionyescuela.es\/2021\/wp-json\/wp\/v2\/tribe_events\/407\/revisions"}],"predecessor-version":[{"id":408,"href":"https:\/\/www.comunicacionyescuela.es\/2021\/wp-json\/wp\/v2\/tribe_events\/407\/revisions\/408"}],"wp:attachment":[{"href":"https:\/\/www.comunicacionyescuela.es\/2021\/wp-json\/wp\/v2\/media?parent=407"}],"wp:term":[{"taxonomy":"post_tag","embeddable":true,"href":"https:\/\/www.comunicacionyescuela.es\/2021\/wp-json\/wp\/v2\/tags?post=407"},{"taxonomy":"tribe_events_cat","embeddable":true,"href":"https:\/\/www.comunicacionyescuela.es\/2021\/wp-json\/wp\/v2\/tribe_events_cat?post=407"}],"curies":[{"name":"wp","href":"https:\/\/api.w.org\/{rel}","templated":true}]}}

Cómo ayudar a que tu corazón viva más y mejor

<p>INTERVIENE:<br />
<strong>Dra. Beatriz Díaz Molina</strong>. Secretaria de la Fundación Española<br />
del Corazón. Cardióloga del Hospital Universitario Central de<br />
Asturias (HUCA).<br />
PRESENTA:<br />
<strong>D. Ceferino Fernández Fernández</strong>. Profesor del Departamento de<br />
Biología del IES Elisa y Luis Villamil.<br />
<strong>D. Luis Felipe Fernández García</strong>. Coordinador del Foro<br />
Comunicación y Escuela<br />
Conferencia online. 12 horas.<br />
Dirigida a los alumnos de 3º y 4º de Educación Secundaria<br />
PARTICIPA:<br />
Instituto de Educación Secundaria “Elisa y Luis Villamil”. Vegadeo</p>

<p>INTERVIENE: Dra. Beatriz Díaz Molina. Secretaria de la Fundación Española del Corazón. Cardióloga del Hospital Universitario Central de Asturias (HUCA). PRESENTA: D. Ceferino Fernández Fernández. Profesor del Departamento de Biología &#8230; <a title="Cómo ayudar a que tu corazón viva más y mejor" class="read-more" href="https://www.comunicacionyescuela.es/2021/event/como-ayudar-a-que-tu-corazon-viva-mas-y-mejor/" aria-label="Leer más sobre Cómo ayudar a que tu corazón viva más y mejor">Leer más</a></p>
