{"id":404,"date":"2021-04-02T16:00:03","date_gmt":"2021-04-02T14:00:03","guid":{"rendered":"https:\/\/comunicacionyescuela.es\/2021\/?post_type=tribe_events&#038;p=404"},"modified":"2021-04-02T16:02:29","modified_gmt":"2021-04-02T14:02:29","slug":"mujer-y-deporte-2","status":"publish","type":"tribe_events","link":"https:\/\/www.comunicacionyescuela.es\/2021\/event\/mujer-y-deporte-2\/","title":{"rendered":"Mujer y deporte"},"content":{"rendered":"<p>INTERVIENE:<br \/>\n<strong>D\u00f1a. Andrea Mir\u00f3n Castro<\/strong>. Capitana de la selecci\u00f3n espa\u00f1ola de<br \/>\nf\u00fatbol playa femenino y campeona del mundo.<br \/>\n<strong>D\u00f1a. Laura Gallego Silvente<\/strong>. Jugadora de la selecci\u00f3n espa\u00f1ola<br \/>\nde f\u00fatbol playa y campeona del mundo. Jugadora de la selecci\u00f3n<br \/>\nespa\u00f1ola de f\u00fatbol playa y campeona del mundo.<br \/>\n<strong>D\u00f1a. Mar\u00eda Yenes<\/strong>. Jugadora y capitana del equipo de f\u00fatbol<br \/>\nfemenino del Real Sporting de Gij\u00f3n<br \/>\nPRESENTA:<br \/>\n<strong>D\u00f1a. Cristina Fern\u00e1ndez \u00c1lvarez<\/strong><br \/>\n<strong>D. Luis Felipe Fern\u00e1ndez Garc\u00eda<\/strong>. Coordinador del Foro<br \/>\nComunicaci\u00f3n y Escuela<br \/>\nConferencia online. 12 horas.<br \/>\nDirigida a los alumnos de 3\u00ba y 4\u00ba de Educaci\u00f3n Secundaria<br \/>\nPARTICIPA:<br \/>\nInstituto de Educaci\u00f3n Secundaria \u201cElisa y Luis Villamil\u201d. Vegadeo<\/p>\n","protected":false},"excerpt":{"rendered":"<p>INTERVIENE: D\u00f1a. Andrea Mir\u00f3n Castro. Capitana de la selecci\u00f3n espa\u00f1ola de f\u00fatbol playa femenino y campeona del mundo. D\u00f1a. Laura Gallego Silvente. Jugadora de la selecci\u00f3n espa\u00f1ola de f\u00fatbol playa &#8230; <a title=\"Mujer y deporte\" class=\"read-more\" href=\"https:\/\/www.comunicacionyescuela.es\/2021\/event\/mujer-y-deporte-2\/\" aria-label=\"Leer m\u00e1s sobre Mujer y deporte\">Leer m\u00e1s<\/a><\/p>\n","protected":false},"author":2,"featured_media":0,"comment_status":"open","ping_status":"closed","template":"","meta":{"ngg_post_thumbnail":0,"_tribe_events_status":"","_tribe_events_status_reason":"","footnotes":""},"tags":[],"tribe_events_cat":[23],"_EventStartDate":"2021-10-07 12:00:00","_EventEndDate":"2021-10-07 12:00:00","_EventAllDay":"","metadatos":{"_EventOrigin":["events-calendar"],"_tribe_modified_fields":["a:20:{s:12:\"_EventOrigin\";i:1617379053;s:10:\"_edit_last\";i:1617379064;s:10:\"post_title\";i:1617379349;s:11:\"post_status\";i:1617379203;s:12:\"post_content\";i:1617379203;s:16:\"tribe_events_cat\";i:1617372003;s:17:\"_EventShowMapLink\";i:1617379203;s:13:\"_EventShowMap\";i:1617379203;s:15:\"_EventStartDate\";i:1617379203;s:13:\"_EventEndDate\";i:1617379203;s:18:\"_EventStartDateUTC\";i:1617379203;s:16:\"_EventEndDateUTC\";i:1617379203;s:14:\"_EventDuration\";i:1617379203;s:20:\"_EventCurrencySymbol\";i:1617379203;s:22:\"_EventCurrencyPosition\";i:1617379203;s:10:\"_EventCost\";i:1617379203;s:9:\"_EventURL\";i:1617379203;s:14:\"_EventTimezone\";i:1617379203;s:18:\"_EventTimezoneAbbr\";i:1617379203;s:12:\"_wp_old_slug\";i:1617379349;}"],"_edit_lock":["1617372028:2"],"_edit_last":["2"],"_EventShowMapLink":[""],"_EventShowMap":[""],"_EventStartDate":["2021-10-07 12:00:00"],"_EventEndDate":["2021-10-07 12:00:00"],"_EventStartDateUTC":["2021-10-07 10:00:00"],"_EventEndDateUTC":["2021-10-07 10:00:00"],"_EventDuration":["0"],"_EventCurrencySymbol":[""],"_EventCurrencyPosition":["prefix"],"_EventCost":[""],"_EventURL":[""],"_EventTimezone":["Europe\/Madrid"],"_EventTimezoneAbbr":["CEST"],"_wp_old_slug":["andrea-miron-castro"]},"_links":{"self":[{"href":"https:\/\/www.comunicacionyescuela.es\/2021\/wp-json\/wp\/v2\/tribe_events\/404"}],"collection":[{"href":"https:\/\/www.comunicacionyescuela.es\/2021\/wp-json\/wp\/v2\/tribe_events"}],"about":[{"href":"https:\/\/www.comunicacionyescuela.es\/2021\/wp-json\/wp\/v2\/types\/tribe_events"}],"author":[{"embeddable":true,"href":"https:\/\/www.comunicacionyescuela.es\/2021\/wp-json\/wp\/v2\/users\/2"}],"replies":[{"embeddable":true,"href":"https:\/\/www.comunicacionyescuela.es\/2021\/wp-json\/wp\/v2\/comments?post=404"}],"version-history":[{"count":2,"href":"https:\/\/www.comunicacionyescuela.es\/2021\/wp-json\/wp\/v2\/tribe_events\/404\/revisions"}],"predecessor-version":[{"id":406,"href":"https:\/\/www.comunicacionyescuela.es\/2021\/wp-json\/wp\/v2\/tribe_events\/404\/revisions\/406"}],"wp:attachment":[{"href":"https:\/\/www.comunicacionyescuela.es\/2021\/wp-json\/wp\/v2\/media?parent=404"}],"wp:term":[{"taxonomy":"post_tag","embeddable":true,"href":"https:\/\/www.comunicacionyescuela.es\/2021\/wp-json\/wp\/v2\/tags?post=404"},{"taxonomy":"tribe_events_cat","embeddable":true,"href":"https:\/\/www.comunicacionyescuela.es\/2021\/wp-json\/wp\/v2\/tribe_events_cat?post=404"}],"curies":[{"name":"wp","href":"https:\/\/api.w.org\/{rel}","templated":true}]}}

<p>INTERVIENE:<br />
<strong>Dña. Andrea Mirón Castro</strong>. Capitana de la selección española de<br />
fútbol playa femenino y campeona del mundo.<br />
<strong>Dña. Laura Gallego Silvente</strong>. Jugadora de la selección española<br />
de fútbol playa y campeona del mundo. Jugadora de la selección<br />
española de fútbol playa y campeona del mundo.<br />
<strong>Dña. María Yenes</strong>. Jugadora y capitana del equipo de fútbol<br />
femenino del Real Sporting de Gijón<br />
PRESENTA:<br />
<strong>Dña. Cristina Fernández Álvarez</strong><br />
<strong>D. Luis Felipe Fernández García</strong>. Coordinador del Foro<br />
Comunicación y Escuela<br />
Conferencia online. 12 horas.<br />
Dirigida a los alumnos de 3º y 4º de Educación Secundaria<br />
PARTICIPA:<br />
Instituto de Educación Secundaria “Elisa y Luis Villamil”. Vegadeo</p>

<p>INTERVIENE: Dña. Andrea Mirón Castro. Capitana de la selección española de fútbol playa femenino y campeona del mundo. Dña. Laura Gallego Silvente. Jugadora de la selección española de fútbol playa &#8230; <a title="Mujer y deporte" class="read-more" href="https://www.comunicacionyescuela.es/2021/event/mujer-y-deporte-2/" aria-label="Leer más sobre Mujer y deporte">Leer más</a></p>
