{"id":402,"date":"2021-04-02T15:56:42","date_gmt":"2021-04-02T13:56:42","guid":{"rendered":"https:\/\/comunicacionyescuela.es\/2021\/?post_type=tribe_events&#038;p=402"},"modified":"2021-04-02T15:56:42","modified_gmt":"2021-04-02T13:56:42","slug":"rocio-escondrillas","status":"publish","type":"tribe_events","link":"https:\/\/www.comunicacionyescuela.es\/2021\/event\/rocio-escondrillas\/","title":{"rendered":"Roc\u00edo Escondrillas"},"content":{"rendered":"<p>INTERVIENE:<br \/>\n<strong>D\u00f1a. Roc\u00edo Escondrillas<\/strong>. Directora Comercial y de Marketing de<br \/>\nALSA<br \/>\nPRESENTAN:<br \/>\n<strong>D\u00f1a. Mar\u00eda Fern\u00e1ndez Fern\u00e1ndez<\/strong>. Jefa del Departamento de<br \/>\nTecnolog\u00edas del IES Elisa y Luis Villamil<br \/>\n<strong>D\u00f1a. Ana Ruiz Cuetos<\/strong>. Profesora de Econom\u00eda del IES Elisa y Luis<br \/>\nVillamil<br \/>\n<strong>D. Luis Felipe Fern\u00e1ndez Garc\u00eda<\/strong>. Coordinador del Foro<br \/>\nComunicaci\u00f3n y Escuela<br \/>\nConferencia online. 12 horas.<br \/>\nDirigida a los alumnos de 2\u00ba de Bachillerato<br \/>\nPARTICIPA:<br \/>\nInstituto de Educaci\u00f3n Secundaria \u201cElisa y Luis Villamil\u201d. Vegadeo<\/p>\n","protected":false},"excerpt":{"rendered":"<p>INTERVIENE: D\u00f1a. Roc\u00edo Escondrillas. Directora Comercial y de Marketing de ALSA PRESENTAN: D\u00f1a. Mar\u00eda Fern\u00e1ndez Fern\u00e1ndez. Jefa del Departamento de Tecnolog\u00edas del IES Elisa y Luis Villamil D\u00f1a. Ana Ruiz &#8230; <a title=\"Roc\u00edo Escondrillas\" class=\"read-more\" href=\"https:\/\/www.comunicacionyescuela.es\/2021\/event\/rocio-escondrillas\/\" aria-label=\"Leer m\u00e1s sobre Roc\u00edo Escondrillas\">Leer m\u00e1s<\/a><\/p>\n","protected":false},"author":2,"featured_media":0,"comment_status":"open","ping_status":"closed","template":"","meta":{"ngg_post_thumbnail":0,"_tribe_events_status":"","_tribe_events_status_reason":"","footnotes":""},"tags":[],"tribe_events_cat":[23],"_EventStartDate":"2021-10-14 12:00:00","_EventEndDate":"2021-10-14 12:00:00","_EventAllDay":"","metadatos":{"_EventOrigin":["events-calendar"],"_tribe_modified_fields":["a:19:{s:12:\"_EventOrigin\";i:1617378851;s:10:\"_edit_last\";i:1617378890;s:10:\"post_title\";i:1617378890;s:12:\"post_content\";i:1617379003;s:11:\"post_status\";i:1617379003;s:16:\"tribe_events_cat\";i:1617371803;s:17:\"_EventShowMapLink\";i:1617379003;s:13:\"_EventShowMap\";i:1617379003;s:15:\"_EventStartDate\";i:1617379003;s:13:\"_EventEndDate\";i:1617379003;s:18:\"_EventStartDateUTC\";i:1617379003;s:16:\"_EventEndDateUTC\";i:1617379003;s:14:\"_EventDuration\";i:1617379003;s:20:\"_EventCurrencySymbol\";i:1617379003;s:22:\"_EventCurrencyPosition\";i:1617379003;s:10:\"_EventCost\";i:1617379003;s:9:\"_EventURL\";i:1617379003;s:14:\"_EventTimezone\";i:1617379003;s:18:\"_EventTimezoneAbbr\";i:1617379003;}"],"_edit_lock":["1617371709:2"],"_edit_last":["2"],"_EventShowMapLink":[""],"_EventShowMap":[""],"_EventStartDate":["2021-10-14 12:00:00"],"_EventEndDate":["2021-10-14 12:00:00"],"_EventStartDateUTC":["2021-10-14 10:00:00"],"_EventEndDateUTC":["2021-10-14 10:00:00"],"_EventDuration":["0"],"_EventCurrencySymbol":[""],"_EventCurrencyPosition":["prefix"],"_EventCost":[""],"_EventURL":[""],"_EventTimezone":["Europe\/Madrid"],"_EventTimezoneAbbr":["CEST"]},"_links":{"self":[{"href":"https:\/\/www.comunicacionyescuela.es\/2021\/wp-json\/wp\/v2\/tribe_events\/402"}],"collection":[{"href":"https:\/\/www.comunicacionyescuela.es\/2021\/wp-json\/wp\/v2\/tribe_events"}],"about":[{"href":"https:\/\/www.comunicacionyescuela.es\/2021\/wp-json\/wp\/v2\/types\/tribe_events"}],"author":[{"embeddable":true,"href":"https:\/\/www.comunicacionyescuela.es\/2021\/wp-json\/wp\/v2\/users\/2"}],"replies":[{"embeddable":true,"href":"https:\/\/www.comunicacionyescuela.es\/2021\/wp-json\/wp\/v2\/comments?post=402"}],"version-history":[{"count":1,"href":"https:\/\/www.comunicacionyescuela.es\/2021\/wp-json\/wp\/v2\/tribe_events\/402\/revisions"}],"predecessor-version":[{"id":403,"href":"https:\/\/www.comunicacionyescuela.es\/2021\/wp-json\/wp\/v2\/tribe_events\/402\/revisions\/403"}],"wp:attachment":[{"href":"https:\/\/www.comunicacionyescuela.es\/2021\/wp-json\/wp\/v2\/media?parent=402"}],"wp:term":[{"taxonomy":"post_tag","embeddable":true,"href":"https:\/\/www.comunicacionyescuela.es\/2021\/wp-json\/wp\/v2\/tags?post=402"},{"taxonomy":"tribe_events_cat","embeddable":true,"href":"https:\/\/www.comunicacionyescuela.es\/2021\/wp-json\/wp\/v2\/tribe_events_cat?post=402"}],"curies":[{"name":"wp","href":"https:\/\/api.w.org\/{rel}","templated":true}]}}

Rocío Escondrillas

<p>INTERVIENE:<br />
<strong>Dña. Rocío Escondrillas</strong>. Directora Comercial y de Marketing de<br />
ALSA<br />
PRESENTAN:<br />
<strong>Dña. María Fernández Fernández</strong>. Jefa del Departamento de<br />
Tecnologías del IES Elisa y Luis Villamil<br />
<strong>Dña. Ana Ruiz Cuetos</strong>. Profesora de Economía del IES Elisa y Luis<br />
Villamil<br />
<strong>D. Luis Felipe Fernández García</strong>. Coordinador del Foro<br />
Comunicación y Escuela<br />
Conferencia online. 12 horas.<br />
Dirigida a los alumnos de 2º de Bachillerato<br />
PARTICIPA:<br />
Instituto de Educación Secundaria “Elisa y Luis Villamil”. Vegadeo</p>

<p>INTERVIENE: Dña. Rocío Escondrillas. Directora Comercial y de Marketing de ALSA PRESENTAN: Dña. María Fernández Fernández. Jefa del Departamento de Tecnologías del IES Elisa y Luis Villamil Dña. Ana Ruiz &#8230; <a title="Rocío Escondrillas" class="read-more" href="https://www.comunicacionyescuela.es/2021/event/rocio-escondrillas/" aria-label="Leer más sobre Rocío Escondrillas">Leer más</a></p>
