{"id":398,"date":"2021-04-01T18:39:09","date_gmt":"2021-04-01T16:39:09","guid":{"rendered":"https:\/\/comunicacionyescuela.es\/2021\/?post_type=tribe_events&#038;p=398"},"modified":"2021-04-06T14:41:17","modified_gmt":"2021-04-06T12:41:17","slug":"desarrollo-humano-e-ingenieria-del-agua","status":"publish","type":"tribe_events","link":"https:\/\/www.comunicacionyescuela.es\/2021\/event\/desarrollo-humano-e-ingenieria-del-agua\/","title":{"rendered":"Desarrollo humano e ingenier\u00eda del agua"},"content":{"rendered":"<p>INTERVIENE:<br \/>\n<strong>D\u00f1a. Carmen Molej\u00f3n Quintana<\/strong>. Ingeniera de Caminos, Canales<br \/>\ny Puertos. Ex alumna del IES Elisa y Luis Villamil<br \/>\nPRESENTAN:<br \/>\n<strong>D. Emilio Garc\u00eda Garc\u00eda<\/strong>. Jefe del Departamento de Filosof\u00eda del<br \/>\nIES Elisa y Luis Villamil<br \/>\n<strong>D. Luis Felipe Fern\u00e1ndez Garc\u00eda<\/strong>. Coordinador del Foro<br \/>\nComunicaci\u00f3n y Escuela<br \/>\nConferencia online. 12 horas<br \/>\nDirigida a los alumnos de 1\u00ba de Bachillerato<br \/>\nPARTICIPA:<br \/>\nInstituto de Educaci\u00f3n Secundaria \u201cElisa y Luis Villamil\u201d. Vegadeo<br \/>\nNota: La conferenciante D\u00f1a. Carmen Molej\u00f3n Quintana es natural de<br \/>\nLourido (San Tirso de Abres).<\/p>\n","protected":false},"excerpt":{"rendered":"<p>INTERVIENE: D\u00f1a. Carmen Molej\u00f3n Quintana. Ingeniera de Caminos, Canales y Puertos. Ex alumna del IES Elisa y Luis Villamil PRESENTAN: D. Emilio Garc\u00eda Garc\u00eda. Jefe del Departamento de Filosof\u00eda del &#8230; <a title=\"Desarrollo humano e ingenier\u00eda del agua\" class=\"read-more\" href=\"https:\/\/www.comunicacionyescuela.es\/2021\/event\/desarrollo-humano-e-ingenieria-del-agua\/\" aria-label=\"Leer m\u00e1s sobre Desarrollo humano e ingenier\u00eda del agua\">Leer m\u00e1s<\/a><\/p>\n","protected":false},"author":2,"featured_media":0,"comment_status":"open","ping_status":"closed","template":"","meta":{"ngg_post_thumbnail":0,"_tribe_events_status":"","_tribe_events_status_reason":"","footnotes":""},"tags":[],"tribe_events_cat":[23],"_EventStartDate":"2021-06-22 12:00:00","_EventEndDate":"2021-06-22 12:00:00","_EventAllDay":"","metadatos":{"_EventOrigin":["events-calendar"],"_tribe_modified_fields":["a:19:{s:12:\"_EventOrigin\";i:1617302214;s:10:\"_edit_last\";i:1617302225;s:10:\"post_title\";i:1617302225;s:11:\"post_status\";i:1617302350;s:12:\"post_content\";i:1617302350;s:16:\"tribe_events_cat\";i:1617295150;s:17:\"_EventShowMapLink\";i:1617302350;s:13:\"_EventShowMap\";i:1617302350;s:15:\"_EventStartDate\";i:1617720077;s:13:\"_EventEndDate\";i:1617720077;s:18:\"_EventStartDateUTC\";i:1617720077;s:16:\"_EventEndDateUTC\";i:1617720077;s:14:\"_EventDuration\";i:1617302350;s:20:\"_EventCurrencySymbol\";i:1617302350;s:22:\"_EventCurrencyPosition\";i:1617302350;s:10:\"_EventCost\";i:1617302350;s:9:\"_EventURL\";i:1617302350;s:14:\"_EventTimezone\";i:1617302350;s:18:\"_EventTimezoneAbbr\";i:1617302350;}"],"_edit_lock":["1617866802:2"],"_edit_last":["2"],"_EventShowMapLink":[""],"_EventShowMap":[""],"_EventStartDate":["2021-06-22 12:00:00"],"_EventEndDate":["2021-06-22 12:00:00"],"_EventStartDateUTC":["2021-06-22 10:00:00"],"_EventEndDateUTC":["2021-06-22 10:00:00"],"_EventDuration":["0"],"_EventCurrencySymbol":[""],"_EventCurrencyPosition":["prefix"],"_EventCost":[""],"_EventURL":[""],"_EventTimezone":["Europe\/Madrid"],"_EventTimezoneAbbr":["CEST"]},"_links":{"self":[{"href":"https:\/\/www.comunicacionyescuela.es\/2021\/wp-json\/wp\/v2\/tribe_events\/398"}],"collection":[{"href":"https:\/\/www.comunicacionyescuela.es\/2021\/wp-json\/wp\/v2\/tribe_events"}],"about":[{"href":"https:\/\/www.comunicacionyescuela.es\/2021\/wp-json\/wp\/v2\/types\/tribe_events"}],"author":[{"embeddable":true,"href":"https:\/\/www.comunicacionyescuela.es\/2021\/wp-json\/wp\/v2\/users\/2"}],"replies":[{"embeddable":true,"href":"https:\/\/www.comunicacionyescuela.es\/2021\/wp-json\/wp\/v2\/comments?post=398"}],"version-history":[{"count":1,"href":"https:\/\/www.comunicacionyescuela.es\/2021\/wp-json\/wp\/v2\/tribe_events\/398\/revisions"}],"predecessor-version":[{"id":399,"href":"https:\/\/www.comunicacionyescuela.es\/2021\/wp-json\/wp\/v2\/tribe_events\/398\/revisions\/399"}],"wp:attachment":[{"href":"https:\/\/www.comunicacionyescuela.es\/2021\/wp-json\/wp\/v2\/media?parent=398"}],"wp:term":[{"taxonomy":"post_tag","embeddable":true,"href":"https:\/\/www.comunicacionyescuela.es\/2021\/wp-json\/wp\/v2\/tags?post=398"},{"taxonomy":"tribe_events_cat","embeddable":true,"href":"https:\/\/www.comunicacionyescuela.es\/2021\/wp-json\/wp\/v2\/tribe_events_cat?post=398"}],"curies":[{"name":"wp","href":"https:\/\/api.w.org\/{rel}","templated":true}]}}

Desarrollo humano e ingeniería del agua

<p>INTERVIENE:<br />
<strong>Dña. Carmen Molejón Quintana</strong>. Ingeniera de Caminos, Canales<br />
y Puertos. Ex alumna del IES Elisa y Luis Villamil<br />
PRESENTAN:<br />
<strong>D. Emilio García García</strong>. Jefe del Departamento de Filosofía del<br />
IES Elisa y Luis Villamil<br />
<strong>D. Luis Felipe Fernández García</strong>. Coordinador del Foro<br />
Comunicación y Escuela<br />
Conferencia online. 12 horas<br />
Dirigida a los alumnos de 1º de Bachillerato<br />
PARTICIPA:<br />
Instituto de Educación Secundaria “Elisa y Luis Villamil”. Vegadeo<br />
Nota: La conferenciante Dña. Carmen Molejón Quintana es natural de<br />
Lourido (San Tirso de Abres).</p>

<p>INTERVIENE: Dña. Carmen Molejón Quintana. Ingeniera de Caminos, Canales y Puertos. Ex alumna del IES Elisa y Luis Villamil PRESENTAN: D. Emilio García García. Jefe del Departamento de Filosofía del &#8230; <a title="Desarrollo humano e ingeniería del agua" class="read-more" href="https://www.comunicacionyescuela.es/2021/event/desarrollo-humano-e-ingenieria-del-agua/" aria-label="Leer más sobre Desarrollo humano e ingeniería del agua">Leer más</a></p>
