{"id":396,"date":"2021-04-01T18:35:33","date_gmt":"2021-04-01T16:35:33","guid":{"rendered":"https:\/\/comunicacionyescuela.es\/2021\/?post_type=tribe_events&#038;p=396"},"modified":"2021-04-06T14:40:24","modified_gmt":"2021-04-06T12:40:24","slug":"sostenibilidad-y-fuentes-de-energia-2","status":"publish","type":"tribe_events","link":"https:\/\/www.comunicacionyescuela.es\/2021\/event\/sostenibilidad-y-fuentes-de-energia-2\/","title":{"rendered":"Sostenibilidad y fuentes de energ\u00eda"},"content":{"rendered":"<p>INTERVIENE:<br \/>\n<strong>D\u00f1a. Mar\u00eda Casares Candebat<\/strong>. Directora de Sostenibilidad<br \/>\nde EDP<br \/>\nPRESENTA:<br \/>\n<strong>D\u00f1a. Mar\u00eda Jes\u00fas Millares Saavedra<\/strong>. Profesora del Departamento<br \/>\nde Biolog\u00eda del IES Elisa y Luis Villamil<br \/>\n<strong>D. Luis Felipe Fern\u00e1ndez Garc\u00eda<\/strong>. Coordinador del Foro<br \/>\nComunicaci\u00f3n y Escuela<br \/>\nConferencia online. 12 horas<br \/>\nDirigida a los alumnos de 1\u00ba de Educaci\u00f3n Secundaria<br \/>\nCOLABORA:<br \/>\nFundaci\u00f3n EDP<br \/>\nPARTICIPA:<br \/>\nInstituto de Educaci\u00f3n Secundaria \u201cElisa y Luis Villamil\u201d. Vegadeo<\/p>\n","protected":false},"excerpt":{"rendered":"<p>INTERVIENE: D\u00f1a. Mar\u00eda Casares Candebat. Directora de Sostenibilidad de EDP PRESENTA: D\u00f1a. Mar\u00eda Jes\u00fas Millares Saavedra. Profesora del Departamento de Biolog\u00eda del IES Elisa y Luis Villamil D. Luis Felipe &#8230; <a title=\"Sostenibilidad y fuentes de energ\u00eda\" class=\"read-more\" href=\"https:\/\/www.comunicacionyescuela.es\/2021\/event\/sostenibilidad-y-fuentes-de-energia-2\/\" aria-label=\"Leer m\u00e1s sobre Sostenibilidad y fuentes de energ\u00eda\">Leer m\u00e1s<\/a><\/p>\n","protected":false},"author":2,"featured_media":0,"comment_status":"open","ping_status":"closed","template":"","meta":{"ngg_post_thumbnail":0,"_tribe_events_status":"","_tribe_events_status_reason":"","footnotes":""},"tags":[],"tribe_events_cat":[29],"_EventStartDate":"2021-06-21 12:00:00","_EventEndDate":"2021-06-21 12:00:00","_EventAllDay":"","metadatos":{"_EventOrigin":["events-calendar"],"_tribe_modified_fields":["a:19:{s:12:\"_EventOrigin\";i:1617301994;s:10:\"_edit_last\";i:1617302005;s:10:\"post_title\";i:1617302005;s:11:\"post_status\";i:1617302133;s:12:\"post_content\";i:1617302133;s:16:\"tribe_events_cat\";i:1617294933;s:17:\"_EventShowMapLink\";i:1617302133;s:13:\"_EventShowMap\";i:1617302133;s:15:\"_EventStartDate\";i:1617720024;s:13:\"_EventEndDate\";i:1617720024;s:18:\"_EventStartDateUTC\";i:1617720024;s:16:\"_EventEndDateUTC\";i:1617720024;s:14:\"_EventDuration\";i:1617302133;s:20:\"_EventCurrencySymbol\";i:1617302133;s:22:\"_EventCurrencyPosition\";i:1617302133;s:10:\"_EventCost\";i:1617302133;s:9:\"_EventURL\";i:1617302133;s:14:\"_EventTimezone\";i:1617302133;s:18:\"_EventTimezoneAbbr\";i:1617302133;}"],"_edit_lock":["1617712707:2"],"_edit_last":["2"],"_EventShowMapLink":[""],"_EventShowMap":[""],"_EventStartDate":["2021-06-21 12:00:00"],"_EventEndDate":["2021-06-21 12:00:00"],"_EventStartDateUTC":["2021-06-21 10:00:00"],"_EventEndDateUTC":["2021-06-21 10:00:00"],"_EventDuration":["0"],"_EventCurrencySymbol":[""],"_EventCurrencyPosition":["prefix"],"_EventCost":[""],"_EventURL":[""],"_EventTimezone":["Europe\/Madrid"],"_EventTimezoneAbbr":["CEST"]},"_links":{"self":[{"href":"https:\/\/www.comunicacionyescuela.es\/2021\/wp-json\/wp\/v2\/tribe_events\/396"}],"collection":[{"href":"https:\/\/www.comunicacionyescuela.es\/2021\/wp-json\/wp\/v2\/tribe_events"}],"about":[{"href":"https:\/\/www.comunicacionyescuela.es\/2021\/wp-json\/wp\/v2\/types\/tribe_events"}],"author":[{"embeddable":true,"href":"https:\/\/www.comunicacionyescuela.es\/2021\/wp-json\/wp\/v2\/users\/2"}],"replies":[{"embeddable":true,"href":"https:\/\/www.comunicacionyescuela.es\/2021\/wp-json\/wp\/v2\/comments?post=396"}],"version-history":[{"count":1,"href":"https:\/\/www.comunicacionyescuela.es\/2021\/wp-json\/wp\/v2\/tribe_events\/396\/revisions"}],"predecessor-version":[{"id":397,"href":"https:\/\/www.comunicacionyescuela.es\/2021\/wp-json\/wp\/v2\/tribe_events\/396\/revisions\/397"}],"wp:attachment":[{"href":"https:\/\/www.comunicacionyescuela.es\/2021\/wp-json\/wp\/v2\/media?parent=396"}],"wp:term":[{"taxonomy":"post_tag","embeddable":true,"href":"https:\/\/www.comunicacionyescuela.es\/2021\/wp-json\/wp\/v2\/tags?post=396"},{"taxonomy":"tribe_events_cat","embeddable":true,"href":"https:\/\/www.comunicacionyescuela.es\/2021\/wp-json\/wp\/v2\/tribe_events_cat?post=396"}],"curies":[{"name":"wp","href":"https:\/\/api.w.org\/{rel}","templated":true}]}}

Sostenibilidad y fuentes de energía

<p>INTERVIENE:<br />
<strong>Dña. María Casares Candebat</strong>. Directora de Sostenibilidad<br />
de EDP<br />
PRESENTA:<br />
<strong>Dña. María Jesús Millares Saavedra</strong>. Profesora del Departamento<br />
de Biología del IES Elisa y Luis Villamil<br />
<strong>D. Luis Felipe Fernández García</strong>. Coordinador del Foro<br />
Comunicación y Escuela<br />
Conferencia online. 12 horas<br />
Dirigida a los alumnos de 1º de Educación Secundaria<br />
COLABORA:<br />
Fundación EDP<br />
PARTICIPA:<br />
Instituto de Educación Secundaria “Elisa y Luis Villamil”. Vegadeo</p>

<p>INTERVIENE: Dña. María Casares Candebat. Directora de Sostenibilidad de EDP PRESENTA: Dña. María Jesús Millares Saavedra. Profesora del Departamento de Biología del IES Elisa y Luis Villamil D. Luis Felipe &#8230; <a title="Sostenibilidad y fuentes de energía" class="read-more" href="https://www.comunicacionyescuela.es/2021/event/sostenibilidad-y-fuentes-de-energia-2/" aria-label="Leer más sobre Sostenibilidad y fuentes de energía">Leer más</a></p>
