{"id":383,"date":"2021-04-01T17:45:17","date_gmt":"2021-04-01T15:45:17","guid":{"rendered":"https:\/\/comunicacionyescuela.es\/2021\/?post_type=tribe_events&#038;p=383"},"modified":"2021-04-01T18:24:07","modified_gmt":"2021-04-01T16:24:07","slug":"ana-alonso","status":"publish","type":"tribe_events","link":"https:\/\/www.comunicacionyescuela.es\/2021\/event\/ana-alonso\/","title":{"rendered":"Ana Alonso"},"content":{"rendered":"<p>CENTRO: COLEGIO JOVELLANOS. VEGADEO<br \/>\n<strong>D\u00f1a.<\/strong> <strong>Ana Alonso<\/strong>. Escritora<br \/>\n<strong>D\u00f1a. Mar\u00eda Carmen Mart\u00ednez Rodr\u00edguez<\/strong>. Investigadora<br \/>\ndel CSIC. Autora del libro Historia de una rosa (Ed. Anaya,<br \/>\n2019), libro le\u00eddo por los alumnos de de 5\u00ba y 6\u00ba de Educaci\u00f3n<br \/>\nPrimaria, basado en la investigaci\u00f3n de la <strong>Dra. Mar\u00eda del<\/strong><br \/>\n<strong>Carmen Mart\u00ednez Rodr\u00edguez.<\/strong><br \/>\nPRESENTAN:<br \/>\n<strong>D\u00f1a. Bel\u00e9n Rico Prieto<\/strong>. Profesora del Colegio Jovellanos<br \/>\n<strong>D. Luis Felipe Fern\u00e1ndez Garc\u00eda<\/strong>. Coordinador del Foro<br \/>\nComunicaci\u00f3n y Escuela.<br \/>\nConferencia online. 10 horas<br \/>\nDirigido a los alumnos de 5\u00ba y 6\u00ba de Educaci\u00f3n Primaria<\/p>\n","protected":false},"excerpt":{"rendered":"<p>CENTRO: COLEGIO JOVELLANOS. VEGADEO D\u00f1a. Ana Alonso. Escritora D\u00f1a. Mar\u00eda Carmen Mart\u00ednez Rodr\u00edguez. Investigadora del CSIC. Autora del libro Historia de una rosa (Ed. Anaya, 2019), libro le\u00eddo por los &#8230; <a title=\"Ana Alonso\" class=\"read-more\" href=\"https:\/\/www.comunicacionyescuela.es\/2021\/event\/ana-alonso\/\" aria-label=\"Leer m\u00e1s sobre Ana Alonso\">Leer m\u00e1s<\/a><\/p>\n","protected":false},"author":2,"featured_media":0,"comment_status":"open","ping_status":"closed","template":"","meta":{"ngg_post_thumbnail":0,"_tribe_events_status":"","_tribe_events_status_reason":"","footnotes":""},"tags":[],"tribe_events_cat":[25],"_EventStartDate":"2021-04-13 10:00:00","_EventEndDate":"2021-04-13 10:00:00","_EventAllDay":"","metadatos":{"_EventOrigin":["events-calendar"],"_tribe_modified_fields":["a:19:{s:12:\"_EventOrigin\";i:1617298947;s:10:\"_edit_last\";i:1617298984;s:10:\"post_title\";i:1617298984;s:12:\"post_content\";i:1617299117;s:11:\"post_status\";i:1617299117;s:16:\"tribe_events_cat\";i:1617294247;s:17:\"_EventShowMapLink\";i:1617299117;s:13:\"_EventShowMap\";i:1617299117;s:15:\"_EventStartDate\";i:1617299117;s:13:\"_EventEndDate\";i:1617299117;s:18:\"_EventStartDateUTC\";i:1617299117;s:16:\"_EventEndDateUTC\";i:1617299117;s:14:\"_EventDuration\";i:1617299117;s:20:\"_EventCurrencySymbol\";i:1617299117;s:22:\"_EventCurrencyPosition\";i:1617299117;s:10:\"_EventCost\";i:1617299117;s:9:\"_EventURL\";i:1617299117;s:14:\"_EventTimezone\";i:1617299117;s:18:\"_EventTimezoneAbbr\";i:1617299117;}"],"_edit_lock":["1617294126:2"],"_edit_last":["2"],"_EventShowMapLink":[""],"_EventShowMap":[""],"_EventStartDate":["2021-04-13 10:00:00"],"_EventEndDate":["2021-04-13 10:00:00"],"_EventStartDateUTC":["2021-04-13 08:00:00"],"_EventEndDateUTC":["2021-04-13 08:00:00"],"_EventDuration":["0"],"_EventCurrencySymbol":[""],"_EventCurrencyPosition":["prefix"],"_EventCost":[""],"_EventURL":[""],"_EventTimezone":["Europe\/Madrid"],"_EventTimezoneAbbr":["CEST"]},"_links":{"self":[{"href":"https:\/\/www.comunicacionyescuela.es\/2021\/wp-json\/wp\/v2\/tribe_events\/383"}],"collection":[{"href":"https:\/\/www.comunicacionyescuela.es\/2021\/wp-json\/wp\/v2\/tribe_events"}],"about":[{"href":"https:\/\/www.comunicacionyescuela.es\/2021\/wp-json\/wp\/v2\/types\/tribe_events"}],"author":[{"embeddable":true,"href":"https:\/\/www.comunicacionyescuela.es\/2021\/wp-json\/wp\/v2\/users\/2"}],"replies":[{"embeddable":true,"href":"https:\/\/www.comunicacionyescuela.es\/2021\/wp-json\/wp\/v2\/comments?post=383"}],"version-history":[{"count":1,"href":"https:\/\/www.comunicacionyescuela.es\/2021\/wp-json\/wp\/v2\/tribe_events\/383\/revisions"}],"predecessor-version":[{"id":384,"href":"https:\/\/www.comunicacionyescuela.es\/2021\/wp-json\/wp\/v2\/tribe_events\/383\/revisions\/384"}],"wp:attachment":[{"href":"https:\/\/www.comunicacionyescuela.es\/2021\/wp-json\/wp\/v2\/media?parent=383"}],"wp:term":[{"taxonomy":"post_tag","embeddable":true,"href":"https:\/\/www.comunicacionyescuela.es\/2021\/wp-json\/wp\/v2\/tags?post=383"},{"taxonomy":"tribe_events_cat","embeddable":true,"href":"https:\/\/www.comunicacionyescuela.es\/2021\/wp-json\/wp\/v2\/tribe_events_cat?post=383"}],"curies":[{"name":"wp","href":"https:\/\/api.w.org\/{rel}","templated":true}]}}

<p>CENTRO: COLEGIO JOVELLANOS. VEGADEO<br />
<strong>Dña.</strong> <strong>Ana Alonso</strong>. Escritora<br />
<strong>Dña. María Carmen Martínez Rodríguez</strong>. Investigadora<br />
del CSIC. Autora del libro Historia de una rosa (Ed. Anaya,<br />
2019), libro leído por los alumnos de de 5º y 6º de Educación<br />
Primaria, basado en la investigación de la <strong>Dra. María del</strong><br />
<strong>Carmen Martínez Rodríguez.</strong><br />
PRESENTAN:<br />
<strong>Dña. Belén Rico Prieto</strong>. Profesora del Colegio Jovellanos<br />
<strong>D. Luis Felipe Fernández García</strong>. Coordinador del Foro<br />
Comunicación y Escuela.<br />
Conferencia online. 10 horas<br />
Dirigido a los alumnos de 5º y 6º de Educación Primaria</p>

<p>CENTRO: COLEGIO JOVELLANOS. VEGADEO Dña. Ana Alonso. Escritora Dña. María Carmen Martínez Rodríguez. Investigadora del CSIC. Autora del libro Historia de una rosa (Ed. Anaya, 2019), libro leído por los &#8230; <a title="Ana Alonso" class="read-more" href="https://www.comunicacionyescuela.es/2021/event/ana-alonso/" aria-label="Leer más sobre Ana Alonso">Leer más</a></p>
