{"id":380,"date":"2021-04-01T17:20:57","date_gmt":"2021-04-01T15:20:57","guid":{"rendered":"https:\/\/comunicacionyescuela.es\/2021\/?post_type=tribe_events&#038;p=380"},"modified":"2021-04-02T15:48:24","modified_gmt":"2021-04-02T13:48:24","slug":"margarita-salas-mujer-y-ciencia-en-el-siglo-xxi","status":"publish","type":"tribe_events","link":"https:\/\/www.comunicacionyescuela.es\/2021\/event\/margarita-salas-mujer-y-ciencia-en-el-siglo-xxi\/","title":{"rendered":"Margarita Salas, mujer y ciencia en el siglo XXI"},"content":{"rendered":"<p>INTERVIENE:<br \/>\n<strong>D\u00f1a. Luc\u00eda Vi\u00f1uela Salas<\/strong>. Hija de Margarita Salas<br \/>\nPRESENTA:<br \/>\n<strong>D. Emilio Garc\u00eda Garc\u00eda<\/strong>. Jefe del Departamento de Filosof\u00eda<br \/>\n<strong>D. Luis Felipe Fern\u00e1ndez Garc\u00eda<\/strong>. Coordinador del Foro<br \/>\nComunicaci\u00f3n y Escuela<br \/>\nConferencia online. 12 horas.<br \/>\nDirigida a los alumnos de 1\u00ba de Bachillerato<br \/>\nPARTICIPA:<br \/>\nInstituto de Educaci\u00f3n Secundaria \u201cElisa y Luis Villamil\u201d. Vegadeo<\/p>\n","protected":false},"excerpt":{"rendered":"<p>INTERVIENE: D\u00f1a. Luc\u00eda Vi\u00f1uela Salas. Hija de Margarita Salas PRESENTA: D. Emilio Garc\u00eda Garc\u00eda. Jefe del Departamento de Filosof\u00eda D. Luis Felipe Fern\u00e1ndez Garc\u00eda. Coordinador del Foro Comunicaci\u00f3n y Escuela &#8230; <a title=\"Margarita Salas, mujer y ciencia en el siglo XXI\" class=\"read-more\" href=\"https:\/\/www.comunicacionyescuela.es\/2021\/event\/margarita-salas-mujer-y-ciencia-en-el-siglo-xxi\/\" aria-label=\"Leer m\u00e1s sobre Margarita Salas, mujer y ciencia en el siglo XXI\">Leer m\u00e1s<\/a><\/p>\n","protected":false},"author":2,"featured_media":0,"comment_status":"open","ping_status":"closed","template":"","meta":{"ngg_post_thumbnail":0,"_tribe_events_status":"","_tribe_events_status_reason":"","footnotes":""},"tags":[],"tribe_events_cat":[30,23],"_EventStartDate":"2021-09-30 12:00:00","_EventEndDate":"2021-09-30 12:00:00","_EventAllDay":"","metadatos":{"_EventOrigin":["events-calendar"],"_tribe_modified_fields":["a:19:{s:12:\"_EventOrigin\";i:1617297515;s:10:\"_edit_last\";i:1617297545;s:10:\"post_title\";i:1617297545;s:11:\"post_status\";i:1617297657;s:12:\"post_content\";i:1617297657;s:16:\"tribe_events_cat\";i:1617371304;s:17:\"_EventShowMapLink\";i:1617378504;s:13:\"_EventShowMap\";i:1617378504;s:15:\"_EventStartDate\";i:1617300121;s:13:\"_EventEndDate\";i:1617300121;s:18:\"_EventStartDateUTC\";i:1617300121;s:16:\"_EventEndDateUTC\";i:1617300121;s:14:\"_EventDuration\";i:1617297658;s:20:\"_EventCurrencySymbol\";i:1617297658;s:22:\"_EventCurrencyPosition\";i:1617297658;s:10:\"_EventCost\";i:1617297658;s:9:\"_EventURL\";i:1617297658;s:14:\"_EventTimezone\";i:1617297658;s:18:\"_EventTimezoneAbbr\";i:1617297658;}"],"_edit_lock":["1617371233:2"],"_edit_last":["2"],"_EventShowMapLink":[""],"_EventShowMap":[""],"_EventStartDate":["2021-09-30 12:00:00"],"_EventEndDate":["2021-09-30 12:00:00"],"_EventStartDateUTC":["2021-09-30 10:00:00"],"_EventEndDateUTC":["2021-09-30 10:00:00"],"_EventDuration":["0"],"_EventCurrencySymbol":[""],"_EventCurrencyPosition":["prefix"],"_EventCost":[""],"_EventURL":[""],"_EventTimezone":["Europe\/Madrid"],"_EventTimezoneAbbr":["CEST"]},"_links":{"self":[{"href":"https:\/\/www.comunicacionyescuela.es\/2021\/wp-json\/wp\/v2\/tribe_events\/380"}],"collection":[{"href":"https:\/\/www.comunicacionyescuela.es\/2021\/wp-json\/wp\/v2\/tribe_events"}],"about":[{"href":"https:\/\/www.comunicacionyescuela.es\/2021\/wp-json\/wp\/v2\/types\/tribe_events"}],"author":[{"embeddable":true,"href":"https:\/\/www.comunicacionyescuela.es\/2021\/wp-json\/wp\/v2\/users\/2"}],"replies":[{"embeddable":true,"href":"https:\/\/www.comunicacionyescuela.es\/2021\/wp-json\/wp\/v2\/comments?post=380"}],"version-history":[{"count":1,"href":"https:\/\/www.comunicacionyescuela.es\/2021\/wp-json\/wp\/v2\/tribe_events\/380\/revisions"}],"predecessor-version":[{"id":381,"href":"https:\/\/www.comunicacionyescuela.es\/2021\/wp-json\/wp\/v2\/tribe_events\/380\/revisions\/381"}],"wp:attachment":[{"href":"https:\/\/www.comunicacionyescuela.es\/2021\/wp-json\/wp\/v2\/media?parent=380"}],"wp:term":[{"taxonomy":"post_tag","embeddable":true,"href":"https:\/\/www.comunicacionyescuela.es\/2021\/wp-json\/wp\/v2\/tags?post=380"},{"taxonomy":"tribe_events_cat","embeddable":true,"href":"https:\/\/www.comunicacionyescuela.es\/2021\/wp-json\/wp\/v2\/tribe_events_cat?post=380"}],"curies":[{"name":"wp","href":"https:\/\/api.w.org\/{rel}","templated":true}]}}

<p>INTERVIENE:<br />
<strong>Dña. Lucía Viñuela Salas</strong>. Hija de Margarita Salas<br />
PRESENTA:<br />
<strong>D. Emilio García García</strong>. Jefe del Departamento de Filosofía<br />
<strong>D. Luis Felipe Fernández García</strong>. Coordinador del Foro<br />
Comunicación y Escuela<br />
Conferencia online. 12 horas.<br />
Dirigida a los alumnos de 1º de Bachillerato<br />
PARTICIPA:<br />
Instituto de Educación Secundaria “Elisa y Luis Villamil”. Vegadeo</p>

<p>INTERVIENE: Dña. Lucía Viñuela Salas. Hija de Margarita Salas PRESENTA: D. Emilio García García. Jefe del Departamento de Filosofía D. Luis Felipe Fernández García. Coordinador del Foro Comunicación y Escuela &#8230; <a title="Margarita Salas, mujer y ciencia en el siglo XXI" class="read-more" href="https://www.comunicacionyescuela.es/2021/event/margarita-salas-mujer-y-ciencia-en-el-siglo-xxi/" aria-label="Leer más sobre Margarita Salas, mujer y ciencia en el siglo XXI">Leer más</a></p>
