{"id":366,"date":"2021-04-01T16:39:13","date_gmt":"2021-04-01T14:39:13","guid":{"rendered":"https:\/\/comunicacionyescuela.es\/2021\/?post_type=tribe_events&#038;p=366"},"modified":"2021-04-01T18:22:21","modified_gmt":"2021-04-01T16:22:21","slug":"diez-ejemplos-de-como-la-ciencia-nos-ha-cambiado-la-vida","status":"publish","type":"tribe_events","link":"https:\/\/www.comunicacionyescuela.es\/2021\/event\/diez-ejemplos-de-como-la-ciencia-nos-ha-cambiado-la-vida\/","title":{"rendered":"Diez ejemplos de c\u00f3mo la ciencia nos ha cambiado la vida"},"content":{"rendered":"<p>INTERVIENE:<br \/>\n<strong>D. Borja S\u00e1nchez<\/strong>. Consejero de Ciencia, Innovaci\u00f3n y<br \/>\nUniversidades del Gobierno de Asturias<br \/>\nGLOSA:<br \/>\n<strong>D\u00f1a. Naiala Guerra Garc\u00eda<\/strong>. Alumna de 2\u00ba Educaci\u00f3n<br \/>\nSecundaria<br \/>\n<strong>D. Manuel V\u00e1zquez<\/strong>. Alumno de 2\u00ba de Educaci\u00f3n Secundaria<br \/>\nPRESENTAN:<br \/>\n<strong>D\u00f1a. Pilar Fern\u00e1ndez Fern\u00e1ndez<\/strong>. Jefa del Departamento de<br \/>\nF\u00edsica y Qu\u00edmica del IES Elisa y Luis Villamil.<br \/>\n<strong>D. Luis Felipe Fern\u00e1ndez Garc\u00eda<\/strong>. Coordinador del Foro<br \/>\nComunicaci\u00f3n y Escuela<br \/>\nConferencia online. 10 horas.<br \/>\nDirigida a los alumnos de 2\u00ba de Educaci\u00f3n Secundaria<br \/>\nPARTICIPA:<br \/>\nInstituto de Educaci\u00f3n Secundaria \u201cElisa y Luis Villamil\u201d.<br \/>\nVegadeo<\/p>\n","protected":false},"excerpt":{"rendered":"<p>INTERVIENE: D. Borja S\u00e1nchez. Consejero de Ciencia, Innovaci\u00f3n y Universidades del Gobierno de Asturias GLOSA: D\u00f1a. Naiala Guerra Garc\u00eda. Alumna de 2\u00ba Educaci\u00f3n Secundaria D. Manuel V\u00e1zquez. Alumno de 2\u00ba &#8230; <a title=\"Diez ejemplos de c\u00f3mo la ciencia nos ha cambiado la vida\" class=\"read-more\" href=\"https:\/\/www.comunicacionyescuela.es\/2021\/event\/diez-ejemplos-de-como-la-ciencia-nos-ha-cambiado-la-vida\/\" aria-label=\"Leer m\u00e1s sobre Diez ejemplos de c\u00f3mo la ciencia nos ha cambiado la vida\">Leer m\u00e1s<\/a><\/p>\n","protected":false},"author":2,"featured_media":0,"comment_status":"open","ping_status":"closed","template":"","meta":{"ngg_post_thumbnail":0,"_tribe_events_status":"","_tribe_events_status_reason":"","footnotes":""},"tags":[],"tribe_events_cat":[26],"_EventStartDate":"2021-04-12 10:00:00","_EventEndDate":"2021-04-12 10:00:00","_EventAllDay":"","metadatos":{"_EventOrigin":["events-calendar"],"_tribe_modified_fields":["a:19:{s:12:\"_EventOrigin\";i:1617294771;s:10:\"_edit_last\";i:1617294810;s:10:\"post_title\";i:1617294810;s:11:\"post_status\";i:1617295153;s:12:\"post_content\";i:1617295153;s:16:\"tribe_events_cat\";i:1617294141;s:17:\"_EventShowMapLink\";i:1617295153;s:13:\"_EventShowMap\";i:1617295153;s:15:\"_EventStartDate\";i:1617295153;s:13:\"_EventEndDate\";i:1617295153;s:18:\"_EventStartDateUTC\";i:1617295153;s:16:\"_EventEndDateUTC\";i:1617295153;s:14:\"_EventDuration\";i:1617295153;s:20:\"_EventCurrencySymbol\";i:1617295153;s:22:\"_EventCurrencyPosition\";i:1617295153;s:10:\"_EventCost\";i:1617295153;s:9:\"_EventURL\";i:1617295153;s:14:\"_EventTimezone\";i:1617295153;s:18:\"_EventTimezoneAbbr\";i:1617295153;}"],"_edit_lock":["1617377311:2"],"_edit_last":["2"],"_EventShowMapLink":[""],"_EventShowMap":[""],"_EventStartDate":["2021-04-12 10:00:00"],"_EventEndDate":["2021-04-12 10:00:00"],"_EventStartDateUTC":["2021-04-12 08:00:00"],"_EventEndDateUTC":["2021-04-12 08:00:00"],"_EventDuration":["0"],"_EventCurrencySymbol":[""],"_EventCurrencyPosition":["prefix"],"_EventCost":[""],"_EventURL":[""],"_EventTimezone":["Europe\/Madrid"],"_EventTimezoneAbbr":["CEST"]},"_links":{"self":[{"href":"https:\/\/www.comunicacionyescuela.es\/2021\/wp-json\/wp\/v2\/tribe_events\/366"}],"collection":[{"href":"https:\/\/www.comunicacionyescuela.es\/2021\/wp-json\/wp\/v2\/tribe_events"}],"about":[{"href":"https:\/\/www.comunicacionyescuela.es\/2021\/wp-json\/wp\/v2\/types\/tribe_events"}],"author":[{"embeddable":true,"href":"https:\/\/www.comunicacionyescuela.es\/2021\/wp-json\/wp\/v2\/users\/2"}],"replies":[{"embeddable":true,"href":"https:\/\/www.comunicacionyescuela.es\/2021\/wp-json\/wp\/v2\/comments?post=366"}],"version-history":[{"count":1,"href":"https:\/\/www.comunicacionyescuela.es\/2021\/wp-json\/wp\/v2\/tribe_events\/366\/revisions"}],"predecessor-version":[{"id":367,"href":"https:\/\/www.comunicacionyescuela.es\/2021\/wp-json\/wp\/v2\/tribe_events\/366\/revisions\/367"}],"wp:attachment":[{"href":"https:\/\/www.comunicacionyescuela.es\/2021\/wp-json\/wp\/v2\/media?parent=366"}],"wp:term":[{"taxonomy":"post_tag","embeddable":true,"href":"https:\/\/www.comunicacionyescuela.es\/2021\/wp-json\/wp\/v2\/tags?post=366"},{"taxonomy":"tribe_events_cat","embeddable":true,"href":"https:\/\/www.comunicacionyescuela.es\/2021\/wp-json\/wp\/v2\/tribe_events_cat?post=366"}],"curies":[{"name":"wp","href":"https:\/\/api.w.org\/{rel}","templated":true}]}}

Diez ejemplos de cómo la ciencia nos ha cambiado la vida

<p>INTERVIENE:<br />
<strong>D. Borja Sánchez</strong>. Consejero de Ciencia, Innovación y<br />
Universidades del Gobierno de Asturias<br />
GLOSA:<br />
<strong>Dña. Naiala Guerra García</strong>. Alumna de 2º Educación<br />
Secundaria<br />
<strong>D. Manuel Vázquez</strong>. Alumno de 2º de Educación Secundaria<br />
PRESENTAN:<br />
<strong>Dña. Pilar Fernández Fernández</strong>. Jefa del Departamento de<br />
Física y Química del IES Elisa y Luis Villamil.<br />
<strong>D. Luis Felipe Fernández García</strong>. Coordinador del Foro<br />
Comunicación y Escuela<br />
Conferencia online. 10 horas.<br />
Dirigida a los alumnos de 2º de Educación Secundaria<br />
PARTICIPA:<br />
Instituto de Educación Secundaria “Elisa y Luis Villamil”.<br />
Vegadeo</p>

<p>INTERVIENE: D. Borja Sánchez. Consejero de Ciencia, Innovación y Universidades del Gobierno de Asturias GLOSA: Dña. Naiala Guerra García. Alumna de 2º Educación Secundaria D. Manuel Vázquez. Alumno de 2º &#8230; <a title="Diez ejemplos de cómo la ciencia nos ha cambiado la vida" class="read-more" href="https://www.comunicacionyescuela.es/2021/event/diez-ejemplos-de-como-la-ciencia-nos-ha-cambiado-la-vida/" aria-label="Leer más sobre Diez ejemplos de cómo la ciencia nos ha cambiado la vida">Leer más</a></p>
